CRAN Package Check Results for Package NeatMap

Last updated on 2015-05-28 07:49:00.

Flavor Version Tinstall Tcheck Ttotal Status Flags
r-devel-linux-x86_64-debian-clang 0.3.6.2 2.23 26.40 28.63 NOTE
r-devel-linux-x86_64-debian-gcc 0.3.6.2 2.52 25.12 27.64 NOTE
r-devel-linux-x86_64-fedora-clang 0.3.6.2 57.20 NOTE
r-devel-linux-x86_64-fedora-gcc 0.3.6.2 53.19 NOTE
r-devel-osx-x86_64-clang 0.3.6.2 50.76 NOTE
r-devel-windows-ix86+x86_64 0.3.6.2 11.00 64.00 75.00 NOTE
r-patched-linux-x86_64 0.3.6.2 2.37 25.31 27.68 NOTE
r-patched-solaris-sparc 0.3.6.2 312.20 NOTE
r-patched-solaris-x86 0.3.6.2 73.20 NOTE
r-release-linux-x86_64 0.3.6.2 2.46 26.01 28.47 NOTE
r-release-osx-x86_64-mavericks 0.3.6.2 NOTE
r-release-osx-x86_64-snowleopard 0.3.6.2 ERROR
r-release-windows-ix86+x86_64 0.3.6.2 11.00 62.00 73.00 NOTE
r-oldrel-windows-ix86+x86_64 0.3.6.2 13.00 92.00 105.00 NOTE

Check Details

Version: 0.3.6.2
Check: compiled code
Result: NOTE
    File ‘NeatMap/libs/NeatMap.so’:
     Found ‘rand’, possibly from ‘rand’ (C)
     Object: ‘nMDS_R.o’
     Found ‘srand’, possibly from ‘srand’ (C)
     Object: ‘nMDS_R.o’
    
    Compiled code should not call entry points which might terminate R nor
    write to stdout/stderr instead of to the console, nor the system RNG.
    
    See ‘Writing portable packages’ in the ‘Writing R Extensions’ manual.
Flavors: r-devel-linux-x86_64-debian-clang, r-devel-linux-x86_64-debian-gcc, r-devel-linux-x86_64-fedora-clang, r-devel-linux-x86_64-fedora-gcc, r-patched-linux-x86_64, r-patched-solaris-sparc, r-patched-solaris-x86, r-release-linux-x86_64

Version: 0.3.6.2
Check: compiled code
Result: NOTE
    File ‘NeatMap/libs/NeatMap.so’:
     Found ‘_rand’, possibly from ‘rand’ (C)
     Object: ‘nMDS_R.o’
     Found ‘_srand’, possibly from ‘srand’ (C)
     Object: ‘nMDS_R.o’
    
    Compiled code should not call entry points which might terminate R nor
    write to stdout/stderr instead of to the console, nor the system RNG.
    
    See ‘Writing portable packages’ in the ‘Writing R Extensions’ manual.
Flavors: r-devel-osx-x86_64-clang, r-release-osx-x86_64-mavericks

Version: 0.3.6.2
Check: compiled code
Result: NOTE
    File 'NeatMap/libs/i386/NeatMap.dll':
     Found 'rand', possibly from 'rand' (C)
     Object: 'nMDS_R.o'
     Found 'srand', possibly from 'srand' (C)
     Object: 'nMDS_R.o'
    File 'NeatMap/libs/x64/NeatMap.dll':
     Found 'rand', possibly from 'rand' (C)
     Object: 'nMDS_R.o'
     Found 'srand', possibly from 'srand' (C)
     Object: 'nMDS_R.o'
    
    Compiled code should not call entry points which might terminate R nor
    write to stdout/stderr instead of to the console, nor the system RNG.
    
    See 'Writing portable packages' in the 'Writing R Extensions' manual.
Flavors: r-devel-windows-ix86+x86_64, r-release-windows-ix86+x86_64, r-oldrel-windows-ix86+x86_64

Version: 0.3.6.2
Check: package dependencies
Result: ERROR
    Package required but not available: ‘ggplot2’
    
    See section ‘The DESCRIPTION file’ in the ‘Writing R Extensions’
    manual.
Flavor: r-release-osx-x86_64-snowleopard