CRAN Package Check Results for Package NeatMap

Last updated on 2014-07-26 08:50:53.

Flavor Version Tinstall Tcheck Ttotal Status Flags
r-devel-linux-x86_64-debian-clang 0.3.6.1 2.52 30.68 33.20 NOTE
r-devel-linux-x86_64-debian-gcc 0.3.6.1 2.82 30.39 33.21 NOTE
r-devel-linux-x86_64-fedora-clang 0.3.6.1 69.29 NOTE
r-devel-linux-x86_64-fedora-gcc 0.3.6.1 66.86 NOTE
r-devel-osx-x86_64-clang 0.3.6.1 56.98 NOTE
r-devel-windows-ix86+x86_64 0.3.6.1 12.00 70.00 82.00 NOTE
r-patched-linux-x86_64 0.3.6.1 2.91 30.83 33.74 NOTE
r-patched-solaris-sparc 0.3.6.1 365.00 NOTE
r-patched-solaris-x86 0.3.6.1 80.90 NOTE
r-release-linux-ix86 0.3.6.1 3.83 41.42 45.25 NOTE
r-release-linux-x86_64 0.3.6.1 2.94 30.30 33.24 NOTE
r-release-osx-x86_64-mavericks 0.3.6.1 NOTE
r-release-osx-x86_64-snowleopard 0.3.6.1 NOTE
r-release-windows-ix86+x86_64 0.3.6.1 11.00 69.00 80.00 NOTE
r-oldrel-windows-ix86+x86_64 0.3.6.1 11.00 71.00 82.00 NOTE

Check Details

Version: 0.3.6.1
Check: dependencies in R code
Result: NOTE
    Packages in Depends field not imported from:
     ‘ggplot2’ ‘rgl’
     These packages need to be imported from (in the NAMESPACE file)
     for when this namespace is loaded but not attached.
    See the information on DESCRIPTION files in the chapter ‘Creating R
    packages’ of the ‘Writing R Extensions’ manual.
Flavors: r-devel-linux-x86_64-debian-clang, r-devel-linux-x86_64-debian-gcc, r-devel-linux-x86_64-fedora-clang, r-devel-linux-x86_64-fedora-gcc, r-devel-osx-x86_64-clang, r-devel-windows-ix86+x86_64, r-patched-linux-x86_64, r-patched-solaris-sparc, r-patched-solaris-x86, r-release-linux-ix86, r-release-linux-x86_64, r-release-osx-x86_64-mavericks, r-release-windows-ix86+x86_64, r-oldrel-windows-ix86+x86_64

Version: 0.3.6.1
Check: Rd line widths
Result: NOTE
    Rd file 'heatmap1.Rd':
     \usage lines wider than 90 characters:
     row.label.size = 3, column.label.size = 3,row.normalize=F, row.random.seed=NULL,column.random.seed=NULL)
    
    These lines will be truncated in the PDF manual.
Flavors: r-devel-linux-x86_64-fedora-clang, r-devel-linux-x86_64-fedora-gcc

Version: 0.3.6.1
Check: dependencies in R code
Result: NOTE
    Packages in Depends field not imported from:
     ‘ggplot2’ ‘rgl’
     These packages need to be imported from for the case when
     this namespace is loaded but not attached.
    See the information on DESCRIPTION files in the chapter ‘Creating R
    packages’ of the ‘Writing R Extensions’ manual.
Flavor: r-release-osx-x86_64-snowleopard