CRAN Package Check Results for Package NeatMap

Last updated on 2014-10-23 03:48:51.

Flavor Version Tinstall Tcheck Ttotal Status Flags
r-devel-linux-x86_64-debian-clang 0.3.6.2 2.48 31.80 34.28 NOTE
r-devel-linux-x86_64-debian-gcc 0.3.6.2 2.74 33.21 35.94 NOTE
r-devel-linux-x86_64-fedora-clang 0.3.6.2 73.78 NOTE
r-devel-linux-x86_64-fedora-gcc 0.3.6.2 67.98 NOTE
r-devel-osx-x86_64-clang 0.3.6.2 61.80 NOTE
r-devel-windows-ix86+x86_64 0.3.6.2 11.00 70.00 81.00 NOTE
r-patched-linux-x86_64 0.3.6.2 2.86 33.74 36.60 NOTE
r-patched-solaris-sparc 0.3.6.2 396.10 NOTE
r-patched-solaris-x86 0.3.6.2 89.50 NOTE
r-release-linux-ix86 0.3.6.2 3.89 42.31 46.20 OK
r-release-linux-x86_64 0.3.6.2 2.90 33.91 36.81 OK
r-release-osx-x86_64-mavericks 0.3.6.2 OK
r-release-osx-x86_64-snowleopard 0.3.6.2 OK
r-release-windows-ix86+x86_64 0.3.6.2 13.00 77.00 90.00 OK
r-oldrel-windows-ix86+x86_64 0.3.6.2 12.00 72.00 84.00 OK

Check Details

Version: 0.3.6.2
Check: compiled code
Result: NOTE
    File ‘NeatMap/libs/NeatMap.so’:
     Found ‘rand’, possibly from ‘rand’ (C)
     Object: ‘nMDS_R.o’
     Found ‘srand’, possibly from ‘srand’ (C)
     Object: ‘nMDS_R.o’
    
    Compiled code should not call entry points which might terminate R nor
    write to stdout/stderr instead of to the console, nor the C RNG.
    
    See ‘Writing portable packages’ in the ‘Writing R Extensions’ manual.
Flavors: r-devel-linux-x86_64-debian-clang, r-devel-linux-x86_64-debian-gcc, r-devel-linux-x86_64-fedora-clang, r-devel-linux-x86_64-fedora-gcc, r-patched-linux-x86_64, r-patched-solaris-sparc, r-patched-solaris-x86

Version: 0.3.6.2
Check: compiled code
Result: NOTE
    File ‘NeatMap/libs/NeatMap.so’:
     Found ‘_rand’, possibly from ‘rand’ (C)
     Object: ‘nMDS_R.o’
     Found ‘_srand’, possibly from ‘srand’ (C)
     Object: ‘nMDS_R.o’
    
    Compiled code should not call entry points which might terminate R nor
    write to stdout/stderr instead of to the console, nor the C RNG.
    
    See ‘Writing portable packages’ in the ‘Writing R Extensions’ manual.
Flavor: r-devel-osx-x86_64-clang

Version: 0.3.6.2
Check: compiled code
Result: NOTE
    File 'NeatMap/libs/i386/NeatMap.dll':
     Found 'rand', possibly from 'rand' (C)
     Object: 'nMDS_R.o'
     Found 'srand', possibly from 'srand' (C)
     Object: 'nMDS_R.o'
    File 'NeatMap/libs/x64/NeatMap.dll':
     Found 'rand', possibly from 'rand' (C)
     Object: 'nMDS_R.o'
     Found 'srand', possibly from 'srand' (C)
     Object: 'nMDS_R.o'
    
    Compiled code should not call entry points which might terminate R nor
    write to stdout/stderr instead of to the console, nor the C RNG.
    
    See 'Writing portable packages' in the 'Writing R Extensions' manual.
Flavor: r-devel-windows-ix86+x86_64