CRAN Package Check Results for Package NeatMap

Last updated on 2015-08-30 23:47:49.

Flavor Version Tinstall Tcheck Ttotal Status Flags
r-devel-linux-x86_64-debian-clang 0.3.6.2 2.13 26.03 28.16 NOTE
r-devel-linux-x86_64-debian-gcc 0.3.6.2 2.31 25.60 27.92 NOTE
r-devel-linux-x86_64-fedora-clang 0.3.6.2 52.86 NOTE
r-devel-linux-x86_64-fedora-gcc 0.3.6.2 51.07 NOTE
r-devel-osx-x86_64-clang 0.3.6.2 45.44 NOTE
r-devel-windows-ix86+x86_64 0.3.6.2 18.00 67.00 85.00 NOTE
r-patched-linux-x86_64 0.3.6.2 2.47 26.14 28.61 NOTE
r-patched-solaris-sparc 0.3.6.2 328.00 NOTE
r-patched-solaris-x86 0.3.6.2 79.70 NOTE
r-release-linux-x86_64 0.3.6.2 2.47 26.34 28.81 NOTE
r-release-osx-x86_64-mavericks 0.3.6.2 NOTE
r-release-windows-ix86+x86_64 0.3.6.2 14.00 68.00 82.00 NOTE
r-oldrel-windows-ix86+x86_64 0.3.6.2 21.00 101.00 122.00 NOTE

Check Details

Version: 0.3.6.2
Check: R code for possible problems
Result: NOTE
    data.reduction: no visible global function definition for ‘prcomp’
    data.reduction: no visible global function definition for ‘hclust’
    data.reduction: no visible global function definition for ‘as.dist’
    data.reduction: no visible global function definition for ‘cor’
    data.reduction: no visible global function definition for ‘dist’
    heatmap1: no visible global function definition for ‘sd’
    lineplot: no visible global function definition for ‘sd’
    normalize: no visible global function definition for ‘sd’
    profileplot3d : ColorFunction: no visible global function definition
     for ‘rgb’
    profileplot3d : ColorFunction: no visible global function definition
     for ‘colorRamp’
    profileplot3d: no visible global function definition for ‘sd’
    profileplot3d: no visible global function definition for ‘gray’
    Undefined global functions or variables:
     as.dist colorRamp cor dist gray hclust prcomp rgb sd
    Consider adding
     importFrom("grDevices", "colorRamp", "gray", "rgb")
     importFrom("stats", "as.dist", "cor", "dist", "hclust", "prcomp", "sd")
    to your NAMESPACE.
Flavors: r-devel-linux-x86_64-debian-clang, r-devel-linux-x86_64-debian-gcc, r-devel-linux-x86_64-fedora-clang, r-devel-linux-x86_64-fedora-gcc, r-devel-windows-ix86+x86_64

Version: 0.3.6.2
Check: compiled code
Result: NOTE
    File ‘NeatMap/libs/NeatMap.so’:
     Found ‘rand’, possibly from ‘rand’ (C)
     Object: ‘nMDS_R.o’
     Found ‘srand’, possibly from ‘srand’ (C)
     Object: ‘nMDS_R.o’
    
    Compiled code should not call entry points which might terminate R nor
    write to stdout/stderr instead of to the console, nor the system RNG.
    
    See ‘Writing portable packages’ in the ‘Writing R Extensions’ manual.
Flavors: r-devel-linux-x86_64-debian-clang, r-devel-linux-x86_64-debian-gcc, r-devel-linux-x86_64-fedora-clang, r-devel-linux-x86_64-fedora-gcc, r-patched-linux-x86_64, r-patched-solaris-sparc, r-patched-solaris-x86, r-release-linux-x86_64

Version: 0.3.6.2
Check: compiled code
Result: NOTE
    File ‘NeatMap/libs/NeatMap.so’:
     Found ‘_rand’, possibly from ‘rand’ (C)
     Object: ‘nMDS_R.o’
     Found ‘_srand’, possibly from ‘srand’ (C)
     Object: ‘nMDS_R.o’
    
    Compiled code should not call entry points which might terminate R nor
    write to stdout/stderr instead of to the console, nor the system RNG.
    
    See ‘Writing portable packages’ in the ‘Writing R Extensions’ manual.
Flavors: r-devel-osx-x86_64-clang, r-release-osx-x86_64-mavericks

Version: 0.3.6.2
Check: compiled code
Result: NOTE
    File 'NeatMap/libs/i386/NeatMap.dll':
     Found 'rand', possibly from 'rand' (C)
     Object: 'nMDS_R.o'
     Found 'srand', possibly from 'srand' (C)
     Object: 'nMDS_R.o'
    File 'NeatMap/libs/x64/NeatMap.dll':
     Found 'rand', possibly from 'rand' (C)
     Object: 'nMDS_R.o'
     Found 'srand', possibly from 'srand' (C)
     Object: 'nMDS_R.o'
    
    Compiled code should not call entry points which might terminate R nor
    write to stdout/stderr instead of to the console, nor the system RNG.
    
    See 'Writing portable packages' in the 'Writing R Extensions' manual.
Flavors: r-devel-windows-ix86+x86_64, r-release-windows-ix86+x86_64, r-oldrel-windows-ix86+x86_64