CRAN Package Check Results for Package NeatMap

Last updated on 2015-04-24 23:46:44.

Flavor Version Tinstall Tcheck Ttotal Status Flags
r-devel-linux-x86_64-debian-clang 0.3.6.2 2.16 25.25 27.40 NOTE
r-devel-linux-x86_64-debian-gcc 0.3.6.2 2.46 25.64 28.11 NOTE
r-devel-linux-x86_64-fedora-clang 0.3.6.2 55.67 NOTE
r-devel-linux-x86_64-fedora-gcc 0.3.6.2 58.10 NOTE
r-devel-osx-x86_64-clang 0.3.6.2 52.90 NOTE
r-devel-windows-ix86+x86_64 0.3.6.2 11.00 61.00 72.00 NOTE
r-patched-linux-x86_64 0.3.6.2 2.50 24.86 27.36 NOTE
r-patched-solaris-sparc 0.3.6.2 338.80 NOTE
r-patched-solaris-x86 0.3.6.2 68.20 NOTE
r-release-linux-x86_64 0.3.6.2 2.40 25.78 28.18 NOTE
r-release-osx-x86_64-mavericks 0.3.6.2 NOTE
r-release-osx-x86_64-snowleopard 0.3.6.2 ERROR
r-release-windows-ix86+x86_64 0.3.6.2 11.00 61.00 72.00 NOTE
r-oldrel-windows-ix86+x86_64 0.3.6.2 11.00 75.00 86.00 NOTE

Check Details

Version: 0.3.6.2
Check: compiled code
Result: NOTE
    File ‘NeatMap/libs/NeatMap.so’:
     Found ‘rand’, possibly from ‘rand’ (C)
     Object: ‘nMDS_R.o’
     Found ‘srand’, possibly from ‘srand’ (C)
     Object: ‘nMDS_R.o’
    
    Compiled code should not call entry points which might terminate R nor
    write to stdout/stderr instead of to the console, nor the system RNG.
    
    See ‘Writing portable packages’ in the ‘Writing R Extensions’ manual.
Flavors: r-devel-linux-x86_64-debian-gcc, r-patched-linux-x86_64

Version: 0.3.6.2
Check: compiled code
Result: NOTE
    File 'NeatMap/libs/i386/NeatMap.dll':
     Found 'rand', possibly from 'rand' (C)
     Object: 'nMDS_R.o'
     Found 'srand', possibly from 'srand' (C)
     Object: 'nMDS_R.o'
    File 'NeatMap/libs/x64/NeatMap.dll':
     Found 'rand', possibly from 'rand' (C)
     Object: 'nMDS_R.o'
     Found 'srand', possibly from 'srand' (C)
     Object: 'nMDS_R.o'
    
    Compiled code should not call entry points which might terminate R nor
    write to stdout/stderr instead of to the console, nor the system RNG.
    
    See 'Writing portable packages' in the 'Writing R Extensions' manual.
Flavors: r-devel-windows-ix86+x86_64, r-release-windows-ix86+x86_64, r-oldrel-windows-ix86+x86_64