CRAN Package Check Results for Package NeatMap

Last updated on 2019-04-20 10:47:48 CEST.

Flavor Version Tinstall Tcheck Ttotal Status Flags
r-devel-linux-x86_64-debian-clang 0.3.6.2 7.85 54.23 62.08 NOTE
r-devel-linux-x86_64-debian-gcc 0.3.6.2 7.15 44.59 51.74 NOTE
r-devel-linux-x86_64-fedora-clang 0.3.6.2 73.15 NOTE
r-devel-linux-x86_64-fedora-gcc 0.3.6.2 69.56 NOTE
r-devel-windows-ix86+x86_64 0.3.6.2 31.00 106.00 137.00 NOTE
r-patched-linux-x86_64 0.3.6.2 7.59 52.12 59.71 NOTE
r-patched-solaris-x86 0.3.6.2 114.10 NOTE
r-release-linux-x86_64 0.3.6.2 6.14 53.91 60.05 NOTE
r-release-windows-ix86+x86_64 0.3.6.2 15.00 116.00 131.00 NOTE
r-release-osx-x86_64 0.3.6.2 NOTE
r-oldrel-windows-ix86+x86_64 0.3.6.2 24.00 167.00 191.00 NOTE
r-oldrel-osx-x86_64 0.3.6.2 NOTE

Check Details

Version: 0.3.6.2
Check: R code for possible problems
Result: NOTE
    data.reduction: no visible global function definition for 'prcomp'
    data.reduction: no visible global function definition for 'hclust'
    data.reduction: no visible global function definition for 'as.dist'
    data.reduction: no visible global function definition for 'cor'
    data.reduction: no visible global function definition for 'dist'
    heatmap1: no visible global function definition for 'sd'
    lineplot: no visible global function definition for 'sd'
    normalize: no visible global function definition for 'sd'
    profileplot3d : ColorFunction: no visible global function definition
     for 'rgb'
    profileplot3d : ColorFunction: no visible global function definition
     for 'colorRamp'
    profileplot3d: no visible global function definition for 'sd'
    profileplot3d: no visible global function definition for 'gray'
    Undefined global functions or variables:
     as.dist colorRamp cor dist gray hclust prcomp rgb sd
    Consider adding
     importFrom("grDevices", "colorRamp", "gray", "rgb")
     importFrom("stats", "as.dist", "cor", "dist", "hclust", "prcomp", "sd")
    to your NAMESPACE file.
Flavors: r-devel-linux-x86_64-debian-clang, r-devel-linux-x86_64-debian-gcc, r-devel-linux-x86_64-fedora-clang, r-devel-linux-x86_64-fedora-gcc, r-devel-windows-ix86+x86_64, r-patched-linux-x86_64, r-patched-solaris-x86, r-release-linux-x86_64, r-release-windows-ix86+x86_64, r-release-osx-x86_64, r-oldrel-windows-ix86+x86_64, r-oldrel-osx-x86_64

Version: 0.3.6.2
Check: compiled code
Result: NOTE
    File 'NeatMap/libs/NeatMap.so':
     Found 'rand', possibly from 'rand' (C)
     Object: 'nMDS_R.o'
     Found 'srand', possibly from 'srand' (C)
     Object: 'nMDS_R.o'
    
    Compiled code should not call entry points which might terminate R nor
    write to stdout/stderr instead of to the console, nor use Fortran I/O
    nor system RNGs.
    
    See 'Writing portable packages' in the 'Writing R Extensions' manual.
Flavors: r-devel-linux-x86_64-debian-clang, r-devel-linux-x86_64-debian-gcc, r-patched-linux-x86_64, r-patched-solaris-x86, r-release-linux-x86_64

Version: 0.3.6.2
Check: compiled code
Result: NOTE
    File ‘NeatMap/libs/NeatMap.so’:
     Found ‘rand’, possibly from ‘rand’ (C)
     Object: ‘nMDS_R.o’
     Found ‘srand’, possibly from ‘srand’ (C)
     Object: ‘nMDS_R.o’
    File ‘NeatMap/libs/NeatMap.so’:
     Found no calls to: ‘R_registerRoutines’, ‘R_useDynamicSymbols’
    
    Compiled code should not call entry points which might terminate R nor
    write to stdout/stderr instead of to the console, nor use Fortran I/O
    nor system RNGs.
    It is good practice to register native routines and to disable symbol
    search.
    
    See ‘Writing portable packages’ in the ‘Writing R Extensions’ manual.
Flavors: r-devel-linux-x86_64-fedora-clang, r-devel-linux-x86_64-fedora-gcc

Version: 0.3.6.2
Check: compiled code
Result: NOTE
    File 'NeatMap/libs/i386/NeatMap.dll':
     Found 'rand', possibly from 'rand' (C)
     Object: 'nMDS_R.o'
     Found 'srand', possibly from 'srand' (C)
     Object: 'nMDS_R.o'
    File 'NeatMap/libs/x64/NeatMap.dll':
     Found 'rand', possibly from 'rand' (C)
     Object: 'nMDS_R.o'
     Found 'srand', possibly from 'srand' (C)
     Object: 'nMDS_R.o'
    
    Compiled code should not call entry points which might terminate R nor
    write to stdout/stderr instead of to the console, nor use Fortran I/O
    nor system RNGs.
    
    See 'Writing portable packages' in the 'Writing R Extensions' manual.
Flavors: r-devel-windows-ix86+x86_64, r-release-windows-ix86+x86_64, r-oldrel-windows-ix86+x86_64

Version: 0.3.6.2
Check: compiled code
Result: NOTE
    File ‘NeatMap/libs/NeatMap.so’:
     Found ‘_rand’, possibly from ‘rand’ (C)
     Object: ‘nMDS_R.o’
     Found ‘_srand’, possibly from ‘srand’ (C)
     Object: ‘nMDS_R.o’
    
    Compiled code should not call entry points which might terminate R nor
    write to stdout/stderr instead of to the console, nor use Fortran I/O
    nor system RNGs.
    
    See ‘Writing portable packages’ in the ‘Writing R Extensions’ manual.
Flavor: r-release-osx-x86_64

Version: 0.3.6.2
Check: compiled code
Result: NOTE
    File ‘NeatMap/libs/NeatMap.so’:
     Found ‘_rand’, possibly from ‘rand’ (C)
     Object: ‘nMDS_R.o’
     Found ‘_srand’, possibly from ‘srand’ (C)
     Object: ‘nMDS_R.o’
    
    Compiled code should not call entry points which might terminate R nor
    write to stdout/stderr instead of to the console, nor the system RNG.
    
    See ‘Writing portable packages’ in the ‘Writing R Extensions’ manual.
Flavor: r-oldrel-osx-x86_64