CRAN Package Check Results for Package NeatMap

Last updated on 2014-11-29 08:53:23.

Flavor Version Tinstall Tcheck Ttotal Status Flags
r-devel-linux-x86_64-debian-clang 0.3.6.2 2.51 31.79 34.30 NOTE
r-devel-linux-x86_64-debian-gcc 0.3.6.2 2.72 31.91 34.63 NOTE
r-devel-linux-x86_64-fedora-clang 0.3.6.2 76.33 NOTE
r-devel-linux-x86_64-fedora-gcc 0.3.6.2 74.39 NOTE
r-devel-osx-x86_64-clang 0.3.6.2 62.56 NOTE
r-devel-windows-ix86+x86_64 0.3.6.2 12.00 72.00 84.00 NOTE
r-patched-linux-x86_64 0.3.6.2 3.21 33.34 36.54 NOTE
r-patched-solaris-sparc 0.3.6.2 396.10 NOTE
r-patched-solaris-x86 0.3.6.2 87.00 NOTE
r-release-linux-ix86 0.3.6.2 3.65 41.24 44.90 NOTE
r-release-linux-x86_64 0.3.6.2 3.05 33.99 37.04 NOTE
r-release-osx-x86_64-mavericks 0.3.6.2 OK
r-release-osx-x86_64-snowleopard 0.3.6.2 OK
r-release-windows-ix86+x86_64 0.3.6.2 13.00 75.00 88.00 NOTE
r-oldrel-windows-ix86+x86_64 0.3.6.2 13.00 75.00 88.00 OK

Check Details

Version: 0.3.6.2
Check: compiled code
Result: NOTE
    File ‘NeatMap/libs/NeatMap.so’:
     Found ‘rand’, possibly from ‘rand’ (C)
     Object: ‘nMDS_R.o’
     Found ‘srand’, possibly from ‘srand’ (C)
     Object: ‘nMDS_R.o’
    
    Compiled code should not call entry points which might terminate R nor
    write to stdout/stderr instead of to the console, nor the C RNG.
    
    See ‘Writing portable packages’ in the ‘Writing R Extensions’ manual.
Flavors: r-devel-linux-x86_64-debian-clang, r-devel-linux-x86_64-debian-gcc, r-devel-linux-x86_64-fedora-clang, r-devel-linux-x86_64-fedora-gcc, r-patched-linux-x86_64, r-patched-solaris-sparc, r-patched-solaris-x86, r-release-linux-ix86, r-release-linux-x86_64

Version: 0.3.6.2
Check: compiled code
Result: NOTE
    File ‘NeatMap/libs/NeatMap.so’:
     Found ‘_rand’, possibly from ‘rand’ (C)
     Object: ‘nMDS_R.o’
     Found ‘_srand’, possibly from ‘srand’ (C)
     Object: ‘nMDS_R.o’
    
    Compiled code should not call entry points which might terminate R nor
    write to stdout/stderr instead of to the console, nor the C RNG.
    
    See ‘Writing portable packages’ in the ‘Writing R Extensions’ manual.
Flavor: r-devel-osx-x86_64-clang

Version: 0.3.6.2
Check: compiled code
Result: NOTE
    File 'NeatMap/libs/i386/NeatMap.dll':
     Found 'rand', possibly from 'rand' (C)
     Object: 'nMDS_R.o'
     Found 'srand', possibly from 'srand' (C)
     Object: 'nMDS_R.o'
    File 'NeatMap/libs/x64/NeatMap.dll':
     Found 'rand', possibly from 'rand' (C)
     Object: 'nMDS_R.o'
     Found 'srand', possibly from 'srand' (C)
     Object: 'nMDS_R.o'
    
    Compiled code should not call entry points which might terminate R nor
    write to stdout/stderr instead of to the console, nor the C RNG.
    
    See 'Writing portable packages' in the 'Writing R Extensions' manual.
Flavors: r-devel-windows-ix86+x86_64, r-release-windows-ix86+x86_64