CRAN Package Check Results for Package NeatMap

Last updated on 2014-04-20 09:48:19.

Flavor Version Tinstall Tcheck Ttotal Status Flags
r-devel-linux-x86_64-debian-clang 0.3.6.1 3.00 33.30 36.31 NOTE
r-devel-linux-x86_64-debian-gcc 0.3.6.1 3.03 33.86 36.88 NOTE
r-devel-linux-x86_64-fedora-clang 0.3.6.1 72.59 NOTE
r-devel-linux-x86_64-fedora-gcc 0.3.6.1 68.62 NOTE
r-devel-macosx-x86_64-clang 0.3.6.1 66.34 NOTE
r-devel-macosx-x86_64-gcc 0.3.6.1 ERROR
r-devel-windows-ix86+x86_64 0.3.6.1 13.00 71.00 84.00 NOTE
r-patched-linux-x86_64 0.3.6.1 3.09 33.68 36.77 NOTE
r-patched-solaris-sparc 0.3.6.1 365.00 NOTE
r-patched-solaris-x86 0.3.6.1 83.90 NOTE
r-release-linux-ix86 NOTE
r-release-linux-x86_64 0.3.6.1 2.99 33.53 36.52 NOTE
r-release-macosx-x86_64 0.3.6.1 NOTE
r-release-windows-ix86+x86_64 0.3.6.1 16.00 73.00 89.00 NOTE
r-oldrel-windows-ix86+x86_64 0.3.6.1 11.00 74.00 85.00 NOTE

Check Details

Version: 0.3.6.1
Check: dependencies in R code
Result: NOTE
    Packages in Depends field not imported from:
     ‘ggplot2’ ‘rgl’
     These packages need to be imported from (in the NAMESPACE file)
     for when this namespace is loaded but not attached.
    See the information on DESCRIPTION files in the chapter ‘Creating R
    packages’ of the ‘Writing R Extensions’ manual.
Flavors: r-devel-linux-x86_64-debian-clang, r-devel-linux-x86_64-debian-gcc, r-devel-linux-x86_64-fedora-clang, r-devel-linux-x86_64-fedora-gcc, r-devel-macosx-x86_64-clang, r-devel-windows-ix86+x86_64, r-patched-linux-x86_64, r-patched-solaris-sparc, r-patched-solaris-x86, r-release-linux-ix86, r-release-linux-x86_64, r-release-windows-ix86+x86_64, r-oldrel-windows-ix86+x86_64

Version: 0.3.6.1
Check: Rd line widths
Result: NOTE
    Rd file 'heatmap1.Rd':
     \usage lines wider than 90 characters:
     row.label.size = 3, column.label.size = 3,row.normalize=F, row.random.seed=NULL,column.random.seed=NULL)
    
    These lines will be truncated in the PDF manual.
Flavors: r-devel-linux-x86_64-fedora-clang, r-devel-linux-x86_64-fedora-gcc

Version: 0.3.6.1
Check: package dependencies
Result: ERROR
    Package required but not available: ‘ggplot2’
    
    See the information on DESCRIPTION files in the chapter ‘Creating R
    packages’ of the ‘Writing R Extensions’ manual.
Flavor: r-devel-macosx-x86_64-gcc

Version: 0.3.6.1
Check: dependencies in R code
Result: NOTE
    Packages in Depends field not imported from:
     ‘ggplot2’ ‘rgl’
     These packages need to be imported from for the case when
     this namespace is loaded but not attached.
    See the information on DESCRIPTION files in the chapter ‘Creating R
    packages’ of the ‘Writing R Extensions’ manual.
Flavor: r-release-macosx-x86_64