CRAN Package Check Results for Package NestedCohort

Last updated on 2014-04-23 17:47:49.

Flavor Version Tinstall Tcheck Ttotal Status Flags
r-devel-linux-x86_64-debian-clang 1.1-3 0.88 17.12 17.99 NOTE
r-devel-linux-x86_64-debian-gcc 1.1-3 0.86 16.90 17.76 NOTE
r-devel-linux-x86_64-fedora-clang 1.1-3 35.75 NOTE
r-devel-linux-x86_64-fedora-gcc 1.1-3 33.60 NOTE
r-devel-osx-x86_64-clang 1.1-3 38.15 NOTE
r-devel-osx-x86_64-gcc 1.1-3 NOTE
r-devel-windows-ix86+x86_64 1.1-3 3.00 28.00 31.00 NOTE
r-patched-linux-x86_64 1.1-3 0.86 16.60 17.46 NOTE
r-patched-solaris-sparc 1.1-3 194.40 NOTE
r-patched-solaris-x86 1.1-3 48.20 NOTE
r-release-linux-ix86 1.1-3 2.00 35.00 37.00 NOTE
r-release-linux-x86_64 1.1-3 0.85 16.42 17.27 NOTE
r-release-osx-x86_64-mavericks 1.1-3 WARN
r-release-osx-x86_64-snowleopard 1.1-3 NOTE
r-release-windows-ix86+x86_64 1.1-3 3.00 27.00 30.00 NOTE
r-oldrel-windows-ix86+x86_64 1.1-3 4.00 30.00 34.00 NOTE

Check Details

Version: 1.1-3
Check: dependencies in R code
Result: NOTE
    'library' or 'require' call to ‘MASS’ which was already attached by Depends.
     Please remove these calls from your code.
    See the information on DESCRIPTION files in the chapter ‘Creating R
    packages’ of the ‘Writing R Extensions’ manual.
Flavors: r-devel-linux-x86_64-debian-clang, r-devel-linux-x86_64-debian-gcc, r-devel-linux-x86_64-fedora-clang, r-devel-linux-x86_64-fedora-gcc, r-devel-osx-x86_64-clang, r-devel-osx-x86_64-gcc, r-devel-windows-ix86+x86_64, r-patched-linux-x86_64, r-patched-solaris-sparc, r-patched-solaris-x86, r-release-linux-ix86, r-release-linux-x86_64, r-release-osx-x86_64-mavericks, r-release-osx-x86_64-snowleopard, r-release-windows-ix86+x86_64, r-oldrel-windows-ix86+x86_64

Version: 1.1-3
Check: re-building of vignette outputs
Result: NOTE
    Error in re-building vignettes:
     ...
    Loading required package: survival
    Loading required package: splines
    Loading required package: MASS
    Error in texi2dvi(file = file, pdf = TRUE, clean = clean, quiet = quiet, :
     Running 'texi2dvi' on 'NestedCohort.tex' failed.
    LaTeX errors:
    ! LaTeX Error: File `fullpage.sty' not found.
    
    Type X to quit or <RETURN> to proceed,
    or enter new name. (Default extension: sty)
    
    /vign_test/NestedCohort/vignettes/NestedCohort.tex:8: ==> Fatal error occurred
    , no output PDF file produced!
    Calls: buildVignettes -> texi2pdf -> texi2dvi
    Execution halted
Flavor: r-release-osx-x86_64-mavericks

Version: 1.1-3
Check: PDF version of manual
Result: WARNING
    LaTeX errors when creating PDF version.
    This typically indicates Rd problems.
    LaTeX errors found:
    ! LaTeX Error: File `upquote.sty' not found.
    
    Type X to quit or <RETURN> to proceed,
    or enter new name. (Default extension: sty)
    
    54289fa3/Rd2.tex:8: ==> Fatal error occurred, no output PDF file produced!
Flavor: r-release-osx-x86_64-mavericks

Version: 1.1-3
Check: re-building of vignette outputs
Result: NOTE
    Error in re-building vignettes:
     ...
    Loading required package: survival
    Loading required package: splines
    Loading required package: MASS
    Error in texi2dvi(file = file, pdf = TRUE, clean = clean, quiet = quiet, :
     Running 'texi2dvi' on 'NestedCohort.tex' failed.
    LaTeX errors:
    ! LaTeX Error: File `fullpage.sty' not found.
    
    Type X to quit or <RETURN> to proceed,
    or enter new name. (Default extension: sty)
    Calls: buildVignettes -> texi2pdf -> texi2dvi
    Execution halted
Flavor: r-release-osx-x86_64-snowleopard