CRAN Package Check Results for Package NestedCohort

Last updated on 2015-01-27 23:51:15.

Flavor Version Tinstall Tcheck Ttotal Status Flags
r-devel-linux-x86_64-debian-clang 1.1-3 0.84 16.02 16.86 NOTE
r-devel-linux-x86_64-debian-gcc 1.1-3 0.78 16.50 17.28 NOTE
r-devel-linux-x86_64-fedora-clang 1.1-3 38.30 NOTE
r-devel-linux-x86_64-fedora-gcc 1.1-3 37.32 NOTE
r-devel-osx-x86_64-clang 1.1-3 43.22 NOTE
r-devel-windows-ix86+x86_64 1.1-3 5.00 27.00 32.00 NOTE
r-patched-linux-x86_64 1.1-3 0.85 17.96 18.82 NOTE
r-patched-solaris-sparc 1.1-3 232.00 NOTE
r-patched-solaris-x86 1.1-3 50.20 NOTE
r-release-linux-ix86 1.1-3 1.22 3.36 4.59 OK
r-release-linux-x86_64 1.1-3 0.89 17.77 18.66 NOTE
r-release-osx-x86_64-mavericks 1.1-3 NOTE
r-release-osx-x86_64-snowleopard 1.1-3 NOTE
r-release-windows-ix86+x86_64 1.1-3 4.00 31.00 35.00 NOTE
r-oldrel-windows-ix86+x86_64 1.1-3 4.00 29.00 33.00 NOTE

Check Details

Version: 1.1-3
Check: dependencies in R code
Result: NOTE
    'library' or 'require' call to ‘MASS’ which was already attached by Depends.
     Please remove these calls from your code.
Flavors: r-devel-linux-x86_64-debian-clang, r-devel-linux-x86_64-debian-gcc, r-devel-linux-x86_64-fedora-clang, r-devel-linux-x86_64-fedora-gcc, r-devel-osx-x86_64-clang, r-devel-windows-ix86+x86_64

Version: 1.1-3
Check: files in ‘vignettes’
Result: NOTE
    The following files look like leftovers/mistakes:
     ‘Rplots.pdf’, ‘Rplots.ps’
    Please remove them from your package.
Flavors: r-devel-linux-x86_64-debian-clang, r-devel-linux-x86_64-debian-gcc, r-devel-linux-x86_64-fedora-clang, r-devel-linux-x86_64-fedora-gcc, r-devel-osx-x86_64-clang, r-devel-windows-ix86+x86_64, r-patched-linux-x86_64, r-patched-solaris-sparc, r-patched-solaris-x86, r-release-linux-x86_64, r-release-osx-x86_64-mavericks, r-release-windows-ix86+x86_64

Version: 1.1-3
Check: dependencies in R code
Result: NOTE
    'library' or 'require' call to ‘MASS’ which was already attached by Depends.
     Please remove these calls from your code.
    See the information on DESCRIPTION files in the chapter ‘Creating R
    packages’ of the ‘Writing R Extensions’ manual.
Flavors: r-patched-linux-x86_64, r-patched-solaris-sparc, r-patched-solaris-x86, r-release-linux-x86_64, r-release-osx-x86_64-mavericks, r-release-osx-x86_64-snowleopard, r-release-windows-ix86+x86_64, r-oldrel-windows-ix86+x86_64

Version: 1.1-3
Check: re-building of vignette outputs
Result: NOTE
    Error in re-building vignettes:
     ...
    Loading required package: survival
    Loading required package: splines
    Loading required package: MASS
    Error in texi2dvi(file = file, pdf = TRUE, clean = clean, quiet = quiet, :
     Running 'texi2dvi' on 'NestedCohort.tex' failed.
    LaTeX errors:
    ! LaTeX Error: File `fullpage.sty' not found.
    
    Type X to quit or <RETURN> to proceed,
    or enter new name. (Default extension: sty)
    Calls: buildVignettes -> texi2pdf -> texi2dvi
    Execution halted
Flavor: r-release-osx-x86_64-snowleopard