CRAN Package Check Results for Package NestedCohort

Last updated on 2015-07-07 03:47:47.

Flavor Version Tinstall Tcheck Ttotal Status Flags
r-devel-linux-x86_64-debian-clang 1.1-3 0.74 15.39 16.12 NOTE
r-devel-linux-x86_64-debian-gcc 1.1-3 0.71 15.35 16.06 NOTE
r-devel-linux-x86_64-fedora-clang 1.1-3 30.58 NOTE
r-devel-linux-x86_64-fedora-gcc 1.1-3 27.80 NOTE
r-devel-osx-x86_64-clang 1.1-3 35.54 NOTE
r-devel-windows-ix86+x86_64 1.1-3 7.00 33.00 40.00 NOTE
r-patched-linux-x86_64 1.1-3 0.73 16.42 17.16 NOTE
r-patched-solaris-sparc 1.1-3 199.80 NOTE
r-patched-solaris-x86 1.1-3 47.30 NOTE
r-release-linux-x86_64 1.1-3 0.75 16.61 17.36 NOTE
r-release-osx-x86_64-mavericks 1.1-3 NOTE
r-release-windows-ix86+x86_64 1.1-3 5.00 30.00 35.00 NOTE
r-oldrel-windows-ix86+x86_64 1.1-3 6.00 59.00 65.00 NOTE

Check Details

Version: 1.1-3
Check: DESCRIPTION meta-information
Result: NOTE
    Malformed Description field: should contain one or more complete sentences.
Flavors: r-devel-linux-x86_64-debian-clang, r-devel-linux-x86_64-debian-gcc, r-devel-linux-x86_64-fedora-clang, r-devel-linux-x86_64-fedora-gcc, r-devel-osx-x86_64-clang, r-devel-windows-ix86+x86_64, r-patched-linux-x86_64, r-patched-solaris-sparc, r-patched-solaris-x86, r-release-linux-x86_64, r-release-osx-x86_64-mavericks, r-release-windows-ix86+x86_64

Version: 1.1-3
Check: dependencies in R code
Result: NOTE
    'library' or 'require' call to ‘MASS’ which was already attached by Depends.
     Please remove these calls from your code.
Flavors: r-devel-linux-x86_64-debian-clang, r-devel-linux-x86_64-debian-gcc, r-devel-linux-x86_64-fedora-clang, r-devel-linux-x86_64-fedora-gcc, r-devel-osx-x86_64-clang, r-devel-windows-ix86+x86_64, r-patched-linux-x86_64, r-patched-solaris-sparc, r-patched-solaris-x86, r-release-linux-x86_64, r-release-osx-x86_64-mavericks, r-release-windows-ix86+x86_64, r-oldrel-windows-ix86+x86_64

Version: 1.1-3
Check: R code for possible problems
Result: NOTE
    nested.coxph: Error while checking: invalid ‘envir’ argument
    nested.km: Error while checking: invalid ‘envir’ argument
    nested.stdsurv: Error while checking: invalid ‘envir’ argument
Flavors: r-devel-linux-x86_64-debian-clang, r-devel-linux-x86_64-debian-gcc, r-devel-linux-x86_64-fedora-clang, r-devel-linux-x86_64-fedora-gcc

Version: 1.1-3
Check: files in ‘vignettes’
Result: NOTE
    The following files look like leftovers/mistakes:
     ‘Rplots.pdf’, ‘Rplots.ps’
    Please remove them from your package.
Flavors: r-devel-linux-x86_64-debian-clang, r-devel-linux-x86_64-debian-gcc, r-devel-linux-x86_64-fedora-clang, r-devel-linux-x86_64-fedora-gcc, r-devel-osx-x86_64-clang, r-devel-windows-ix86+x86_64, r-patched-linux-x86_64, r-patched-solaris-sparc, r-patched-solaris-x86, r-release-linux-x86_64, r-release-osx-x86_64-mavericks, r-release-windows-ix86+x86_64, r-oldrel-windows-ix86+x86_64

Version: 1.1-3
Check: R code for possible problems
Result: NOTE
    nested.coxph: no visible global function definition for 'binomial'
    nested.coxph: no visible global function definition for 'glm.control'
    nested.coxph: no visible global function definition for 'terms'
    nested.coxph: no visible global function definition for 'as.formula'
    nested.coxph: no visible global function definition for
     'complete.cases'
    nested.coxph: no visible global function definition for 'glm'
    nested.coxph: no visible binding for global variable 'na.fail'
    nested.coxph: no visible global function definition for 'predict'
    nested.coxph: no visible binding for global variable 'na.omit'
    nested.coxph: no visible global function definition for 'residuals'
    nested.km: no visible global function definition for 'binomial'
    nested.km: no visible global function definition for 'glm.control'
    nested.km: no visible global function definition for 'terms'
    nested.km: no visible global function definition for 'as.formula'
    nested.km: no visible global function definition for 'complete.cases'
    nested.km: no visible global function definition for 'glm'
    nested.km: no visible binding for global variable 'na.fail'
    nested.km: no visible global function definition for 'predict'
    nested.km: no visible binding for global variable 'na.omit'
    nested.km: no visible global function definition for 'qnorm'
    nested.stdsurv: no visible global function definition for 'binomial'
    nested.stdsurv: no visible global function definition for 'glm.control'
    nested.stdsurv: no visible global function definition for 'terms'
    nested.stdsurv: no visible global function definition for 'as.formula'
    nested.stdsurv: no visible global function definition for
     'complete.cases'
    nested.stdsurv: no visible global function definition for 'glm'
    nested.stdsurv: no visible binding for global variable 'na.fail'
    nested.stdsurv: no visible global function definition for 'predict'
    nested.stdsurv: no visible binding for global variable 'na.omit'
    nested.stdsurv: no visible global function definition for 'residuals'
    nested.stdsurv: no visible global function definition for
     'model.matrix'
    nested.stdsurv: no visible global function definition for 'pdf'
    nested.stdsurv: no visible global function definition for 'lines'
    nested.stdsurv: no visible global function definition for 'text'
    nested.stdsurv: no visible global function definition for 'dev.off'
    Undefined global functions or variables:
     as.formula binomial complete.cases dev.off glm glm.control lines
     model.matrix na.fail na.omit pdf predict qnorm residuals terms text
Flavor: r-devel-windows-ix86+x86_64