CRAN Package Check Results for Package NetComp

Last updated on 2016-09-30 23:48:02.

Flavor Version Tinstall Tcheck Ttotal Status Flags
r-devel-linux-x86_64-debian-clang 1.6 1.24 11.80 13.04 NOTE
r-devel-linux-x86_64-debian-gcc 1.6 1.12 11.49 12.61 NOTE
r-devel-linux-x86_64-fedora-clang 1.6 21.16 NOTE
r-devel-linux-x86_64-fedora-gcc 1.6 17.56 NOTE
r-devel-macos-x86_64-clang 1.6 17.28 NOTE
r-devel-windows-ix86+x86_64 1.6 9.00 27.00 36.00 NOTE
r-patched-linux-x86_64 1.6 1.06 11.37 12.42 NOTE
r-patched-solaris-sparc 1.6 120.30 NOTE
r-patched-solaris-x86 1.6 28.60 NOTE
r-release-linux-x86_64 1.6 1.15 10.93 12.07 NOTE
r-release-osx-x86_64-mavericks 1.6 NOTE
r-release-windows-ix86+x86_64 1.6 4.00 31.00 35.00 NOTE
r-oldrel-windows-ix86+x86_64 1.6 7.00 49.00 56.00 OK

Check Details

Version: 1.6
Check: R code for possible problems
Result: NOTE
    netVal: no visible global function definition for ‘cutree’
    netVal: no visible global function definition for ‘hclust’
    netVal: no visible global function definition for ‘as.dist’
    Undefined global functions or variables:
     as.dist cutree hclust
    Consider adding
     importFrom("stats", "as.dist", "cutree", "hclust")
    to your NAMESPACE file.
Flavors: r-devel-linux-x86_64-debian-clang, r-devel-linux-x86_64-debian-gcc, r-devel-linux-x86_64-fedora-clang, r-devel-linux-x86_64-fedora-gcc, r-devel-macos-x86_64-clang, r-devel-windows-ix86+x86_64, r-patched-linux-x86_64, r-patched-solaris-sparc, r-patched-solaris-x86, r-release-linux-x86_64, r-release-osx-x86_64-mavericks, r-release-windows-ix86+x86_64