CRAN Package Check Results for Package NetComp

Last updated on 2015-07-05 15:46:37.

Flavor Version Tinstall Tcheck Ttotal Status Flags
r-devel-linux-x86_64-debian-clang 1.6 1.01 9.94 10.95 NOTE
r-devel-linux-x86_64-debian-gcc 1.6 0.89 10.06 10.95 NOTE
r-devel-linux-x86_64-fedora-clang 1.6 18.39 NOTE
r-devel-linux-x86_64-fedora-gcc 1.6 17.52 NOTE
r-devel-osx-x86_64-clang 1.6 21.03 OK
r-devel-windows-ix86+x86_64 1.6 7.00 23.00 30.00 NOTE
r-patched-linux-x86_64 1.6 0.98 9.20 10.18 OK
r-patched-solaris-sparc 1.6 124.80 OK
r-patched-solaris-x86 1.6 28.10 OK
r-release-linux-x86_64 1.6 1.00 9.31 10.31 OK
r-release-osx-x86_64-mavericks 1.6 OK
r-release-windows-ix86+x86_64 1.6 7.00 22.00 29.00 OK
r-oldrel-windows-ix86+x86_64 1.6 13.00 27.00 40.00 OK

Check Details

Version: 1.6
Check: R code for possible problems
Result: NOTE
    netVal: no visible global function definition for ‘cutree’
    netVal: no visible global function definition for ‘hclust’
    netVal: no visible global function definition for ‘as.dist’
    Undefined global functions or variables:
     as.dist cutree hclust
Flavors: r-devel-linux-x86_64-debian-clang, r-devel-linux-x86_64-debian-gcc, r-devel-linux-x86_64-fedora-clang, r-devel-linux-x86_64-fedora-gcc, r-devel-windows-ix86+x86_64