CRAN Package Check Results for Package NetComp

Last updated on 2016-12-09 17:54:09.

Flavor Version Tinstall Tcheck Ttotal Status Flags
r-devel-linux-x86_64-debian-clang 1.6 1.13 12.61 13.73 NOTE
r-devel-linux-x86_64-debian-gcc 1.6 1.02 12.17 13.19 NOTE
r-devel-linux-x86_64-fedora-clang 1.6 23.54 NOTE --no-stop-on-test-error
r-devel-linux-x86_64-fedora-gcc 1.6 22.33 NOTE --no-stop-on-test-error
r-devel-macos-x86_64-clang 1.6 20.47 NOTE --no-stop-on-test-error
r-devel-windows-ix86+x86_64 1.6 10.00 46.00 56.00 NOTE
r-patched-linux-x86_64 1.6 0.93 10.43 11.37 NOTE
r-patched-solaris-sparc 1.6 120.30 NOTE
r-patched-solaris-x86 1.6 28.70 NOTE
r-release-linux-x86_64 1.6 0.94 10.49 11.43 NOTE
r-release-osx-x86_64-mavericks 1.6 NOTE
r-release-windows-ix86+x86_64 1.6 13.00 60.00 73.00 NOTE
r-oldrel-windows-ix86+x86_64 1.6 22.00 60.00 82.00 OK

Check Details

Version: 1.6
Check: R code for possible problems
Result: NOTE
    netVal: no visible global function definition for ‘cutree’
    netVal: no visible global function definition for ‘hclust’
    netVal: no visible global function definition for ‘as.dist’
    Undefined global functions or variables:
     as.dist cutree hclust
    Consider adding
     importFrom("stats", "as.dist", "cutree", "hclust")
    to your NAMESPACE file.
Flavors: r-devel-linux-x86_64-debian-clang, r-devel-linux-x86_64-debian-gcc, r-devel-windows-ix86+x86_64, r-patched-linux-x86_64, r-patched-solaris-sparc, r-patched-solaris-x86, r-release-linux-x86_64, r-release-osx-x86_64-mavericks, r-release-windows-ix86+x86_64

Version: 1.6
Flags: --no-stop-on-test-error
Check: R code for possible problems
Result: NOTE
    netVal: no visible global function definition for ‘cutree’
    netVal: no visible global function definition for ‘hclust’
    netVal: no visible global function definition for ‘as.dist’
    Undefined global functions or variables:
     as.dist cutree hclust
    Consider adding
     importFrom("stats", "as.dist", "cutree", "hclust")
    to your NAMESPACE file.
Flavors: r-devel-linux-x86_64-fedora-clang, r-devel-linux-x86_64-fedora-gcc, r-devel-macos-x86_64-clang