CRAN Package Check Results for Package NetComp

Last updated on 2016-06-26 16:46:49.

Flavor Version Tinstall Tcheck Ttotal Status Flags
r-devel-linux-x86_64-debian-gcc 1.6 1.01 10.73 11.74 NOTE
r-devel-linux-x86_64-fedora-clang 1.6 18.46 NOTE
r-devel-linux-x86_64-fedora-gcc 1.6 16.95 NOTE
r-devel-osx-x86_64-clang 1.6 14.33 NOTE
r-devel-windows-ix86+x86_64 1.6 5.00 29.00 34.00 NOTE
r-patched-linux-x86_64 1.6 1.26 10.56 11.82 NOTE
r-patched-solaris-sparc 1.6 120.30 NOTE
r-patched-solaris-x86 1.6 28.30 NOTE
r-release-linux-x86_64 1.6 1.01 11.04 12.05 NOTE
r-release-osx-x86_64-mavericks 1.6 NOTE
r-release-windows-ix86+x86_64 1.6 5.00 40.00 45.00 NOTE
r-oldrel-windows-ix86+x86_64 1.6 7.00 49.00 56.00 OK

Check Details

Version: 1.6
Check: R code for possible problems
Result: NOTE
    netVal: no visible global function definition for ‘cutree’
    netVal: no visible global function definition for ‘hclust’
    netVal: no visible global function definition for ‘as.dist’
    Undefined global functions or variables:
     as.dist cutree hclust
    Consider adding
     importFrom("stats", "as.dist", "cutree", "hclust")
    to your NAMESPACE file.
Flavors: r-devel-linux-x86_64-debian-gcc, r-devel-linux-x86_64-fedora-clang, r-devel-linux-x86_64-fedora-gcc, r-devel-osx-x86_64-clang, r-devel-windows-ix86+x86_64, r-patched-linux-x86_64, r-patched-solaris-sparc, r-patched-solaris-x86, r-release-linux-x86_64, r-release-osx-x86_64-mavericks, r-release-windows-ix86+x86_64