CRAN Package Check Results for Package NetComp

Last updated on 2017-12-11 02:48:47 CET.

Flavor Version Tinstall Tcheck Ttotal Status Flags
r-devel-linux-x86_64-debian-clang 1.6 1.31 15.84 17.15 NOTE
r-devel-linux-x86_64-debian-gcc 1.6 1.24 14.15 15.39 NOTE
r-devel-linux-x86_64-fedora-clang 1.6 21.51 NOTE
r-devel-linux-x86_64-fedora-gcc 1.6 20.49 NOTE
r-devel-windows-ix86+x86_64 1.6 10.00 47.00 57.00 NOTE
r-patched-linux-x86_64 1.6 1.37 17.99 19.36 NOTE
r-patched-solaris-x86 1.6 36.30 NOTE
r-release-linux-x86_64 1.6 1.46 17.94 19.40 NOTE
r-release-windows-ix86+x86_64 1.6 6.00 34.00 40.00 NOTE
r-release-osx-x86_64 1.6 NOTE
r-oldrel-windows-ix86+x86_64 1.6 9.00 45.00 54.00 NOTE
r-oldrel-osx-x86_64 1.6 NOTE

Check Details

Version: 1.6
Check: R code for possible problems
Result: NOTE
    netVal: no visible global function definition for ‘cutree’
    netVal: no visible global function definition for ‘hclust’
    netVal: no visible global function definition for ‘as.dist’
    Undefined global functions or variables:
     as.dist cutree hclust
    Consider adding
     importFrom("stats", "as.dist", "cutree", "hclust")
    to your NAMESPACE file.
Flavors: r-devel-linux-x86_64-debian-clang, r-devel-linux-x86_64-debian-gcc, r-devel-linux-x86_64-fedora-clang, r-devel-linux-x86_64-fedora-gcc, r-devel-windows-ix86+x86_64, r-patched-linux-x86_64, r-patched-solaris-x86, r-release-linux-x86_64, r-release-windows-ix86+x86_64, r-release-osx-x86_64, r-oldrel-windows-ix86+x86_64, r-oldrel-osx-x86_64

Version: 1.6
Check: compiled code
Result: NOTE
    File ‘NetComp/libs/NetComp.so’:
     Found no calls to: ‘R_registerRoutines’, ‘R_useDynamicSymbols’
    
    It is good practice to register native routines and to disable symbol
    search.
    
    See ‘Writing portable packages’ in the ‘Writing R Extensions’ manual.
Flavors: r-devel-linux-x86_64-debian-clang, r-devel-linux-x86_64-debian-gcc, r-devel-linux-x86_64-fedora-clang, r-devel-linux-x86_64-fedora-gcc, r-patched-linux-x86_64, r-release-linux-x86_64