CRAN Package Check Results for Package NetComp

Last updated on 2017-01-24 15:48:17.

Flavor Version Tinstall Tcheck Ttotal Status Flags
r-devel-linux-x86_64-debian-clang 1.6 1.15 12.56 13.71 NOTE
r-devel-linux-x86_64-debian-gcc 1.6 1.04 12.37 13.41 NOTE
r-devel-linux-x86_64-fedora-clang 1.6 26.42 NOTE --no-stop-on-test-error
r-devel-linux-x86_64-fedora-gcc 1.6 21.08 NOTE --no-stop-on-test-error
r-devel-macos-x86_64-clang 1.6 20.03 NOTE --no-stop-on-test-error
r-devel-windows-ix86+x86_64 1.6 5.00 34.00 39.00 NOTE
r-patched-linux-x86_64 1.6 1.00 10.69 11.69 NOTE
r-patched-solaris-sparc 1.6 124.00 NOTE
r-patched-solaris-x86 1.6 30.20 NOTE
r-release-linux-x86_64 1.6 1.05 10.43 11.48 NOTE
r-release-osx-x86_64-mavericks 1.6 NOTE
r-release-windows-ix86+x86_64 1.6 13.00 60.00 73.00 NOTE
r-oldrel-windows-ix86+x86_64 1.6 22.00 60.00 82.00 OK

Check Details

Version: 1.6
Check: R code for possible problems
Result: NOTE
    netVal: no visible global function definition for ‘cutree’
    netVal: no visible global function definition for ‘hclust’
    netVal: no visible global function definition for ‘as.dist’
    Undefined global functions or variables:
     as.dist cutree hclust
    Consider adding
     importFrom("stats", "as.dist", "cutree", "hclust")
    to your NAMESPACE file.
Flavors: r-devel-linux-x86_64-debian-clang, r-devel-linux-x86_64-debian-gcc, r-devel-windows-ix86+x86_64, r-patched-linux-x86_64, r-patched-solaris-sparc, r-patched-solaris-x86, r-release-linux-x86_64, r-release-osx-x86_64-mavericks, r-release-windows-ix86+x86_64

Version: 1.6
Flags: --no-stop-on-test-error
Check: R code for possible problems
Result: NOTE
    netVal: no visible global function definition for ‘cutree’
    netVal: no visible global function definition for ‘hclust’
    netVal: no visible global function definition for ‘as.dist’
    Undefined global functions or variables:
     as.dist cutree hclust
    Consider adding
     importFrom("stats", "as.dist", "cutree", "hclust")
    to your NAMESPACE file.
Flavors: r-devel-linux-x86_64-fedora-clang, r-devel-linux-x86_64-fedora-gcc, r-devel-macos-x86_64-clang