CRAN Package Check Results for Package NetComp

Last updated on 2015-09-04 05:46:56.

Flavor Version Tinstall Tcheck Ttotal Status Flags
r-devel-linux-x86_64-debian-clang 1.6 0.94 9.84 10.78 NOTE
r-devel-linux-x86_64-debian-gcc 1.6 0.97 9.54 10.50 NOTE
r-devel-linux-x86_64-fedora-clang 1.6 19.59 NOTE
r-devel-linux-x86_64-fedora-gcc 1.6 18.61 NOTE
r-devel-osx-x86_64-clang 1.6 20.84 OK
r-devel-windows-ix86+x86_64 1.6 6.00 26.00 32.00 NOTE
r-patched-linux-x86_64 1.6 1.00 10.31 11.31 OK
r-patched-solaris-sparc 1.6 135.90 OK
r-patched-solaris-x86 1.6 30.90 OK
r-release-linux-x86_64 1.6 1.00 9.93 10.94 OK
r-release-osx-x86_64-mavericks 1.6 OK
r-release-windows-ix86+x86_64 1.6 11.00 36.00 47.00 OK
r-oldrel-windows-ix86+x86_64 1.6 11.00 30.00 41.00 OK

Check Details

Version: 1.6
Check: R code for possible problems
Result: NOTE
    netVal: no visible global function definition for ‘cutree’
    netVal: no visible global function definition for ‘hclust’
    netVal: no visible global function definition for ‘as.dist’
    Undefined global functions or variables:
     as.dist cutree hclust
    Consider adding
     importFrom("stats", "as.dist", "cutree", "hclust")
    to your NAMESPACE.
Flavors: r-devel-linux-x86_64-debian-clang, r-devel-linux-x86_64-debian-gcc, r-devel-linux-x86_64-fedora-clang, r-devel-linux-x86_64-fedora-gcc, r-devel-windows-ix86+x86_64