CRAN Package Check Results for Package NetComp

Last updated on 2016-02-10 11:55:21.

Flavor Version Tinstall Tcheck Ttotal Status Flags
r-devel-linux-x86_64-debian-gcc 1.6 1.00 9.13 10.13 NOTE
r-devel-linux-x86_64-fedora-clang 1.6 18.83 NOTE
r-devel-linux-x86_64-fedora-gcc 1.6 16.68 NOTE
r-devel-osx-x86_64-clang 1.6 21.49 NOTE
r-devel-windows-ix86+x86_64 1.6 6.00 25.00 31.00 NOTE
r-patched-linux-x86_64 1.6 1.09 9.71 10.81 OK
r-patched-solaris-sparc 1.6 119.30 OK
r-patched-solaris-x86 1.6 26.50 OK
r-release-linux-x86_64 1.6 1.12 9.91 11.03 OK
r-release-osx-x86_64-mavericks 1.6 OK
r-release-windows-ix86+x86_64 1.6 7.00 24.00 31.00 OK
r-oldrel-windows-ix86+x86_64 1.6 14.00 28.00 42.00 OK

Check Details

Version: 1.6
Check: R code for possible problems
Result: NOTE
    netVal: no visible global function definition for ‘cutree’
    netVal: no visible global function definition for ‘hclust’
    netVal: no visible global function definition for ‘as.dist’
    Undefined global functions or variables:
     as.dist cutree hclust
    Consider adding
     importFrom("stats", "as.dist", "cutree", "hclust")
    to your NAMESPACE file.
Flavors: r-devel-linux-x86_64-debian-gcc, r-devel-linux-x86_64-fedora-clang, r-devel-linux-x86_64-fedora-gcc, r-devel-osx-x86_64-clang, r-devel-windows-ix86+x86_64