CRAN Package Check Results for Package NetComp

Last updated on 2016-05-01 11:47:18.

Flavor Version Tinstall Tcheck Ttotal Status Flags
r-devel-linux-x86_64-debian-gcc 1.6 1.03 10.03 11.06 NOTE
r-devel-linux-x86_64-fedora-clang 1.6 18.57 NOTE
r-devel-linux-x86_64-fedora-gcc 1.6 17.35 NOTE
r-devel-osx-x86_64-clang 1.6 22.07 NOTE
r-devel-windows-ix86+x86_64 1.6 6.00 29.00 35.00 NOTE
r-patched-linux-x86_64 1.6 0.98 10.29 11.28 NOTE
r-patched-solaris-sparc 1.6 133.70 NOTE
r-patched-solaris-x86 1.6 28.30 NOTE
r-release-linux-x86_64 1.6 1.06 10.82 11.88 OK
r-release-osx-x86_64-mavericks 1.6 OK
r-release-windows-ix86+x86_64 1.6 7.00 49.00 56.00 OK
r-oldrel-windows-ix86+x86_64 1.6 14.00 30.00 44.00 OK

Check Details

Version: 1.6
Check: R code for possible problems
Result: NOTE
    netVal: no visible global function definition for ‘cutree’
    netVal: no visible global function definition for ‘hclust’
    netVal: no visible global function definition for ‘as.dist’
    Undefined global functions or variables:
     as.dist cutree hclust
    Consider adding
     importFrom("stats", "as.dist", "cutree", "hclust")
    to your NAMESPACE file.
Flavors: r-devel-linux-x86_64-debian-gcc, r-devel-linux-x86_64-fedora-clang, r-devel-linux-x86_64-fedora-gcc, r-devel-osx-x86_64-clang, r-devel-windows-ix86+x86_64, r-patched-linux-x86_64, r-patched-solaris-sparc, r-patched-solaris-x86