CRAN Package Check Results for Package NetComp

Last updated on 2015-08-03 03:47:49.

Flavor Version Tinstall Tcheck Ttotal Status Flags
r-devel-linux-x86_64-debian-clang 1.6 1.00 10.48 11.48 NOTE
r-devel-linux-x86_64-debian-gcc 1.6 0.94 9.77 10.71 NOTE
r-devel-linux-x86_64-fedora-clang 1.6 20.76 NOTE
r-devel-linux-x86_64-fedora-gcc 1.6 19.39 NOTE
r-devel-osx-x86_64-clang 1.6 22.07 OK
r-devel-windows-ix86+x86_64 1.6 6.00 24.00 30.00 NOTE
r-patched-linux-x86_64 1.6 1.01 10.05 11.06 OK
r-patched-solaris-sparc 1.6 135.90 OK
r-patched-solaris-x86 1.6 31.00 OK
r-release-linux-x86_64 1.6 1.00 9.86 10.86 OK
r-release-osx-x86_64-mavericks 1.6 OK
r-release-windows-ix86+x86_64 1.6 10.00 23.00 33.00 OK
r-oldrel-windows-ix86+x86_64 1.6 13.00 27.00 40.00 OK

Check Details

Version: 1.6
Check: R code for possible problems
Result: NOTE
    netVal: no visible global function definition for ‘cutree’
    netVal: no visible global function definition for ‘hclust’
    netVal: no visible global function definition for ‘as.dist’
    Undefined global functions or variables:
     as.dist cutree hclust
    Consider adding
     importFrom("stats", "as.dist", "cutree", "hclust")
    to your NAMESPACE.
Flavors: r-devel-linux-x86_64-debian-clang, r-devel-linux-x86_64-debian-gcc, r-devel-linux-x86_64-fedora-clang, r-devel-linux-x86_64-fedora-gcc, r-devel-windows-ix86+x86_64