CRAN Package Check Results for Package NetComp

Last updated on 2018-06-24 16:48:57 CEST.

Flavor Version Tinstall Tcheck Ttotal Status Flags
r-devel-linux-x86_64-debian-clang 1.6 1.93 20.23 22.16 NOTE
r-devel-linux-x86_64-debian-gcc 1.6 1.64 15.92 17.56 NOTE
r-devel-linux-x86_64-fedora-clang 1.6 25.85 NOTE
r-devel-linux-x86_64-fedora-gcc 1.6 24.34 NOTE
r-devel-windows-ix86+x86_64 1.6 13.00 40.00 53.00 NOTE
r-patched-linux-x86_64 1.6 1.95 18.68 20.63 NOTE
r-patched-solaris-x86 1.6 38.50 NOTE
r-release-linux-x86_64 1.6 1.97 18.75 20.72 NOTE
r-release-windows-ix86+x86_64 1.6 11.00 66.00 77.00 NOTE
r-release-osx-x86_64 1.6 NOTE
r-oldrel-windows-ix86+x86_64 1.6 9.00 46.00 55.00 NOTE
r-oldrel-osx-x86_64 1.6 NOTE

Check Details

Version: 1.6
Check: R code for possible problems
Result: NOTE
    netVal: no visible global function definition for ‘cutree’
    netVal: no visible global function definition for ‘hclust’
    netVal: no visible global function definition for ‘as.dist’
    Undefined global functions or variables:
     as.dist cutree hclust
    Consider adding
     importFrom("stats", "as.dist", "cutree", "hclust")
    to your NAMESPACE file.
Flavors: r-devel-linux-x86_64-debian-clang, r-devel-linux-x86_64-debian-gcc, r-devel-linux-x86_64-fedora-clang, r-devel-linux-x86_64-fedora-gcc, r-devel-windows-ix86+x86_64, r-patched-linux-x86_64, r-patched-solaris-x86, r-release-linux-x86_64, r-release-windows-ix86+x86_64, r-release-osx-x86_64, r-oldrel-windows-ix86+x86_64, r-oldrel-osx-x86_64

Version: 1.6
Check: compiled code
Result: NOTE
    File ‘NetComp/libs/NetComp.so’:
     Found no calls to: ‘R_registerRoutines’, ‘R_useDynamicSymbols’
    
    It is good practice to register native routines and to disable symbol
    search.
    
    See ‘Writing portable packages’ in the ‘Writing R Extensions’ manual.
Flavors: r-devel-linux-x86_64-debian-clang, r-devel-linux-x86_64-debian-gcc, r-devel-linux-x86_64-fedora-clang, r-devel-linux-x86_64-fedora-gcc, r-patched-linux-x86_64, r-release-linux-x86_64