CRAN Package Check Results for Package NetIndices

Last updated on 2014-04-24 21:47:45.

Flavor Version Tinstall Tcheck Ttotal Status Flags
r-devel-linux-x86_64-debian-clang 1.4.3 0.81 13.66 14.48 NOTE
r-devel-linux-x86_64-debian-gcc 1.4.3 0.75 13.30 14.05 NOTE
r-devel-linux-x86_64-fedora-clang 1.4.3 28.11 NOTE
r-devel-linux-x86_64-fedora-gcc 1.4.3 26.37 NOTE
r-devel-osx-x86_64-clang 1.4.3 34.63 NOTE
r-devel-osx-x86_64-gcc 1.4.3 NOTE
r-devel-windows-ix86+x86_64 1.4.3 3.00 25.00 28.00 NOTE
r-patched-linux-x86_64 1.4.3 0.74 13.24 13.98 NOTE
r-patched-solaris-sparc 1.4.3 158.40 NOTE
r-patched-solaris-x86 1.4.3 40.40 NOTE
r-release-linux-ix86 1.4.3 2.00 30.00 32.00 NOTE
r-release-linux-x86_64 1.4.3 0.73 13.66 14.39 NOTE
r-release-osx-x86_64-mavericks 1.4.3 WARN
r-release-osx-x86_64-snowleopard 1.4.3 NOTE
r-release-windows-ix86+x86_64 1.4.3 3.00 24.00 27.00 NOTE
r-oldrel-windows-ix86+x86_64 1.4.3 3.00 26.00 29.00 NOTE

Check Details

Version: 1.4.3
Check: dependencies in R code
Result: NOTE
    Package in Depends field not imported from: ‘MASS’
     These packages need to be imported from (in the NAMESPACE file)
     for when this namespace is loaded but not attached.
    See the information on DESCRIPTION files in the chapter ‘Creating R
    packages’ of the ‘Writing R Extensions’ manual.
Flavors: r-devel-linux-x86_64-debian-clang, r-devel-linux-x86_64-debian-gcc, r-devel-linux-x86_64-fedora-clang, r-devel-linux-x86_64-fedora-gcc, r-devel-osx-x86_64-clang, r-devel-osx-x86_64-gcc, r-devel-windows-ix86+x86_64, r-patched-linux-x86_64, r-patched-solaris-sparc, r-patched-solaris-x86, r-release-linux-ix86, r-release-linux-x86_64, r-release-osx-x86_64-mavericks, r-release-windows-ix86+x86_64, r-oldrel-windows-ix86+x86_64

Version: 1.4.3
Check: PDF version of manual
Result: WARNING
    LaTeX errors when creating PDF version.
    This typically indicates Rd problems.
    LaTeX errors found:
    ! LaTeX Error: File `upquote.sty' not found.
    
    Type X to quit or <RETURN> to proceed,
    or enter new name. (Default extension: sty)
    
    3fb0932c/Rd2.tex:8: ==> Fatal error occurred, no output PDF file produced!
Flavor: r-release-osx-x86_64-mavericks

Version: 1.4.3
Check: dependencies in R code
Result: NOTE
    Package in Depends field not imported from: ‘MASS’
     These packages need to be imported from for the case when
     this namespace is loaded but not attached.
    See the information on DESCRIPTION files in the chapter ‘Creating R
    packages’ of the ‘Writing R Extensions’ manual.
Flavor: r-release-osx-x86_64-snowleopard