CRAN Package Check Results for Package NetIndices

Last updated on 2014-08-29 09:48:02.

Flavor Version Tinstall Tcheck Ttotal Status Flags
r-devel-linux-x86_64-debian-clang 1.4.3 0.67 12.37 13.04 NOTE
r-devel-linux-x86_64-debian-gcc 1.4.3 0.66 12.22 12.88 NOTE
r-devel-linux-x86_64-fedora-clang 1.4.3 26.53 NOTE
r-devel-linux-x86_64-fedora-gcc 1.4.3 25.40 NOTE
r-devel-osx-x86_64-clang 1.4.3 32.07 NOTE
r-devel-windows-ix86+x86_64 1.4.3 3.00 25.00 28.00 NOTE
r-patched-linux-x86_64 1.4.3 0.70 12.79 13.49 NOTE
r-patched-solaris-sparc 1.4.3 159.30 NOTE
r-patched-solaris-x86 1.4.3 41.40 NOTE
r-release-linux-ix86 1.4.3 1.07 21.02 22.09 NOTE
r-release-linux-x86_64 1.4.3 0.72 13.25 13.97 NOTE
r-release-osx-x86_64-mavericks 1.4.3 NOTE
r-release-osx-x86_64-snowleopard 1.4.3 NOTE
r-release-windows-ix86+x86_64 1.4.3 3.00 27.00 30.00 NOTE
r-oldrel-windows-ix86+x86_64 1.4.3 3.00 26.00 29.00 NOTE

Check Details

Version: 1.4.3
Check: dependencies in R code
Result: NOTE
    Package in Depends field not imported from: ‘MASS’
     These packages need to be imported from (in the NAMESPACE file)
     for when this namespace is loaded but not attached.
    See the information on DESCRIPTION files in the chapter ‘Creating R
    packages’ of the ‘Writing R Extensions’ manual.
Flavors: r-devel-linux-x86_64-debian-clang, r-devel-linux-x86_64-debian-gcc, r-devel-linux-x86_64-fedora-clang, r-devel-linux-x86_64-fedora-gcc, r-devel-osx-x86_64-clang, r-devel-windows-ix86+x86_64, r-patched-linux-x86_64, r-patched-solaris-sparc, r-patched-solaris-x86, r-release-linux-ix86, r-release-linux-x86_64, r-release-osx-x86_64-mavericks, r-release-windows-ix86+x86_64, r-oldrel-windows-ix86+x86_64

Version: 1.4.3
Check: R code for possible problems
Result: NOTE
    EnvInd: no visible global function definition for ‘ginv’
    PathInd: no visible global function definition for ‘ginv’
    TrophInd: no visible global function definition for ‘ginv’
Flavors: r-devel-linux-x86_64-debian-clang, r-devel-linux-x86_64-debian-gcc, r-devel-linux-x86_64-fedora-clang, r-devel-linux-x86_64-fedora-gcc, r-devel-osx-x86_64-clang, r-devel-windows-ix86+x86_64

Version: 1.4.3
Check: dependencies in R code
Result: NOTE
    Package in Depends field not imported from: ‘MASS’
     These packages need to be imported from for the case when
     this namespace is loaded but not attached.
    See the information on DESCRIPTION files in the chapter ‘Creating R
    packages’ of the ‘Writing R Extensions’ manual.
Flavor: r-release-osx-x86_64-snowleopard