CRAN Package Check Results for Package NetIndices

Last updated on 2017-06-23 01:47:15.

Flavor Version Tinstall Tcheck Ttotal Status Flags
r-devel-linux-x86_64-debian-clang 1.4.4 0.71 16.55 17.26 NOTE
r-devel-linux-x86_64-debian-gcc 1.4.4 0.80 15.87 16.67 NOTE
r-devel-linux-x86_64-fedora-clang 1.4.4 28.31 NOTE
r-devel-linux-x86_64-fedora-gcc 1.4.4 30.70 NOTE
r-devel-windows-ix86+x86_64 1.4.4 5.00 41.00 46.00 NOTE
r-patched-linux-x86_64 1.4.4 0.80 15.86 16.66 NOTE
r-patched-solaris-sparc 1.4.4 168.70 NOTE
r-patched-solaris-x86 1.4.4 39.40 NOTE
r-release-linux-x86_64 1.4.4 0.78 16.32 17.10 NOTE
r-release-windows-ix86+x86_64 1.4.4 5.00 55.00 60.00 NOTE
r-release-osx-x86_64 1.4.4 NOTE
r-oldrel-windows-ix86+x86_64 1.4.4 5.00 39.00 44.00 NOTE
r-oldrel-osx-x86_64 1.4.4 NOTE

Check Details

Version: 1.4.4
Check: R code for possible problems
Result: NOTE
    EnvInd: no visible global function definition for ‘sd’
    Undefined global functions or variables:
     sd
    Consider adding
     importFrom("stats", "sd")
    to your NAMESPACE file.
Flavors: r-devel-linux-x86_64-debian-clang, r-devel-linux-x86_64-debian-gcc, r-devel-linux-x86_64-fedora-clang, r-devel-linux-x86_64-fedora-gcc, r-devel-windows-ix86+x86_64, r-patched-linux-x86_64, r-patched-solaris-sparc, r-patched-solaris-x86, r-release-linux-x86_64, r-release-windows-ix86+x86_64, r-release-osx-x86_64, r-oldrel-windows-ix86+x86_64, r-oldrel-osx-x86_64