CRAN Package Check Results for Package NetIndices

Last updated on 2017-12-11 08:48:49 CET.

Flavor Version Tinstall Tcheck Ttotal Status Flags
r-devel-linux-x86_64-debian-clang 1.4.4 0.77 20.63 21.40 NOTE
r-devel-linux-x86_64-debian-gcc 1.4.4 0.70 18.42 19.12 NOTE
r-devel-linux-x86_64-fedora-clang 1.4.4 27.64 NOTE
r-devel-linux-x86_64-fedora-gcc 1.4.4 26.64 NOTE
r-devel-windows-ix86+x86_64 1.4.4 6.00 56.00 62.00 NOTE
r-patched-linux-x86_64 1.4.4 0.95 22.44 23.39 NOTE
r-patched-solaris-x86 1.4.4 43.10 NOTE
r-release-linux-x86_64 1.4.4 0.89 22.34 23.23 NOTE
r-release-windows-ix86+x86_64 1.4.4 2.00 70.00 72.00 NOTE
r-release-osx-x86_64 1.4.4 NOTE
r-oldrel-windows-ix86+x86_64 1.4.4 3.00 51.00 54.00 NOTE
r-oldrel-osx-x86_64 1.4.4 NOTE

Check Details

Version: 1.4.4
Check: R code for possible problems
Result: NOTE
    EnvInd: no visible global function definition for ‘sd’
    Undefined global functions or variables:
     sd
    Consider adding
     importFrom("stats", "sd")
    to your NAMESPACE file.
Flavors: r-devel-linux-x86_64-debian-clang, r-devel-linux-x86_64-debian-gcc, r-devel-linux-x86_64-fedora-clang, r-devel-linux-x86_64-fedora-gcc, r-devel-windows-ix86+x86_64, r-patched-linux-x86_64, r-patched-solaris-x86, r-release-linux-x86_64, r-release-windows-ix86+x86_64, r-release-osx-x86_64, r-oldrel-windows-ix86+x86_64, r-oldrel-osx-x86_64