CRAN Package Check Results for Package NetIndices

Last updated on 2016-08-28 08:47:26.

Flavor Version Tinstall Tcheck Ttotal Status Flags
r-devel-linux-x86_64-debian-clang 1.4.4 0.68 13.28 13.96 NOTE
r-devel-linux-x86_64-debian-gcc 1.4.4 0.71 12.93 13.64 NOTE
r-devel-linux-x86_64-fedora-clang 1.4.4 23.83 NOTE
r-devel-linux-x86_64-fedora-gcc 1.4.4 22.70 NOTE
r-devel-osx-x86_64-clang 1.4.4 22.54 NOTE
r-devel-windows-ix86+x86_64 1.4.4 4.00 38.00 42.00 NOTE
r-patched-linux-x86_64 1.4.4 0.71 13.16 13.87 NOTE
r-patched-solaris-sparc 1.4.4 142.30 NOTE
r-patched-solaris-x86 1.4.4 32.30 NOTE
r-release-linux-x86_64 1.4.4 0.81 13.76 14.57 NOTE
r-release-osx-x86_64-mavericks 1.4.4 NOTE
r-release-windows-ix86+x86_64 1.4.4 5.00 59.00 64.00 NOTE
r-oldrel-windows-ix86+x86_64 1.4.4 4.00 60.00 64.00 OK

Check Details

Version: 1.4.4
Check: R code for possible problems
Result: NOTE
    EnvInd: no visible global function definition for ‘sd’
    Undefined global functions or variables:
     sd
    Consider adding
     importFrom("stats", "sd")
    to your NAMESPACE file.
Flavors: r-devel-linux-x86_64-debian-clang, r-devel-linux-x86_64-debian-gcc, r-devel-linux-x86_64-fedora-clang, r-devel-linux-x86_64-fedora-gcc, r-devel-osx-x86_64-clang, r-devel-windows-ix86+x86_64, r-patched-linux-x86_64, r-patched-solaris-sparc, r-patched-solaris-x86, r-release-linux-x86_64, r-release-osx-x86_64-mavericks, r-release-windows-ix86+x86_64