CRAN Package Check Results for Package NetIndices

Last updated on 2014-07-24 11:53:26.

Flavor Version Tinstall Tcheck Ttotal Status Flags
r-devel-linux-x86_64-debian-clang 1.4.3 0.69 12.78 13.47 NOTE
r-devel-linux-x86_64-debian-gcc 1.4.3 0.74 12.76 13.50 NOTE
r-devel-linux-x86_64-fedora-clang 1.4.3 28.19 NOTE
r-devel-linux-x86_64-fedora-gcc 1.4.3 27.37 NOTE
r-devel-osx-x86_64-clang 1.4.3 33.26 NOTE
r-devel-windows-ix86+x86_64 1.4.3 3.00 23.00 26.00 NOTE
r-patched-linux-x86_64 1.4.3 0.71 12.79 13.50 NOTE
r-patched-solaris-sparc 1.4.3 158.40 NOTE
r-patched-solaris-x86 1.4.3 40.00 NOTE
r-release-linux-ix86 1.4.3 1.07 21.09 22.16 NOTE
r-release-linux-x86_64 1.4.3 0.72 13.12 13.84 NOTE
r-release-osx-x86_64-mavericks 1.4.3 NOTE
r-release-osx-x86_64-snowleopard 1.4.3 NOTE
r-release-windows-ix86+x86_64 1.4.3 3.00 25.00 28.00 NOTE
r-oldrel-windows-ix86+x86_64 1.4.3 3.00 24.00 27.00 NOTE

Check Details

Version: 1.4.3
Check: dependencies in R code
Result: NOTE
    Package in Depends field not imported from: ‘MASS’
     These packages need to be imported from (in the NAMESPACE file)
     for when this namespace is loaded but not attached.
    See the information on DESCRIPTION files in the chapter ‘Creating R
    packages’ of the ‘Writing R Extensions’ manual.
Flavors: r-devel-linux-x86_64-debian-clang, r-devel-linux-x86_64-debian-gcc, r-devel-linux-x86_64-fedora-clang, r-devel-linux-x86_64-fedora-gcc, r-devel-osx-x86_64-clang, r-devel-windows-ix86+x86_64, r-patched-linux-x86_64, r-patched-solaris-sparc, r-patched-solaris-x86, r-release-linux-ix86, r-release-linux-x86_64, r-release-osx-x86_64-mavericks, r-release-windows-ix86+x86_64, r-oldrel-windows-ix86+x86_64

Version: 1.4.3
Check: dependencies in R code
Result: NOTE
    Package in Depends field not imported from: ‘MASS’
     These packages need to be imported from for the case when
     this namespace is loaded but not attached.
    See the information on DESCRIPTION files in the chapter ‘Creating R
    packages’ of the ‘Writing R Extensions’ manual.
Flavor: r-release-osx-x86_64-snowleopard