CRAN Package Check Results for Package NetIndices

Last updated on 2016-09-26 17:48:23.

Flavor Version Tinstall Tcheck Ttotal Status Flags
r-devel-linux-x86_64-debian-clang 1.4.4 0.72 13.48 14.21 NOTE
r-devel-linux-x86_64-debian-gcc 1.4.4 0.70 13.22 13.92 NOTE
r-devel-linux-x86_64-fedora-clang 1.4.4 23.94 NOTE
r-devel-linux-x86_64-fedora-gcc 1.4.4 23.06 NOTE
r-devel-macos-x86_64-clang 1.4.4 22.00 NOTE
r-devel-windows-ix86+x86_64 1.4.4 6.00 51.00 57.00 NOTE
r-patched-linux-x86_64 1.4.4 0.77 13.15 13.92 NOTE
r-patched-solaris-sparc 1.4.4 142.30 NOTE
r-patched-solaris-x86 1.4.4 33.00 NOTE
r-release-linux-x86_64 1.4.4 0.66 13.02 13.68 NOTE
r-release-osx-x86_64-mavericks 1.4.4 NOTE
r-release-windows-ix86+x86_64 1.4.4 9.00 51.00 60.00 NOTE
r-oldrel-windows-ix86+x86_64 1.4.4 6.00 50.00 56.00 OK

Check Details

Version: 1.4.4
Check: R code for possible problems
Result: NOTE
    EnvInd: no visible global function definition for ‘sd’
    Undefined global functions or variables:
     sd
    Consider adding
     importFrom("stats", "sd")
    to your NAMESPACE file.
Flavors: r-devel-linux-x86_64-debian-clang, r-devel-linux-x86_64-debian-gcc, r-devel-linux-x86_64-fedora-clang, r-devel-linux-x86_64-fedora-gcc, r-devel-macos-x86_64-clang, r-devel-windows-ix86+x86_64, r-patched-linux-x86_64, r-patched-solaris-sparc, r-patched-solaris-x86, r-release-linux-x86_64, r-release-osx-x86_64-mavericks, r-release-windows-ix86+x86_64