CRAN Package Check Results for Package NetIndices

Last updated on 2017-02-23 11:49:02.

Flavor Version Tinstall Tcheck Ttotal Status Flags
r-devel-linux-x86_64-debian-clang 1.4.4 0.70 16.18 16.88 NOTE
r-devel-linux-x86_64-debian-gcc 1.4.4 0.70 15.74 16.44 NOTE
r-devel-linux-x86_64-fedora-clang 1.4.4 27.69 NOTE --no-stop-on-test-error
r-devel-linux-x86_64-fedora-gcc 1.4.4 26.61 NOTE --no-stop-on-test-error
r-devel-macos-x86_64-clang 1.4.4 26.25 NOTE --no-stop-on-test-error
r-devel-windows-ix86+x86_64 1.4.4 5.00 56.00 61.00 NOTE
r-patched-linux-x86_64 1.4.4 0.67 13.54 14.21 NOTE
r-patched-solaris-sparc 1.4.4 145.80 NOTE
r-patched-solaris-x86 1.4.4 33.50 NOTE
r-release-linux-x86_64 1.4.4 0.72 13.47 14.20 NOTE
r-release-osx-x86_64-mavericks 1.4.4 NOTE
r-release-windows-ix86+x86_64 1.4.4 6.00 51.00 57.00 NOTE
r-oldrel-windows-ix86+x86_64 1.4.4 5.00 55.00 60.00 OK

Check Details

Version: 1.4.4
Check: R code for possible problems
Result: NOTE
    EnvInd: no visible global function definition for ‘sd’
    Undefined global functions or variables:
     sd
    Consider adding
     importFrom("stats", "sd")
    to your NAMESPACE file.
Flavors: r-devel-linux-x86_64-debian-clang, r-devel-linux-x86_64-debian-gcc, r-devel-windows-ix86+x86_64, r-patched-linux-x86_64, r-patched-solaris-sparc, r-patched-solaris-x86, r-release-linux-x86_64, r-release-osx-x86_64-mavericks, r-release-windows-ix86+x86_64

Version: 1.4.4
Flags: --no-stop-on-test-error
Check: R code for possible problems
Result: NOTE
    EnvInd: no visible global function definition for ‘sd’
    Undefined global functions or variables:
     sd
    Consider adding
     importFrom("stats", "sd")
    to your NAMESPACE file.
Flavors: r-devel-linux-x86_64-fedora-clang, r-devel-linux-x86_64-fedora-gcc, r-devel-macos-x86_64-clang