CRAN Package Check Results for Package NetIndices

Last updated on 2018-06-25 16:50:02 CEST.

Flavor Version Tinstall Tcheck Ttotal Status Flags
r-devel-linux-x86_64-debian-clang 1.4.4 1.16 22.83 23.99 NOTE
r-devel-linux-x86_64-debian-gcc 1.4.4 1.15 20.11 21.26 NOTE
r-devel-linux-x86_64-fedora-clang 1.4.4 32.28 NOTE
r-devel-linux-x86_64-fedora-gcc 1.4.4 30.64 NOTE
r-devel-windows-ix86+x86_64 1.4.4 6.00 47.00 53.00 NOTE
r-patched-linux-x86_64 1.4.4 1.22 23.85 25.07 NOTE
r-patched-solaris-x86 1.4.4 46.90 NOTE
r-release-linux-x86_64 1.4.4 1.38 23.85 25.23 NOTE
r-release-windows-ix86+x86_64 1.4.4 4.00 56.00 60.00 NOTE
r-release-osx-x86_64 1.4.4 NOTE
r-oldrel-windows-ix86+x86_64 1.4.4 3.00 55.00 58.00 NOTE
r-oldrel-osx-x86_64 1.4.4 NOTE

Check Details

Version: 1.4.4
Check: R code for possible problems
Result: NOTE
    EnvInd: no visible global function definition for ‘sd’
    Undefined global functions or variables:
     sd
    Consider adding
     importFrom("stats", "sd")
    to your NAMESPACE file.
Flavors: r-devel-linux-x86_64-debian-clang, r-devel-linux-x86_64-debian-gcc, r-devel-linux-x86_64-fedora-clang, r-devel-linux-x86_64-fedora-gcc, r-devel-windows-ix86+x86_64, r-patched-linux-x86_64, r-patched-solaris-x86, r-release-linux-x86_64, r-release-windows-ix86+x86_64, r-release-osx-x86_64, r-oldrel-windows-ix86+x86_64, r-oldrel-osx-x86_64