CRAN Package Check Results for Package NetIndices

Last updated on 2015-08-31 08:46:57.

Flavor Version Tinstall Tcheck Ttotal Status Flags
r-devel-linux-x86_64-debian-clang 1.4.4 0.60 12.98 13.59 NOTE
r-devel-linux-x86_64-debian-gcc 1.4.4 0.61 12.10 12.71 NOTE
r-devel-linux-x86_64-fedora-clang 1.4.4 25.35 NOTE
r-devel-linux-x86_64-fedora-gcc 1.4.4 23.17 NOTE
r-devel-osx-x86_64-clang 1.4.4 27.48 OK
r-devel-windows-ix86+x86_64 1.4.4 4.00 29.00 33.00 NOTE
r-patched-linux-x86_64 1.4.4 0.70 12.94 13.64 OK
r-patched-solaris-sparc 1.4.4 169.60 OK
r-patched-solaris-x86 1.4.4 38.40 OK
r-release-linux-x86_64 1.4.4 0.76 12.73 13.49 OK
r-release-osx-x86_64-mavericks 1.4.4 OK
r-release-windows-ix86+x86_64 1.4.4 5.00 27.00 32.00 OK
r-oldrel-windows-ix86+x86_64 1.4.4 5.00 43.00 48.00 OK

Check Details

Version: 1.4.4
Check: R code for possible problems
Result: NOTE
    EnvInd: no visible global function definition for ‘sd’
    Undefined global functions or variables:
     sd
    Consider adding
     importFrom("stats", "sd")
    to your NAMESPACE.
Flavors: r-devel-linux-x86_64-debian-clang, r-devel-linux-x86_64-debian-gcc, r-devel-linux-x86_64-fedora-clang, r-devel-linux-x86_64-fedora-gcc, r-devel-windows-ix86+x86_64