CRAN Package Check Results for Package NetIndices

Last updated on 2018-04-25 15:48:19 CEST.

Flavor Version Tinstall Tcheck Ttotal Status Flags
r-devel-linux-x86_64-debian-clang 1.4.4 1.21 23.84 25.05 NOTE
r-devel-linux-x86_64-debian-gcc 1.4.4 1.13 18.95 20.08 NOTE
r-devel-linux-x86_64-fedora-clang 1.4.4 31.34 NOTE
r-devel-linux-x86_64-fedora-gcc 1.4.4 31.02 NOTE
r-devel-windows-ix86+x86_64 1.4.4 5.00 42.00 47.00 NOTE
r-patched-linux-x86_64 1.4.4 1.24 23.28 24.52 NOTE
r-patched-solaris-x86 1.4.4 48.10 NOTE
r-release-linux-x86_64 1.4.4 1.01 23.18 24.19 NOTE
r-release-windows-ix86+x86_64 1.4.4 5.00 42.00 47.00 NOTE
r-release-osx-x86_64 1.4.4 NOTE
r-oldrel-windows-ix86+x86_64 1.4.4 4.00 56.00 60.00 NOTE
r-oldrel-osx-x86_64 1.4.4 NOTE

Check Details

Version: 1.4.4
Check: R code for possible problems
Result: NOTE
    EnvInd: no visible global function definition for ‘sd’
    Undefined global functions or variables:
     sd
    Consider adding
     importFrom("stats", "sd")
    to your NAMESPACE file.
Flavors: r-devel-linux-x86_64-debian-clang, r-devel-linux-x86_64-debian-gcc, r-devel-linux-x86_64-fedora-clang, r-devel-linux-x86_64-fedora-gcc, r-devel-windows-ix86+x86_64, r-patched-linux-x86_64, r-patched-solaris-x86, r-release-linux-x86_64, r-release-windows-ix86+x86_64, r-release-osx-x86_64, r-oldrel-windows-ix86+x86_64, r-oldrel-osx-x86_64