CRAN Package Check Results for Package NetIndices

Last updated on 2017-10-16 23:47:36.

Flavor Version Tinstall Tcheck Ttotal Status Flags
r-devel-linux-x86_64-debian-clang 1.4.4 0.77 16.46 17.23 NOTE
r-devel-linux-x86_64-debian-gcc 1.4.4 0.74 17.73 18.47 NOTE
r-devel-linux-x86_64-fedora-clang 1.4.4 29.98 NOTE
r-devel-linux-x86_64-fedora-gcc 1.4.4 29.14 NOTE
r-devel-windows-ix86+x86_64 1.4.4 6.00 40.00 46.00 NOTE
r-patched-linux-x86_64 1.4.4 0.75 16.01 16.76 NOTE
r-patched-solaris-x86 1.4.4 42.40 NOTE
r-release-linux-x86_64 1.4.4 0.72 16.10 16.82 NOTE
r-release-windows-ix86+x86_64 1.4.4 3.00 39.00 42.00 NOTE
r-release-osx-x86_64 1.4.4 NOTE
r-oldrel-windows-ix86+x86_64 1.4.4 5.00 51.00 56.00 NOTE
r-oldrel-osx-x86_64 1.4.4 NOTE

Check Details

Version: 1.4.4
Check: R code for possible problems
Result: NOTE
    EnvInd: no visible global function definition for ‘sd’
    Undefined global functions or variables:
     sd
    Consider adding
     importFrom("stats", "sd")
    to your NAMESPACE file.
Flavors: r-devel-linux-x86_64-debian-clang, r-devel-linux-x86_64-debian-gcc, r-devel-linux-x86_64-fedora-clang, r-devel-linux-x86_64-fedora-gcc, r-devel-windows-ix86+x86_64, r-patched-linux-x86_64, r-patched-solaris-x86, r-release-linux-x86_64, r-release-windows-ix86+x86_64, r-release-osx-x86_64, r-oldrel-windows-ix86+x86_64, r-oldrel-osx-x86_64