CRAN Package Check Results for Package NetIndices

Last updated on 2018-02-18 07:50:23 CET.

Flavor Version Tinstall Tcheck Ttotal Status Flags
r-devel-linux-x86_64-debian-clang 1.4.4 1.04 23.51 24.55 NOTE
r-devel-linux-x86_64-debian-gcc 1.4.4 1.17 19.32 20.49 NOTE
r-devel-linux-x86_64-fedora-clang 1.4.4 30.51 NOTE
r-devel-linux-x86_64-fedora-gcc 1.4.4 29.39 NOTE
r-devel-windows-ix86+x86_64 1.4.4 4.00 43.00 47.00 NOTE
r-patched-linux-x86_64 1.4.4 0.80 23.26 24.06 NOTE
r-patched-solaris-x86 1.4.4 41.50 NOTE
r-release-linux-x86_64 1.4.4 0.78 23.40 24.18 NOTE
r-release-windows-ix86+x86_64 1.4.4 5.00 58.00 63.00 NOTE
r-release-osx-x86_64 1.4.4 NOTE
r-oldrel-windows-ix86+x86_64 1.4.4 4.00 47.00 51.00 NOTE
r-oldrel-osx-x86_64 1.4.4 NOTE

Check Details

Version: 1.4.4
Check: R code for possible problems
Result: NOTE
    EnvInd: no visible global function definition for ‘sd’
    Undefined global functions or variables:
     sd
    Consider adding
     importFrom("stats", "sd")
    to your NAMESPACE file.
Flavors: r-devel-linux-x86_64-debian-clang, r-devel-linux-x86_64-debian-gcc, r-devel-linux-x86_64-fedora-clang, r-devel-linux-x86_64-fedora-gcc, r-devel-windows-ix86+x86_64, r-patched-linux-x86_64, r-patched-solaris-x86, r-release-linux-x86_64, r-release-windows-ix86+x86_64, r-release-osx-x86_64, r-oldrel-windows-ix86+x86_64, r-oldrel-osx-x86_64