CRAN Package Check Results for Package NetIndices

Last updated on 2015-06-30 12:47:24.

Flavor Version Tinstall Tcheck Ttotal Status Flags
r-devel-linux-x86_64-debian-clang 1.4.4 0.66 12.52 13.18 NOTE
r-devel-linux-x86_64-debian-gcc 1.4.4 0.73 12.60 13.32 NOTE
r-devel-linux-x86_64-fedora-clang 1.4.4 25.19 OK
r-devel-linux-x86_64-fedora-gcc 1.4.4 23.92 OK
r-devel-osx-x86_64-clang 1.4.4 29.44 OK
r-devel-windows-ix86+x86_64 1.4.4 5.00 21.00 26.00 NOTE
r-patched-linux-x86_64 1.4.4 0.64 12.97 13.61 OK
r-patched-solaris-sparc 1.4.4 161.10 OK
r-patched-solaris-x86 1.4.4 37.50 OK
r-release-linux-x86_64 1.4.4 0.65 12.93 13.58 OK
r-release-osx-x86_64-mavericks 1.4.4 OK
r-release-windows-ix86+x86_64 1.4.4 4.00 27.00 31.00 OK
r-oldrel-windows-ix86+x86_64 1.4.4 6.00 26.00 32.00 OK

Check Details

Version: 1.4.4
Check: R code for possible problems
Result: NOTE
    EnvInd: no visible global function definition for ‘sd’
Flavors: r-devel-linux-x86_64-debian-clang, r-devel-linux-x86_64-debian-gcc, r-devel-windows-ix86+x86_64