CRAN Package Check Results for Package NetIndices

Last updated on 2016-06-28 12:46:53.

Flavor Version Tinstall Tcheck Ttotal Status Flags
r-devel-linux-x86_64-debian-gcc 1.4.4 0.66 13.12 13.78 NOTE
r-devel-linux-x86_64-fedora-clang 1.4.4 22.15 NOTE
r-devel-linux-x86_64-fedora-gcc 1.4.4 21.30 NOTE
r-devel-osx-x86_64-clang 1.4.4 21.79 NOTE
r-devel-windows-ix86+x86_64 1.4.4 5.00 39.00 44.00 NOTE
r-patched-linux-x86_64 1.4.4 0.82 13.44 14.25 NOTE
r-patched-solaris-sparc 1.4.4 142.30 NOTE
r-patched-solaris-x86 1.4.4 33.60 NOTE
r-release-linux-x86_64 1.4.4 0.65 13.19 13.84 NOTE
r-release-osx-x86_64-mavericks 1.4.4 NOTE
r-release-windows-ix86+x86_64 1.4.4 5.00 50.00 55.00 NOTE
r-oldrel-windows-ix86+x86_64 1.4.4 5.00 32.00 37.00 OK

Check Details

Version: 1.4.4
Check: R code for possible problems
Result: NOTE
    EnvInd: no visible global function definition for ‘sd’
    Undefined global functions or variables:
     sd
    Consider adding
     importFrom("stats", "sd")
    to your NAMESPACE file.
Flavors: r-devel-linux-x86_64-debian-gcc, r-devel-linux-x86_64-fedora-clang, r-devel-linux-x86_64-fedora-gcc, r-devel-osx-x86_64-clang, r-devel-windows-ix86+x86_64, r-patched-linux-x86_64, r-patched-solaris-sparc, r-patched-solaris-x86, r-release-linux-x86_64, r-release-osx-x86_64-mavericks, r-release-windows-ix86+x86_64