CRAN Package Check Results for Package NetIndices

Last updated on 2016-12-10 10:47:16.

Flavor Version Tinstall Tcheck Ttotal Status Flags
r-devel-linux-x86_64-debian-clang 1.4.4 0.74 15.47 16.22 NOTE
r-devel-linux-x86_64-debian-gcc 1.4.4 0.78 15.45 16.23 NOTE
r-devel-linux-x86_64-fedora-clang 1.4.4 28.74 NOTE --no-stop-on-test-error
r-devel-linux-x86_64-fedora-gcc 1.4.4 26.29 NOTE --no-stop-on-test-error
r-devel-macos-x86_64-clang 1.4.4 25.29 NOTE --no-stop-on-test-error
r-devel-windows-ix86+x86_64 1.4.4 3.00 38.00 41.00 NOTE
r-patched-linux-x86_64 1.4.4 0.68 13.15 13.83 NOTE
r-patched-solaris-sparc 1.4.4 142.30 NOTE
r-patched-solaris-x86 1.4.4 32.60 NOTE
r-release-linux-x86_64 1.4.4 0.69 13.29 13.98 NOTE
r-release-osx-x86_64-mavericks 1.4.4 NOTE
r-release-windows-ix86+x86_64 1.4.4 3.00 35.00 38.00 NOTE
r-oldrel-windows-ix86+x86_64 1.4.4 5.00 39.00 44.00 OK

Check Details

Version: 1.4.4
Check: R code for possible problems
Result: NOTE
    EnvInd: no visible global function definition for ‘sd’
    Undefined global functions or variables:
     sd
    Consider adding
     importFrom("stats", "sd")
    to your NAMESPACE file.
Flavors: r-devel-linux-x86_64-debian-clang, r-devel-linux-x86_64-debian-gcc, r-devel-windows-ix86+x86_64, r-patched-linux-x86_64, r-patched-solaris-sparc, r-patched-solaris-x86, r-release-linux-x86_64, r-release-osx-x86_64-mavericks, r-release-windows-ix86+x86_64

Version: 1.4.4
Flags: --no-stop-on-test-error
Check: R code for possible problems
Result: NOTE
    EnvInd: no visible global function definition for ‘sd’
    Undefined global functions or variables:
     sd
    Consider adding
     importFrom("stats", "sd")
    to your NAMESPACE file.
Flavors: r-devel-linux-x86_64-fedora-clang, r-devel-linux-x86_64-fedora-gcc, r-devel-macos-x86_64-clang