CRAN Package Check Results for Package NetIndices

Last updated on 2015-07-28 14:49:04.

Flavor Version Tinstall Tcheck Ttotal Status Flags
r-devel-linux-x86_64-debian-clang 1.4.4 0.81 12.80 13.61 NOTE
r-devel-linux-x86_64-debian-gcc 1.4.4 0.89 12.83 13.72 NOTE
r-devel-linux-x86_64-fedora-clang 1.4.4 26.83 NOTE
r-devel-linux-x86_64-fedora-gcc 1.4.4 24.08 NOTE
r-devel-osx-x86_64-clang 1.4.4 29.20 OK
r-devel-windows-ix86+x86_64 1.4.4 3.00 24.00 27.00 NOTE
r-patched-linux-x86_64 1.4.4 0.66 12.84 13.50 OK
r-patched-solaris-sparc 1.4.4 169.60 OK
r-patched-solaris-x86 1.4.4 37.00 OK
r-release-linux-x86_64 1.4.4 0.65 12.91 13.56 OK
r-release-osx-x86_64-mavericks 1.4.4 OK
r-release-windows-ix86+x86_64 1.4.4 5.00 37.00 42.00 OK
r-oldrel-windows-ix86+x86_64 1.4.4 4.00 24.00 28.00 OK

Check Details

Version: 1.4.4
Check: R code for possible problems
Result: NOTE
    EnvInd: no visible global function definition for ‘sd’
    Undefined global functions or variables:
     sd
    Consider adding
     importFrom("stats", "sd")
    to your NAMESPACE.
Flavors: r-devel-linux-x86_64-debian-clang, r-devel-linux-x86_64-debian-gcc, r-devel-linux-x86_64-fedora-clang, r-devel-linux-x86_64-fedora-gcc, r-devel-windows-ix86+x86_64