CRAN Package Check Results for Package NetIndices

Last updated on 2016-02-09 12:47:46.

Flavor Version Tinstall Tcheck Ttotal Status Flags
r-devel-linux-x86_64-debian-gcc 1.4.4 0.68 11.52 12.20 NOTE
r-devel-linux-x86_64-fedora-clang 1.4.4 23.95 NOTE
r-devel-linux-x86_64-fedora-gcc 1.4.4 21.25 NOTE
r-devel-osx-x86_64-clang 1.4.4 28.31 NOTE
r-devel-windows-ix86+x86_64 1.4.4 5.00 39.00 44.00 NOTE
r-patched-linux-x86_64 1.4.4 0.72 12.89 13.61 OK
r-patched-solaris-sparc 1.4.4 146.50 OK
r-patched-solaris-x86 1.4.4 33.50 OK
r-release-linux-x86_64 1.4.4 0.75 12.67 13.42 OK
r-release-osx-x86_64-mavericks 1.4.4 OK
r-release-windows-ix86+x86_64 1.4.4 5.00 25.00 30.00 OK
r-oldrel-windows-ix86+x86_64 1.4.4 5.00 29.00 34.00 OK

Check Details

Version: 1.4.4
Check: R code for possible problems
Result: NOTE
    EnvInd: no visible global function definition for ‘sd’
    Undefined global functions or variables:
     sd
    Consider adding
     importFrom("stats", "sd")
    to your NAMESPACE file.
Flavors: r-devel-linux-x86_64-debian-gcc, r-devel-linux-x86_64-fedora-clang, r-devel-linux-x86_64-fedora-gcc, r-devel-osx-x86_64-clang, r-devel-windows-ix86+x86_64