CRAN Package Check Results for Package NetIndices

Last updated on 2017-08-18 11:48:01.

Flavor Version Tinstall Tcheck Ttotal Status Flags
r-devel-linux-x86_64-debian-clang 1.4.4 0.79 15.87 16.65 NOTE
r-devel-linux-x86_64-debian-gcc 1.4.4 0.79 15.59 16.38 NOTE
r-devel-linux-x86_64-fedora-clang 1.4.4 27.62 NOTE
r-devel-linux-x86_64-fedora-gcc 1.4.4 28.61 NOTE
r-devel-windows-ix86+x86_64 1.4.4 4.00 44.00 48.00 NOTE
r-patched-linux-x86_64 1.4.4 0.76 16.12 16.88 NOTE
r-patched-solaris-x86 1.4.4 39.50 NOTE
r-release-linux-x86_64 1.4.4 0.78 15.64 16.41 NOTE
r-release-windows-ix86+x86_64 1.4.4 5.00 45.00 50.00 NOTE
r-release-osx-x86_64 1.4.4 NOTE
r-oldrel-windows-ix86+x86_64 1.4.4 2.00 36.00 38.00 NOTE
r-oldrel-osx-x86_64 1.4.4 NOTE

Check Details

Version: 1.4.4
Check: R code for possible problems
Result: NOTE
    EnvInd: no visible global function definition for ‘sd’
    Undefined global functions or variables:
     sd
    Consider adding
     importFrom("stats", "sd")
    to your NAMESPACE file.
Flavors: r-devel-linux-x86_64-debian-clang, r-devel-linux-x86_64-debian-gcc, r-devel-linux-x86_64-fedora-clang, r-devel-linux-x86_64-fedora-gcc, r-devel-windows-ix86+x86_64, r-patched-linux-x86_64, r-patched-solaris-x86, r-release-linux-x86_64, r-release-windows-ix86+x86_64, r-release-osx-x86_64, r-oldrel-windows-ix86+x86_64, r-oldrel-osx-x86_64