CRAN Package Check Results for Package NetIndices

Last updated on 2016-05-29 15:46:43.

Flavor Version Tinstall Tcheck Ttotal Status Flags
r-devel-linux-x86_64-debian-gcc 1.4.4 0.66 13.27 13.93 NOTE
r-devel-linux-x86_64-fedora-clang 1.4.4 22.64 NOTE
r-devel-linux-x86_64-fedora-gcc 1.4.4 21.65 NOTE
r-devel-osx-x86_64-clang 1.4.4 29.11 NOTE
r-devel-windows-ix86+x86_64 1.4.4 3.00 38.00 41.00 NOTE
r-patched-linux-x86_64 1.4.4 2.65 12.97 15.61 NOTE
r-patched-solaris-sparc 1.4.4 141.60 NOTE
r-patched-solaris-x86 1.4.4 33.70 NOTE
r-release-linux-x86_64 1.4.4 0.64 12.82 13.46 NOTE
r-release-osx-x86_64-mavericks 1.4.4 NOTE
r-release-windows-ix86+x86_64 1.4.4 4.00 37.00 41.00 NOTE
r-oldrel-windows-ix86+x86_64 1.4.4 3.00 56.00 59.00 OK

Check Details

Version: 1.4.4
Check: R code for possible problems
Result: NOTE
    EnvInd: no visible global function definition for ‘sd’
    Undefined global functions or variables:
     sd
    Consider adding
     importFrom("stats", "sd")
    to your NAMESPACE file.
Flavors: r-devel-linux-x86_64-debian-gcc, r-devel-linux-x86_64-fedora-clang, r-devel-linux-x86_64-fedora-gcc, r-devel-osx-x86_64-clang, r-devel-windows-ix86+x86_64, r-patched-linux-x86_64, r-patched-solaris-sparc, r-patched-solaris-x86, r-release-linux-x86_64, r-release-osx-x86_64-mavericks, r-release-windows-ix86+x86_64