CRAN Package Check Results for Package NetworkSim

Last updated on 2020-09-28 05:48:33 CEST.

Flavor Version Tinstall Tcheck Ttotal Status Flags
r-devel-linux-x86_64-debian-clang 0.1.0 6.35 24.47 30.82 OK
r-devel-linux-x86_64-debian-gcc 0.1.0 5.51 19.40 24.91 OK
r-devel-linux-x86_64-fedora-clang 0.1.0 46.60 NOTE
r-devel-linux-x86_64-fedora-gcc 0.1.0 38.67 OK
r-devel-windows-ix86+x86_64 0.1.0 12.00 40.00 52.00 NOTE
r-patched-linux-x86_64 0.1.0 6.79 23.50 30.29 OK
r-patched-solaris-x86 0.1.0 56.80 NOTE
r-release-linux-x86_64 0.1.0 6.46 23.79 30.25 OK
r-release-macos-x86_64 0.1.0 NOTE
r-release-windows-ix86+x86_64 0.1.0 12.00 40.00 52.00 NOTE
r-oldrel-macos-x86_64 0.1.0 NOTE
r-oldrel-windows-ix86+x86_64 0.1.0 11.00 43.00 54.00 NOTE

Check Details

Version: 0.1.0
Check: installed package size
Result: NOTE
     installed size is 5.8Mb
     sub-directories of 1Mb or more:
     data 5.7Mb
Flavors: r-devel-linux-x86_64-fedora-clang, r-devel-windows-ix86+x86_64, r-patched-solaris-x86, r-release-macos-x86_64, r-release-windows-ix86+x86_64, r-oldrel-macos-x86_64, r-oldrel-windows-ix86+x86_64

Version: 0.1.0
Check: package dependencies
Result: NOTE
    Packages suggested but not available for checking:
     'limma', 'DESeq2', 'edgeR', 'org.Hs.eg.db'
Flavor: r-oldrel-macos-x86_64