CRAN Package Check Results for Package NightDay

Last updated on 2015-05-25 11:48:28.

Flavor Version Tinstall Tcheck Ttotal Status Flags
r-devel-linux-x86_64-debian-clang 1.0.1 0.58 8.88 9.47 NOTE
r-devel-linux-x86_64-debian-gcc 1.0.1 0.48 9.05 9.54 NOTE
r-devel-linux-x86_64-fedora-clang 1.0.1 17.70 NOTE
r-devel-linux-x86_64-fedora-gcc 1.0.1 16.75 NOTE
r-devel-osx-x86_64-clang 1.0.1 21.55 NOTE
r-devel-windows-ix86+x86_64 1.0.1 3.00 16.00 19.00 OK
r-patched-linux-x86_64 1.0.1 0.51 8.64 9.15 NOTE
r-patched-solaris-sparc 1.0.1 115.30 NOTE
r-patched-solaris-x86 1.0.1 27.40 NOTE
r-release-linux-x86_64 1.0.1 0.55 8.59 9.14 NOTE
r-release-osx-x86_64-mavericks 1.0.1 OK
r-release-osx-x86_64-snowleopard 1.0.1 OK
r-release-windows-ix86+x86_64 1.0.1 2.00 18.00 20.00 OK
r-oldrel-windows-ix86+x86_64 1.0.1 4.00 19.00 23.00 OK

Check Details

Version: 1.0.1
Check: S3 generic/method consistency
Result: NOTE
    Found the following apparent S3 methods exported but not registered:
     plot.NightDay
    See section ‘Registering S3 methods’ in the ‘Writing R Extensions’
    manual.
Flavors: r-devel-linux-x86_64-debian-clang, r-devel-linux-x86_64-debian-gcc, r-devel-linux-x86_64-fedora-clang, r-devel-linux-x86_64-fedora-gcc, r-devel-osx-x86_64-clang, r-patched-linux-x86_64, r-patched-solaris-sparc, r-patched-solaris-x86, r-release-linux-x86_64