CRAN Package Check Results for Package NightDay

Last updated on 2017-02-25 17:47:35.

Flavor Version Tinstall Tcheck Ttotal Status Flags
r-devel-linux-x86_64-debian-clang 1.0.1 0.56 11.24 11.80 NOTE
r-devel-linux-x86_64-debian-gcc 1.0.1 0.60 11.07 11.67 NOTE
r-devel-linux-x86_64-fedora-clang 1.0.1 18.78 NOTE --no-stop-on-test-error
r-devel-linux-x86_64-fedora-gcc 1.0.1 17.57 NOTE --no-stop-on-test-error
r-devel-macos-x86_64-clang 1.0.1 17.57 NOTE --no-stop-on-test-error
r-devel-windows-ix86+x86_64 1.0.1 5.00 35.00 40.00 NOTE
r-patched-linux-x86_64 1.0.1 0.58 9.15 9.73 NOTE
r-patched-solaris-sparc 1.0.1 97.70 NOTE
r-patched-solaris-x86 1.0.1 24.80 NOTE
r-release-linux-x86_64 1.0.1 0.48 9.11 9.59 NOTE
r-release-osx-x86_64-mavericks 1.0.1 NOTE
r-release-windows-ix86+x86_64 1.0.1 3.00 23.00 26.00 NOTE
r-oldrel-windows-ix86+x86_64 1.0.1 6.00 31.00 37.00 OK

Check Details

Version: 1.0.1
Check: S3 generic/method consistency
Result: NOTE
    Found the following apparent S3 methods exported but not registered:
     plot.NightDay
    See section ‘Registering S3 methods’ in the ‘Writing R Extensions’
    manual.
Flavors: r-devel-linux-x86_64-debian-clang, r-devel-linux-x86_64-debian-gcc, r-patched-linux-x86_64, r-patched-solaris-sparc, r-patched-solaris-x86, r-release-linux-x86_64

Version: 1.0.1
Check: R code for possible problems
Result: NOTE
    plot.NightDay: no visible global function definition for ‘title’
    plot.NightDay: no visible global function definition for ‘abline’
    plot.NightDay: no visible global function definition for ‘lines’
    plot.NightDay: no visible global function definition for ‘points’
    plot.NightDay: no visible global function definition for ‘polygon’
    plot.NightDay: no visible global function definition for ‘rect’
    Undefined global functions or variables:
     abline lines points polygon rect title
    Consider adding
     importFrom("graphics", "abline", "lines", "points", "polygon", "rect",
     "title")
    to your NAMESPACE file.
Flavors: r-devel-linux-x86_64-debian-clang, r-devel-linux-x86_64-debian-gcc, r-devel-windows-ix86+x86_64, r-patched-linux-x86_64, r-patched-solaris-sparc, r-patched-solaris-x86, r-release-linux-x86_64, r-release-osx-x86_64-mavericks, r-release-windows-ix86+x86_64

Version: 1.0.1
Flags: --no-stop-on-test-error
Check: S3 generic/method consistency
Result: NOTE
    Found the following apparent S3 methods exported but not registered:
     plot.NightDay
    See section ‘Registering S3 methods’ in the ‘Writing R Extensions’
    manual.
Flavors: r-devel-linux-x86_64-fedora-clang, r-devel-linux-x86_64-fedora-gcc, r-devel-macos-x86_64-clang

Version: 1.0.1
Flags: --no-stop-on-test-error
Check: R code for possible problems
Result: NOTE
    plot.NightDay: no visible global function definition for ‘title’
    plot.NightDay: no visible global function definition for ‘abline’
    plot.NightDay: no visible global function definition for ‘lines’
    plot.NightDay: no visible global function definition for ‘points’
    plot.NightDay: no visible global function definition for ‘polygon’
    plot.NightDay: no visible global function definition for ‘rect’
    Undefined global functions or variables:
     abline lines points polygon rect title
    Consider adding
     importFrom("graphics", "abline", "lines", "points", "polygon", "rect",
     "title")
    to your NAMESPACE file.
Flavors: r-devel-linux-x86_64-fedora-clang, r-devel-linux-x86_64-fedora-gcc, r-devel-macos-x86_64-clang