CRAN Package Check Results for Package NightDay

Last updated on 2016-05-26 18:01:01.

Flavor Version Tinstall Tcheck Ttotal Status Flags
r-devel-linux-x86_64-debian-gcc 1.0.1 0.53 8.95 9.48 NOTE
r-devel-linux-x86_64-fedora-clang 1.0.1 15.35 NOTE
r-devel-linux-x86_64-fedora-gcc 1.0.1 14.09 NOTE
r-devel-osx-x86_64-clang 1.0.1 19.14 NOTE
r-devel-windows-ix86+x86_64 1.0.1 3.00 28.00 31.00 NOTE
r-patched-linux-x86_64 1.0.1 0.52 8.99 9.51 NOTE
r-patched-solaris-sparc 1.0.1 95.80 NOTE
r-patched-solaris-x86 1.0.1 22.10 NOTE
r-release-linux-x86_64 1.0.1 0.53 8.77 9.30 NOTE
r-release-osx-x86_64-mavericks 1.0.1 NOTE
r-release-windows-ix86+x86_64 1.0.1 4.00 25.00 29.00 NOTE
r-oldrel-windows-ix86+x86_64 1.0.1 3.00 21.00 24.00 OK

Check Details

Version: 1.0.1
Check: S3 generic/method consistency
Result: NOTE
    Found the following apparent S3 methods exported but not registered:
     plot.NightDay
    See section ‘Registering S3 methods’ in the ‘Writing R Extensions’
    manual.
Flavors: r-devel-linux-x86_64-debian-gcc, r-devel-linux-x86_64-fedora-clang, r-devel-linux-x86_64-fedora-gcc, r-devel-osx-x86_64-clang, r-patched-linux-x86_64, r-patched-solaris-sparc, r-patched-solaris-x86, r-release-linux-x86_64

Version: 1.0.1
Check: R code for possible problems
Result: NOTE
    plot.NightDay: no visible global function definition for ‘title’
    plot.NightDay: no visible global function definition for ‘abline’
    plot.NightDay: no visible global function definition for ‘lines’
    plot.NightDay: no visible global function definition for ‘points’
    plot.NightDay: no visible global function definition for ‘polygon’
    plot.NightDay: no visible global function definition for ‘rect’
    Undefined global functions or variables:
     abline lines points polygon rect title
    Consider adding
     importFrom("graphics", "abline", "lines", "points", "polygon", "rect",
     "title")
    to your NAMESPACE file.
Flavors: r-devel-linux-x86_64-debian-gcc, r-devel-linux-x86_64-fedora-clang, r-devel-linux-x86_64-fedora-gcc, r-devel-osx-x86_64-clang, r-devel-windows-ix86+x86_64, r-patched-linux-x86_64, r-patched-solaris-sparc, r-patched-solaris-x86, r-release-linux-x86_64, r-release-osx-x86_64-mavericks, r-release-windows-ix86+x86_64