CRAN Package Check Results for Package NightDay

Last updated on 2016-07-30 14:49:48.

Flavor Version Tinstall Tcheck Ttotal Status Flags
r-devel-linux-x86_64-debian-clang 1.0.1 0.48 8.99 9.47 NOTE
r-devel-linux-x86_64-debian-gcc 1.0.1 0.51 8.96 9.47 NOTE
r-devel-linux-x86_64-fedora-clang 1.0.1 15.01 NOTE
r-devel-linux-x86_64-fedora-gcc 1.0.1 14.01 NOTE
r-devel-osx-x86_64-clang 1.0.1 14.42 NOTE
r-devel-windows-ix86+x86_64 1.0.1 2.00 24.00 26.00 NOTE
r-patched-linux-x86_64 1.0.1 0.56 9.12 9.68 NOTE
r-patched-solaris-sparc 1.0.1 96.80 NOTE
r-patched-solaris-x86 1.0.1 21.70 NOTE
r-release-linux-x86_64 1.0.1 0.63 11.23 11.86 NOTE
r-release-osx-x86_64-mavericks 1.0.1 NOTE
r-release-windows-ix86+x86_64 1.0.1 3.00 34.00 37.00 NOTE
r-oldrel-windows-ix86+x86_64 1.0.1 4.00 27.00 31.00 OK

Check Details

Version: 1.0.1
Check: S3 generic/method consistency
Result: NOTE
    Found the following apparent S3 methods exported but not registered:
     plot.NightDay
    See section ‘Registering S3 methods’ in the ‘Writing R Extensions’
    manual.
Flavors: r-devel-linux-x86_64-debian-clang, r-devel-linux-x86_64-debian-gcc, r-devel-linux-x86_64-fedora-clang, r-devel-linux-x86_64-fedora-gcc, r-devel-osx-x86_64-clang, r-patched-linux-x86_64, r-patched-solaris-sparc, r-patched-solaris-x86, r-release-linux-x86_64

Version: 1.0.1
Check: R code for possible problems
Result: NOTE
    plot.NightDay: no visible global function definition for ‘title’
    plot.NightDay: no visible global function definition for ‘abline’
    plot.NightDay: no visible global function definition for ‘lines’
    plot.NightDay: no visible global function definition for ‘points’
    plot.NightDay: no visible global function definition for ‘polygon’
    plot.NightDay: no visible global function definition for ‘rect’
    Undefined global functions or variables:
     abline lines points polygon rect title
    Consider adding
     importFrom("graphics", "abline", "lines", "points", "polygon", "rect",
     "title")
    to your NAMESPACE file.
Flavors: r-devel-linux-x86_64-debian-clang, r-devel-linux-x86_64-debian-gcc, r-devel-linux-x86_64-fedora-clang, r-devel-linux-x86_64-fedora-gcc, r-devel-osx-x86_64-clang, r-devel-windows-ix86+x86_64, r-patched-linux-x86_64, r-patched-solaris-sparc, r-patched-solaris-x86, r-release-linux-x86_64, r-release-osx-x86_64-mavericks, r-release-windows-ix86+x86_64