CRAN Package Check Results for Package NightDay

Last updated on 2015-07-29 03:48:31.

Flavor Version Tinstall Tcheck Ttotal Status Flags
r-devel-linux-x86_64-debian-clang 1.0.1 0.52 8.51 9.03 NOTE
r-devel-linux-x86_64-debian-gcc 1.0.1 0.49 8.48 8.97 NOTE
r-devel-linux-x86_64-fedora-clang 1.0.1 17.89 NOTE
r-devel-linux-x86_64-fedora-gcc 1.0.1 16.48 NOTE
r-devel-osx-x86_64-clang 1.0.1 19.08 NOTE
r-devel-windows-ix86+x86_64 1.0.1 3.00 17.00 20.00 NOTE
r-patched-linux-x86_64 1.0.1 0.50 8.96 9.46 NOTE
r-patched-solaris-sparc 1.0.1 121.90 NOTE
r-patched-solaris-x86 1.0.1 27.60 NOTE
r-release-linux-x86_64 1.0.1 0.55 8.91 9.46 NOTE
r-release-osx-x86_64-mavericks 1.0.1 OK
r-release-windows-ix86+x86_64 1.0.1 4.00 17.00 21.00 OK
r-oldrel-windows-ix86+x86_64 1.0.1 4.00 18.00 22.00 OK

Check Details

Version: 1.0.1
Check: S3 generic/method consistency
Result: NOTE
    Found the following apparent S3 methods exported but not registered:
     plot.NightDay
    See section ‘Registering S3 methods’ in the ‘Writing R Extensions’
    manual.
Flavors: r-devel-linux-x86_64-debian-clang, r-devel-linux-x86_64-debian-gcc, r-devel-linux-x86_64-fedora-clang, r-devel-linux-x86_64-fedora-gcc, r-devel-osx-x86_64-clang, r-patched-linux-x86_64, r-patched-solaris-sparc, r-patched-solaris-x86, r-release-linux-x86_64

Version: 1.0.1
Check: R code for possible problems
Result: NOTE
    plot.NightDay: no visible global function definition for ‘title’
    plot.NightDay: no visible global function definition for ‘abline’
    plot.NightDay: no visible global function definition for ‘lines’
    plot.NightDay: no visible global function definition for ‘points’
    plot.NightDay: no visible global function definition for ‘polygon’
    plot.NightDay: no visible global function definition for ‘rect’
    Undefined global functions or variables:
     abline lines points polygon rect title
    Consider adding
     importFrom("graphics", "abline", "lines", "points", "polygon", "rect",
     "title")
    to your NAMESPACE.
Flavors: r-devel-linux-x86_64-debian-clang, r-devel-linux-x86_64-debian-gcc, r-devel-linux-x86_64-fedora-clang, r-devel-linux-x86_64-fedora-gcc, r-devel-windows-ix86+x86_64