CRAN Package Check Results for Package NightDay

Last updated on 2017-05-27 14:47:10.

Flavor Version Tinstall Tcheck Ttotal Status Flags
r-devel-linux-x86_64-debian-clang 1.0.1 0.60 12.07 12.68 NOTE
r-devel-linux-x86_64-debian-gcc 1.0.1 0.63 11.61 12.23 NOTE
r-devel-linux-x86_64-fedora-clang 1.0.1 19.30 NOTE
r-devel-linux-x86_64-fedora-gcc 1.0.1 18.70 NOTE
r-devel-windows-ix86+x86_64 1.0.1 3.00 27.00 30.00 NOTE
r-patched-linux-x86_64 1.0.1 0.66 12.69 13.35 NOTE
r-patched-solaris-sparc 1.0.1 118.70 NOTE
r-patched-solaris-x86 1.0.1 27.30 NOTE
r-release-linux-x86_64 1.0.1 0.71 13.67 14.37 NOTE
r-release-windows-ix86+x86_64 1.0.1 2.00 28.00 30.00 NOTE
r-release-osx-x86_64 1.0.1 NOTE
r-oldrel-windows-ix86+x86_64 1.0.1 4.00 25.00 29.00 NOTE
r-oldrel-osx-x86_64 1.0.1 NOTE

Check Details

Version: 1.0.1
Check: S3 generic/method consistency
Result: NOTE
    Found the following apparent S3 methods exported but not registered:
     plot.NightDay
    See section ‘Registering S3 methods’ in the ‘Writing R Extensions’
    manual.
Flavors: r-devel-linux-x86_64-debian-clang, r-devel-linux-x86_64-debian-gcc, r-devel-linux-x86_64-fedora-clang, r-devel-linux-x86_64-fedora-gcc, r-patched-linux-x86_64, r-patched-solaris-sparc, r-patched-solaris-x86, r-release-linux-x86_64

Version: 1.0.1
Check: R code for possible problems
Result: NOTE
    plot.NightDay: no visible global function definition for ‘title’
    plot.NightDay: no visible global function definition for ‘abline’
    plot.NightDay: no visible global function definition for ‘lines’
    plot.NightDay: no visible global function definition for ‘points’
    plot.NightDay: no visible global function definition for ‘polygon’
    plot.NightDay: no visible global function definition for ‘rect’
    Undefined global functions or variables:
     abline lines points polygon rect title
    Consider adding
     importFrom("graphics", "abline", "lines", "points", "polygon", "rect",
     "title")
    to your NAMESPACE file.
Flavors: r-devel-linux-x86_64-debian-clang, r-devel-linux-x86_64-debian-gcc, r-devel-linux-x86_64-fedora-clang, r-devel-linux-x86_64-fedora-gcc, r-devel-windows-ix86+x86_64, r-patched-linux-x86_64, r-patched-solaris-sparc, r-patched-solaris-x86, r-release-linux-x86_64, r-release-windows-ix86+x86_64, r-release-osx-x86_64, r-oldrel-windows-ix86+x86_64, r-oldrel-osx-x86_64