CRAN Package Check Results for Package Nippon

Last updated on 2017-04-26 03:48:23.

Flavor Version Tinstall Tcheck Ttotal Status Flags
r-devel-linux-x86_64-debian-clang 0.6.3-1 6.33 22.75 29.08 NOTE
r-devel-linux-x86_64-debian-gcc 0.6.3-1 4.58 21.71 26.29 NOTE
r-devel-linux-x86_64-fedora-clang 0.6.3-1 46.96 NOTE --no-stop-on-test-error
r-devel-linux-x86_64-fedora-gcc 0.6.3-1 45.44 NOTE --no-stop-on-test-error
r-devel-windows-ix86+x86_64 0.6.3-1 27.00 99.00 126.00 OK
r-patched-linux-x86_64 0.6.3-1 4.41 22.34 26.75 NOTE
r-patched-solaris-sparc 0.6.3-1 280.30 NOTE
r-patched-solaris-x86 0.6.3-1 64.00 NOTE
r-release-linux-x86_64 0.6.3-1 4.48 22.19 26.66 NOTE
r-release-windows-ix86+x86_64 0.6.3-1 17.00 65.00 82.00 OK
r-release-osx-x86_64 0.6.3-1 NOTE
r-oldrel-windows-ix86+x86_64 0.6.3-1 18.00 59.00 77.00 OK
r-oldrel-osx-x86_64 0.6.3-1 NOTE

Check Details

Version: 0.6.3-1
Check: compiled code
Result: NOTE
    File ‘Nippon/libs/Nippon.so’:
     Found no calls to: ‘R_registerRoutines’, ‘R_useDynamicSymbols’
    
    It is good practice to register native routines and to disable symbol
    search.
    
    See ‘Writing portable packages’ in the ‘Writing R Extensions’ manual.
Flavors: r-devel-linux-x86_64-debian-clang, r-devel-linux-x86_64-debian-gcc, r-patched-linux-x86_64, r-release-linux-x86_64

Version: 0.6.3-1
Flags: --no-stop-on-test-error
Check: data for non-ASCII characters
Result: NOTE
     Note: found 395 marked UTF-8 strings
Flavors: r-devel-linux-x86_64-fedora-clang, r-devel-linux-x86_64-fedora-gcc

Version: 0.6.3-1
Flags: --no-stop-on-test-error
Check: compiled code
Result: NOTE
    File ‘Nippon/libs/Nippon.so’:
     Found no calls to: ‘R_registerRoutines’, ‘R_useDynamicSymbols’
    
    It is good practice to register native routines and to disable symbol
    search.
    
    See ‘Writing portable packages’ in the ‘Writing R Extensions’ manual.
Flavors: r-devel-linux-x86_64-fedora-clang, r-devel-linux-x86_64-fedora-gcc

Version: 0.6.3-1
Check: data for non-ASCII characters
Result: NOTE
     Note: found 395 marked UTF-8 strings
Flavors: r-patched-solaris-sparc, r-patched-solaris-x86, r-release-osx-x86_64, r-oldrel-osx-x86_64