CRAN Package Check Results for Package Nippon

Last updated on 2017-02-27 03:50:28.

Flavor Version Tinstall Tcheck Ttotal Status Flags
r-devel-linux-x86_64-debian-clang 0.6.3-1 6.31 21.92 28.24 NOTE
r-devel-linux-x86_64-debian-gcc 0.6.3-1 4.90 23.63 28.53 NOTE
r-devel-linux-x86_64-fedora-clang 0.6.3-1 45.09 NOTE --no-stop-on-test-error
r-devel-linux-x86_64-fedora-gcc 0.6.3-1 43.50 NOTE --no-stop-on-test-error
r-devel-macos-x86_64-clang 0.6.3-1 40.55 NOTE --no-stop-on-test-error
r-devel-windows-ix86+x86_64 0.6.3-1 18.00 94.00 112.00 OK
r-patched-linux-x86_64 0.6.3-1 4.20 18.63 22.82 OK
r-patched-solaris-sparc 0.6.3-1 250.50 NOTE
r-patched-solaris-x86 0.6.3-1 55.60 NOTE
r-release-linux-x86_64 0.6.3-1 4.26 18.59 22.85 OK
r-release-osx-x86_64-mavericks 0.6.3-1 NOTE
r-release-windows-ix86+x86_64 0.6.3-1 40.00 73.00 113.00 OK
r-oldrel-windows-ix86+x86_64 0.6.3-1 18.00 100.00 118.00 NOTE

Check Details

Version: 0.6.3-1
Check: compiled code
Result: NOTE
    File ‘Nippon/libs/Nippon.so’:
     Found no calls to: ‘R_registerRoutines’, ‘R_useDynamicSymbols’
    
    It is good practice to register native routines and to disable symbol
    search.
    
    See ‘Writing portable packages’ in the ‘Writing R Extensions’ manual.
Flavors: r-devel-linux-x86_64-debian-clang, r-devel-linux-x86_64-debian-gcc

Version: 0.6.3-1
Flags: --no-stop-on-test-error
Check: data for non-ASCII characters
Result: NOTE
     Note: found 395 marked UTF-8 strings
Flavors: r-devel-linux-x86_64-fedora-clang, r-devel-linux-x86_64-fedora-gcc, r-devel-macos-x86_64-clang

Version: 0.6.3-1
Flags: --no-stop-on-test-error
Check: compiled code
Result: NOTE
    File ‘Nippon/libs/Nippon.so’:
     Found no calls to: ‘R_registerRoutines’, ‘R_useDynamicSymbols’
    
    It is good practice to register native routines and to disable symbol
    search.
    
    See ‘Writing portable packages’ in the ‘Writing R Extensions’ manual.
Flavors: r-devel-linux-x86_64-fedora-clang, r-devel-linux-x86_64-fedora-gcc, r-devel-macos-x86_64-clang

Version: 0.6.3-1
Check: data for non-ASCII characters
Result: NOTE
     Note: found 395 marked UTF-8 strings
Flavors: r-patched-solaris-sparc, r-patched-solaris-x86, r-release-osx-x86_64-mavericks, r-oldrel-windows-ix86+x86_64