CRAN Package Check Results for Package Nippon

Last updated on 2015-01-29 03:48:38.

Flavor Version Tinstall Tcheck Ttotal Status Flags
r-devel-linux-x86_64-debian-clang 0.5.3 4.26 18.18 22.43 NOTE
r-devel-linux-x86_64-debian-gcc 0.5.3 4.17 17.46 21.63 NOTE
r-devel-linux-x86_64-fedora-clang 0.5.3 50.82 NOTE
r-devel-linux-x86_64-fedora-gcc 0.5.3 43.56 NOTE
r-devel-osx-x86_64-clang 0.5.3 52.79 NOTE
r-devel-windows-ix86+x86_64 0.5.3 18.00 45.00 63.00 NOTE
r-patched-linux-x86_64 0.5.3 4.39 20.26 24.64 NOTE
r-patched-solaris-sparc 0.5.3 281.70 NOTE
r-patched-solaris-x86 0.5.3 65.30 NOTE
r-release-linux-ix86 0.5.3 6.91 2.52 9.43 OK
r-release-linux-x86_64 0.5.3 4.32 20.33 24.65 NOTE
r-release-osx-x86_64-mavericks 0.5.3 NOTE
r-release-osx-x86_64-snowleopard 0.5.3 WARN
r-release-windows-ix86+x86_64 0.5.3 16.00 53.00 69.00 NOTE
r-oldrel-windows-ix86+x86_64 0.5.3 15.00 56.00 71.00 NOTE

Check Details

Version: 0.5.3
Check: top-level files
Result: NOTE
    Non-standard files/directories found at top level:
     ‘Nippon-Ex.R’ ‘configure.ac.orig’
Flavors: r-devel-linux-x86_64-debian-clang, r-devel-linux-x86_64-debian-gcc, r-devel-linux-x86_64-fedora-clang, r-devel-linux-x86_64-fedora-gcc, r-patched-linux-x86_64, r-release-linux-x86_64

Version: 0.5.3
Check: R code for possible problems
Result: NOTE
    JapanPrefecturesMap: no visible global function definition for ‘CRS’
    JapanPrefecturesMap: no visible global function definition for
     ‘coordinates’
Flavors: r-devel-linux-x86_64-debian-clang, r-devel-linux-x86_64-debian-gcc, r-devel-linux-x86_64-fedora-clang, r-devel-linux-x86_64-fedora-gcc, r-devel-osx-x86_64-clang, r-devel-windows-ix86+x86_64, r-patched-linux-x86_64, r-patched-solaris-sparc, r-patched-solaris-x86, r-release-linux-x86_64, r-release-osx-x86_64-mavericks, r-release-windows-ix86+x86_64

Version: 0.5.3
Check: data for non-ASCII characters
Result: NOTE
     Note: found 395 marked UTF-8 strings
Flavors: r-devel-linux-x86_64-debian-clang, r-devel-linux-x86_64-debian-gcc, r-devel-linux-x86_64-fedora-clang, r-devel-linux-x86_64-fedora-gcc, r-devel-osx-x86_64-clang, r-devel-windows-ix86+x86_64, r-patched-linux-x86_64, r-patched-solaris-sparc, r-patched-solaris-x86, r-release-linux-x86_64, r-release-osx-x86_64-mavericks, r-release-osx-x86_64-snowleopard, r-release-windows-ix86+x86_64, r-oldrel-windows-ix86+x86_64

Version: 0.5.3
Check: examples
Result: WARN
    checking a package with encoding 'UTF-8' in an ASCII locale
    
     OK
Flavor: r-release-osx-x86_64-snowleopard