CRAN Package Check Results for Package Nippon

Last updated on 2016-05-24 23:48:15.

Flavor Version Tinstall Tcheck Ttotal Status Flags
r-devel-linux-x86_64-debian-gcc 0.6.3-1 4.62 18.37 22.99 OK
r-devel-linux-x86_64-fedora-clang 0.6.3-1 37.88 NOTE
r-devel-linux-x86_64-fedora-gcc 0.6.3-1 35.85 NOTE
r-devel-osx-x86_64-clang 0.6.3-1 50.25 NOTE
r-devel-windows-ix86+x86_64 0.6.3-1 15.00 54.00 69.00 OK
r-patched-linux-x86_64 0.6.3-1 4.38 17.84 22.21 OK
r-patched-solaris-sparc 0.6.3-1 235.10 NOTE
r-patched-solaris-x86 0.6.3-1 54.60 NOTE
r-release-linux-x86_64 0.6.3-1 4.41 17.96 22.36 OK
r-release-osx-x86_64-mavericks 0.6.3-1 NOTE
r-release-windows-ix86+x86_64 0.6.3-1 15.00 54.00 69.00 OK
r-oldrel-windows-ix86+x86_64 0.6.3-1 23.00 52.00 75.00 NOTE

Check Details

Version: 0.6.3-1
Check: data for non-ASCII characters
Result: NOTE
     Note: found 395 marked UTF-8 strings
Flavors: r-devel-linux-x86_64-fedora-clang, r-devel-linux-x86_64-fedora-gcc, r-devel-osx-x86_64-clang, r-patched-solaris-sparc, r-patched-solaris-x86, r-release-osx-x86_64-mavericks, r-oldrel-windows-ix86+x86_64