CRAN Package Check Results for Package Nippon

Last updated on 2014-11-27 16:48:15.

Flavor Version Tinstall Tcheck Ttotal Status Flags
r-devel-linux-x86_64-debian-clang 0.5.3 4.46 20.12 24.57 NOTE
r-devel-linux-x86_64-debian-gcc 0.5.3 4.12 19.89 24.01 NOTE
r-devel-linux-x86_64-fedora-clang 0.5.3 53.09 NOTE
r-devel-linux-x86_64-fedora-gcc 0.5.3 51.40 NOTE
r-devel-osx-x86_64-clang 0.5.3 51.18 NOTE
r-devel-windows-ix86+x86_64 0.5.3 15.00 46.00 61.00 NOTE
r-patched-linux-x86_64 0.5.3 4.35 19.84 24.20 NOTE
r-patched-solaris-sparc 0.5.3 288.80 NOTE
r-patched-solaris-x86 0.5.3 67.60 NOTE
r-release-linux-ix86 0.5.3 6.38 27.03 33.42 NOTE
r-release-linux-x86_64 0.5.3 4.19 20.00 24.19 NOTE
r-release-osx-x86_64-mavericks 0.5.3 NOTE
r-release-osx-x86_64-snowleopard 0.5.3 WARN
r-release-windows-ix86+x86_64 0.5.3 14.00 52.00 66.00 NOTE
r-oldrel-windows-ix86+x86_64 0.5.3 15.00 51.00 66.00 NOTE

Check Details

Version: 0.5.3
Check: top-level files
Result: NOTE
    Non-standard files/directories found at top level:
     ‘Nippon-Ex.R’ ‘configure.ac.orig’
Flavors: r-devel-linux-x86_64-debian-clang, r-devel-linux-x86_64-debian-gcc, r-devel-linux-x86_64-fedora-clang, r-devel-linux-x86_64-fedora-gcc, r-patched-linux-x86_64, r-release-linux-x86_64

Version: 0.5.3
Check: R code for possible problems
Result: NOTE
    JapanPrefecturesMap: no visible global function definition for ‘CRS’
    JapanPrefecturesMap: no visible global function definition for
     ‘coordinates’
Flavors: r-devel-linux-x86_64-debian-clang, r-devel-linux-x86_64-debian-gcc, r-devel-linux-x86_64-fedora-clang, r-devel-linux-x86_64-fedora-gcc, r-devel-osx-x86_64-clang, r-devel-windows-ix86+x86_64, r-patched-linux-x86_64, r-patched-solaris-sparc, r-patched-solaris-x86, r-release-linux-ix86, r-release-linux-x86_64, r-release-windows-ix86+x86_64

Version: 0.5.3
Check: data for non-ASCII characters
Result: NOTE
     Note: found 395 marked UTF-8 strings
Flavors: r-devel-linux-x86_64-debian-clang, r-devel-linux-x86_64-debian-gcc, r-devel-linux-x86_64-fedora-clang, r-devel-linux-x86_64-fedora-gcc, r-devel-osx-x86_64-clang, r-devel-windows-ix86+x86_64, r-patched-linux-x86_64, r-patched-solaris-sparc, r-patched-solaris-x86, r-release-linux-ix86, r-release-linux-x86_64, r-release-osx-x86_64-mavericks, r-release-osx-x86_64-snowleopard, r-release-windows-ix86+x86_64, r-oldrel-windows-ix86+x86_64

Version: 0.5.3
Check: examples
Result: WARN
    checking a package with encoding 'UTF-8' in an ASCII locale
    
     OK
Flavor: r-release-osx-x86_64-snowleopard