CRAN Package Check Results for Package Nippon

Last updated on 2016-09-26 08:49:26.

Flavor Version Tinstall Tcheck Ttotal Status Flags
r-devel-linux-x86_64-debian-clang 0.6.3-1 5.89 18.17 24.06 OK
r-devel-linux-x86_64-debian-gcc 0.6.3-1 4.67 17.73 22.39 OK
r-devel-linux-x86_64-fedora-clang 0.6.3-1 38.73 NOTE
r-devel-linux-x86_64-fedora-gcc 0.6.3-1 37.31 NOTE
r-devel-macos-x86_64-clang 0.6.3-1 35.36 NOTE
r-devel-windows-ix86+x86_64 0.6.3-1 21.00 67.00 88.00 OK
r-patched-linux-x86_64 0.6.3-1 4.18 17.89 22.06 OK
r-patched-solaris-sparc 0.6.3-1 239.20 NOTE
r-patched-solaris-x86 0.6.3-1 51.60 NOTE
r-release-linux-x86_64 0.6.3-1 4.32 18.72 23.04 OK
r-release-osx-x86_64-mavericks 0.6.3-1 NOTE
r-release-windows-ix86+x86_64 0.6.3-1 46.00 71.00 117.00 OK
r-oldrel-windows-ix86+x86_64 0.6.3-1 26.00 85.00 111.00 NOTE

Check Details

Version: 0.6.3-1
Check: data for non-ASCII characters
Result: NOTE
     Note: found 395 marked UTF-8 strings
Flavors: r-devel-linux-x86_64-fedora-clang, r-devel-linux-x86_64-fedora-gcc, r-devel-macos-x86_64-clang, r-patched-solaris-sparc, r-patched-solaris-x86, r-release-osx-x86_64-mavericks, r-oldrel-windows-ix86+x86_64