CRAN Package Check Results for Package Nippon

Last updated on 2017-11-23 20:47:17 CET.

Flavor Version Tinstall Tcheck Ttotal Status Flags
r-devel-linux-x86_64-debian-clang 0.6.3-1 5.58 34.61 40.19 NOTE
r-devel-linux-x86_64-debian-gcc 0.6.4 6.96 64.89 71.85 WARN
r-devel-linux-x86_64-fedora-clang 0.6.4 60.28 WARN
r-devel-linux-x86_64-fedora-gcc 0.6.4 56.55 WARN
r-devel-windows-ix86+x86_64 0.6.3-1 13.00 65.00 78.00 OK
r-patched-linux-x86_64 0.6.4 7.78 70.82 78.60 WARN
r-patched-solaris-x86 0.6.4 82.90 WARN
r-release-linux-x86_64 0.6.3-1 4.57 22.52 27.09 NOTE
r-release-windows-ix86+x86_64 0.6.3-1 16.00 71.00 87.00 OK
r-release-osx-x86_64 0.6.4 WARN
r-oldrel-windows-ix86+x86_64 0.6.3-1 18.00 71.00 89.00 OK
r-oldrel-osx-x86_64 0.6.3-1 NOTE

Check Details

Version: 0.6.3-1
Check: compiled code
Result: NOTE
    File ‘Nippon/libs/Nippon.so’:
     Found no calls to: ‘R_registerRoutines’, ‘R_useDynamicSymbols’
    
    It is good practice to register native routines and to disable symbol
    search.
    
    See ‘Writing portable packages’ in the ‘Writing R Extensions’ manual.
Flavors: r-devel-linux-x86_64-debian-clang, r-release-linux-x86_64

Version: 0.6.4
Check: whether package can be installed
Result: WARN
    Found the following significant warnings:
     Warning: replacing previous import ‘sp::plot’ by ‘graphics::plot’ when loading ‘Nippon’
Flavors: r-devel-linux-x86_64-debian-gcc, r-devel-linux-x86_64-fedora-clang, r-devel-linux-x86_64-fedora-gcc, r-patched-linux-x86_64, r-patched-solaris-x86, r-release-osx-x86_64

Version: 0.6.4
Check: data for non-ASCII characters
Result: NOTE
     Note: found 395 marked UTF-8 strings
Flavors: r-devel-linux-x86_64-fedora-clang, r-devel-linux-x86_64-fedora-gcc, r-patched-solaris-x86, r-release-osx-x86_64

Version: 0.6.3-1
Check: data for non-ASCII characters
Result: NOTE
     Note: found 395 marked UTF-8 strings
Flavor: r-oldrel-osx-x86_64