CRAN Package Check Results for Package Nippon

Last updated on 2016-07-31 02:47:14.

Flavor Version Tinstall Tcheck Ttotal Status Flags
r-devel-linux-x86_64-debian-clang 0.6.3-1 6.01 18.22 24.23 OK
r-devel-linux-x86_64-debian-gcc 0.6.3-1 4.54 18.01 22.55 OK
r-devel-linux-x86_64-fedora-clang 0.6.3-1 38.22 NOTE
r-devel-linux-x86_64-fedora-gcc 0.6.3-1 35.96 NOTE
r-devel-osx-x86_64-clang 0.6.3-1 35.29 NOTE
r-devel-windows-ix86+x86_64 0.6.3-1 16.00 53.00 69.00 OK
r-patched-linux-x86_64 0.6.3-1 4.27 17.89 22.16 OK
r-patched-solaris-sparc 0.6.3-1 239.20 NOTE
r-patched-solaris-x86 0.6.3-1 52.40 NOTE
r-release-linux-x86_64 0.6.3-1 5.17 21.39 26.56 OK
r-release-osx-x86_64-mavericks 0.6.3-1 NOTE
r-release-windows-ix86+x86_64 0.6.3-1 20.00 86.00 106.00 OK
r-oldrel-windows-ix86+x86_64 0.6.3-1 27.00 80.00 107.00 NOTE

Check Details

Version: 0.6.3-1
Check: data for non-ASCII characters
Result: NOTE
     Note: found 395 marked UTF-8 strings
Flavors: r-devel-linux-x86_64-fedora-clang, r-devel-linux-x86_64-fedora-gcc, r-devel-osx-x86_64-clang, r-patched-solaris-sparc, r-patched-solaris-x86, r-release-osx-x86_64-mavericks, r-oldrel-windows-ix86+x86_64