CRAN Package Check Results for Package Nippon

Last updated on 2015-08-04 23:48:21.

Flavor Version Tinstall Tcheck Ttotal Status Flags
r-devel-linux-x86_64-debian-clang 0.6.1 4.45 17.60 22.05 NOTE
r-devel-linux-x86_64-debian-gcc 0.6.1 4.03 17.04 21.07 NOTE
r-devel-linux-x86_64-fedora-clang 0.6.1 43.31 NOTE
r-devel-linux-x86_64-fedora-gcc 0.6.1 37.27 NOTE
r-devel-osx-x86_64-clang 0.6.1 44.85 NOTE
r-devel-windows-ix86+x86_64 0.6.1 22.00 48.00 70.00 ERROR
r-patched-linux-x86_64 0.6.1 4.33 17.44 21.77 NOTE
r-patched-solaris-sparc 0.6.1 263.20 NOTE
r-patched-solaris-x86 0.6.1 59.30 NOTE
r-release-linux-x86_64 0.6.1 4.31 17.77 22.08 NOTE
r-release-osx-x86_64-mavericks 0.6.1 NOTE
r-release-windows-ix86+x86_64 0.6.1 20.00 45.00 65.00 ERROR
r-oldrel-windows-ix86+x86_64 0.6.1 21.00 48.00 69.00 ERROR

Check Details

Version: 0.6.1
Check: R code for possible problems
Result: NOTE
    JapanPrefecturesMap: no visible global function definition for ‘plot’
    JapanPrefecturesMap: no visible global function definition for ‘lines’
    nippon.palette: no visible global function definition for ‘palette’
    Undefined global functions or variables:
     lines palette plot
    Consider adding
     importFrom("grDevices", "palette")
     importFrom("graphics", "lines", "plot")
    to your NAMESPACE.
Flavors: r-devel-linux-x86_64-debian-clang, r-devel-linux-x86_64-debian-gcc, r-devel-linux-x86_64-fedora-clang, r-devel-linux-x86_64-fedora-gcc, r-devel-windows-ix86+x86_64

Version: 0.6.1
Check: data for non-ASCII characters
Result: NOTE
     Note: found 395 marked UTF-8 strings
Flavors: r-devel-linux-x86_64-debian-clang, r-devel-linux-x86_64-debian-gcc, r-devel-linux-x86_64-fedora-clang, r-devel-linux-x86_64-fedora-gcc, r-devel-osx-x86_64-clang, r-devel-windows-ix86+x86_64, r-patched-linux-x86_64, r-patched-solaris-sparc, r-patched-solaris-x86, r-release-linux-x86_64, r-release-osx-x86_64-mavericks, r-release-windows-ix86+x86_64, r-oldrel-windows-ix86+x86_64

Version: 0.6.1
Check: running examples for arch ‘i386’
Result: ERROR
    Running examples in 'Nippon-Ex.R' failed
    The error most likely occurred in:
    
    > ### Name: zen2han
    > ### Title: Convert Japanese characters from fullwidth (zenkaku) to
    > ### halfwidth (hankaku) forms
    > ### Aliases: zen2han
    > ### Keywords: character Japanese language
    >
    > ### ** Examples
    >
    > zenkaku
    $number
    [1] "0123456789"
    
    $lower
    [1] "abcdefghijklmnopqrstuvwxyz"
    
    $upper
    [1] "ABCDEFGHIJKLMNOPQRSTUVWXYZ"
    
    > zen2han(zenkaku)
    Error in iconv(s, from = "CP932", to = "UTF-8") :
     'x' must be a list of NULL or raw vectors
    Calls: zen2han -> iconv
    Execution halted
Flavors: r-devel-windows-ix86+x86_64, r-release-windows-ix86+x86_64, r-oldrel-windows-ix86+x86_64

Version: 0.6.1
Check: running examples for arch ‘x64’
Result: ERROR
    Running examples in 'Nippon-Ex.R' failed
    The error most likely occurred in:
    
    > ### Name: zen2han
    > ### Title: Convert Japanese characters from fullwidth (zenkaku) to
    > ### halfwidth (hankaku) forms
    > ### Aliases: zen2han
    > ### Keywords: character Japanese language
    >
    > ### ** Examples
    >
    > zenkaku
    $number
    [1] "0123456789"
    
    $lower
    [1] "abcdefghijklmnopqrstuvwxyz"
    
    $upper
    [1] "ABCDEFGHIJKLMNOPQRSTUVWXYZ"
    
    > zen2han(zenkaku)
    Error in iconv(s, from = "CP932", to = "UTF-8") :
     'x' must be a list of NULL or raw vectors
    Calls: zen2han -> iconv
    Execution halted
Flavors: r-devel-windows-ix86+x86_64, r-release-windows-ix86+x86_64, r-oldrel-windows-ix86+x86_64