CRAN Package Check Results for Package Nippon

Last updated on 2014-10-23 05:46:46.

Flavor Version Tinstall Tcheck Ttotal Status Flags
r-devel-linux-x86_64-debian-clang 0.5.3 4.40 20.73 25.12 NOTE
r-devel-linux-x86_64-debian-gcc 0.5.3 4.41 20.53 24.94 NOTE
r-devel-linux-x86_64-fedora-clang 0.5.3 47.90 NOTE
r-devel-linux-x86_64-fedora-gcc 0.5.3 47.03 NOTE
r-devel-osx-x86_64-clang 0.5.3 51.47 NOTE
r-devel-windows-ix86+x86_64 0.5.3 13.00 46.00 59.00 NOTE
r-patched-linux-x86_64 0.5.3 4.26 20.19 24.45 NOTE
r-patched-solaris-sparc 0.5.3 288.80 NOTE
r-patched-solaris-x86 0.5.3 68.20 NOTE
r-release-linux-ix86 0.5.3 7.03 29.06 36.09 NOTE
r-release-linux-x86_64 0.5.3 4.37 20.81 25.18 NOTE
r-release-osx-x86_64-mavericks 0.5.3 NOTE
r-release-osx-x86_64-snowleopard 0.5.3 WARN
r-release-windows-ix86+x86_64 0.5.3 12.00 51.00 63.00 NOTE
r-oldrel-windows-ix86+x86_64 0.5.3 13.00 52.00 65.00 NOTE

Check Details

Version: 0.5.3
Check: top-level files
Result: NOTE
    Non-standard files/directories found at top level:
     ‘Nippon-Ex.R’ ‘configure.ac.orig’
Flavors: r-devel-linux-x86_64-debian-clang, r-devel-linux-x86_64-debian-gcc, r-devel-linux-x86_64-fedora-clang, r-devel-linux-x86_64-fedora-gcc, r-patched-linux-x86_64, r-release-linux-x86_64

Version: 0.5.3
Check: R code for possible problems
Result: NOTE
    JapanPrefecturesMap: no visible global function definition for ‘CRS’
    JapanPrefecturesMap: no visible global function definition for
     ‘coordinates’
Flavors: r-devel-linux-x86_64-debian-clang, r-devel-linux-x86_64-debian-gcc, r-devel-linux-x86_64-fedora-clang, r-devel-linux-x86_64-fedora-gcc, r-devel-osx-x86_64-clang, r-devel-windows-ix86+x86_64, r-patched-linux-x86_64, r-patched-solaris-sparc, r-patched-solaris-x86

Version: 0.5.3
Check: data for non-ASCII characters
Result: NOTE
     Note: found 395 marked UTF-8 strings
Flavors: r-devel-linux-x86_64-debian-clang, r-devel-linux-x86_64-debian-gcc, r-devel-linux-x86_64-fedora-clang, r-devel-linux-x86_64-fedora-gcc, r-devel-osx-x86_64-clang, r-devel-windows-ix86+x86_64, r-patched-linux-x86_64, r-patched-solaris-sparc, r-patched-solaris-x86, r-release-linux-ix86, r-release-linux-x86_64, r-release-osx-x86_64-mavericks, r-release-osx-x86_64-snowleopard, r-release-windows-ix86+x86_64, r-oldrel-windows-ix86+x86_64

Version: 0.5.3
Check: examples
Result: WARN
    checking a package with encoding 'UTF-8' in an ASCII locale
    
     OK
Flavor: r-release-osx-x86_64-snowleopard