CRAN Package Check Results for Package Nippon

Last updated on 2018-07-23 17:49:38 CEST.

Flavor Version Tinstall Tcheck Ttotal Status Flags
r-devel-linux-x86_64-debian-clang 0.7.1 8.74 21.29 30.03 OK
r-devel-linux-x86_64-debian-gcc 0.7.1 5.51 18.05 23.56 OK
r-devel-linux-x86_64-fedora-clang 0.7.1 35.06 NOTE
r-devel-linux-x86_64-fedora-gcc 0.7.1 32.66 NOTE
r-devel-windows-ix86+x86_64 0.7.1 21.00 61.00 82.00 OK
r-patched-linux-x86_64 0.7.1 7.05 21.49 28.54 OK
r-patched-solaris-x86 0.7.1 50.50 NOTE
r-release-linux-x86_64 0.7.1 7.05 21.61 28.66 OK
r-release-windows-ix86+x86_64 0.7.1 14.00 64.00 78.00 OK
r-release-osx-x86_64 0.7.1 NOTE
r-oldrel-windows-ix86+x86_64 0.7.1 15.00 44.00 59.00 OK
r-oldrel-osx-x86_64 0.7.1 NOTE

Check Details

Version: 0.7.1
Check: data for non-ASCII characters
Result: NOTE
     Note: found 395 marked UTF-8 strings
Flavors: r-devel-linux-x86_64-fedora-clang, r-devel-linux-x86_64-fedora-gcc, r-patched-solaris-x86, r-release-osx-x86_64, r-oldrel-osx-x86_64