CRAN Package Check Results for Package Nippon

Last updated on 2014-08-23 20:46:58.

Flavor Version Tinstall Tcheck Ttotal Status Flags
r-devel-linux-x86_64-debian-clang 0.5.3 4.44 19.38 23.82 NOTE
r-devel-linux-x86_64-debian-gcc 0.5.3 4.12 19.16 23.28 NOTE
r-devel-linux-x86_64-fedora-clang 0.5.3 47.15 NOTE
r-devel-linux-x86_64-fedora-gcc 0.5.3 44.76 NOTE
r-devel-osx-x86_64-clang 0.5.3 50.64 NOTE
r-devel-windows-ix86+x86_64 0.5.3 13.00 50.00 63.00 NOTE
r-patched-linux-x86_64 0.5.3 4.34 19.77 24.11 NOTE
r-patched-solaris-sparc 0.5.3 283.80 NOTE
r-patched-solaris-x86 0.5.3 67.00 NOTE
r-release-linux-ix86 0.5.3 6.64 28.41 35.05 NOTE
r-release-linux-x86_64 0.5.3 4.33 20.62 24.95 NOTE
r-release-osx-x86_64-mavericks 0.5.3 NOTE
r-release-osx-x86_64-snowleopard 0.5.3 WARN
r-release-windows-ix86+x86_64 0.5.3 15.00 54.00 69.00 NOTE
r-oldrel-windows-ix86+x86_64 0.5.3 14.00 49.00 63.00 NOTE

Check Details

Version: 0.5.3
Check: R code for possible problems
Result: NOTE
    JapanPrefecturesMap: no visible global function definition for ‘CRS’
    JapanPrefecturesMap: no visible global function definition for
     ‘coordinates’
Flavors: r-devel-linux-x86_64-debian-clang, r-devel-linux-x86_64-debian-gcc, r-devel-linux-x86_64-fedora-clang, r-devel-linux-x86_64-fedora-gcc, r-devel-osx-x86_64-clang

Version: 0.5.3
Check: data for non-ASCII characters
Result: NOTE
     Note: found 395 marked UTF-8 strings
Flavors: r-devel-linux-x86_64-debian-clang, r-devel-linux-x86_64-debian-gcc, r-devel-linux-x86_64-fedora-clang, r-devel-linux-x86_64-fedora-gcc, r-devel-osx-x86_64-clang, r-devel-windows-ix86+x86_64, r-patched-linux-x86_64, r-patched-solaris-sparc, r-patched-solaris-x86, r-release-linux-ix86, r-release-linux-x86_64, r-release-osx-x86_64-mavericks, r-release-osx-x86_64-snowleopard, r-release-windows-ix86+x86_64, r-oldrel-windows-ix86+x86_64

Version: 0.5.3
Check: top-level files
Result: NOTE
    Non-standard files/directories found at top level:
     ‘Nippon-Ex.R’ ‘configure.ac.orig’
Flavors: r-devel-linux-x86_64-fedora-clang, r-devel-linux-x86_64-fedora-gcc

Version: 0.5.3
Check: examples
Result: WARN
    checking a package with encoding 'UTF-8' in an ASCII locale
    
     OK
Flavor: r-release-osx-x86_64-snowleopard