CRAN Package Check Results for Package Nippon

Last updated on 2015-04-19 17:48:42.

Flavor Version Tinstall Tcheck Ttotal Status Flags
r-devel-linux-x86_64-debian-clang 0.5.3 4.54 17.73 22.27 NOTE
r-devel-linux-x86_64-debian-gcc 0.5.3 4.09 17.63 21.72 NOTE
r-devel-linux-x86_64-fedora-clang 0.5.3 41.79 NOTE
r-devel-linux-x86_64-fedora-gcc 0.5.3 39.75 NOTE
r-devel-osx-x86_64-clang 0.5.3 52.26 NOTE
r-devel-windows-ix86+x86_64 0.5.3 21.00 55.00 76.00 NOTE
r-patched-linux-x86_64 0.5.3 4.08 17.33 21.41 NOTE
r-patched-solaris-sparc 0.5.3 267.20 NOTE
r-patched-solaris-x86 0.5.3 58.40 NOTE
r-release-linux-x86_64 0.5.3 4.06 17.41 21.47 NOTE
r-release-osx-x86_64-mavericks 0.5.3 NOTE
r-release-osx-x86_64-snowleopard 0.5.3 NOTE
r-release-windows-ix86+x86_64 0.5.3 10.00 40.00 50.00 NOTE
r-oldrel-windows-ix86+x86_64 0.5.3 13.00 61.00 74.00 NOTE

Check Details

Version: 0.5.3
Check: top-level files
Result: NOTE
    Non-standard files/directories found at top level:
     ‘Nippon-Ex.R’ ‘configure.ac.orig’
Flavors: r-devel-linux-x86_64-debian-clang, r-devel-linux-x86_64-debian-gcc, r-devel-linux-x86_64-fedora-clang, r-devel-linux-x86_64-fedora-gcc, r-patched-linux-x86_64, r-release-linux-x86_64

Version: 0.5.3
Check: R code for possible problems
Result: NOTE
    JapanPrefecturesMap: no visible global function definition for ‘CRS’
    JapanPrefecturesMap: no visible global function definition for
     ‘coordinates’
Flavors: r-devel-linux-x86_64-debian-clang, r-devel-linux-x86_64-debian-gcc, r-devel-linux-x86_64-fedora-clang, r-devel-linux-x86_64-fedora-gcc, r-devel-osx-x86_64-clang, r-devel-windows-ix86+x86_64, r-patched-linux-x86_64, r-patched-solaris-sparc, r-patched-solaris-x86, r-release-linux-x86_64, r-release-osx-x86_64-mavericks, r-release-osx-x86_64-snowleopard, r-release-windows-ix86+x86_64, r-oldrel-windows-ix86+x86_64

Version: 0.5.3
Check: data for non-ASCII characters
Result: NOTE
     Note: found 395 marked UTF-8 strings
Flavors: r-devel-linux-x86_64-debian-clang, r-devel-linux-x86_64-debian-gcc, r-devel-linux-x86_64-fedora-clang, r-devel-linux-x86_64-fedora-gcc, r-devel-osx-x86_64-clang, r-devel-windows-ix86+x86_64, r-patched-linux-x86_64, r-patched-solaris-sparc, r-patched-solaris-x86, r-release-linux-x86_64, r-release-osx-x86_64-mavericks, r-release-osx-x86_64-snowleopard, r-release-windows-ix86+x86_64, r-oldrel-windows-ix86+x86_64

Version: 0.5.3
Check: Rd cross-references
Result: NOTE
    Package unavailable to check Rd xrefs: ‘cshapes’
Flavor: r-release-osx-x86_64-mavericks

Version: 0.5.3
Check: Rd cross-references
Result: NOTE
    Packages unavailable to check Rd xrefs: ‘TimeWarp’, ‘Holidays’
Flavor: r-release-osx-x86_64-snowleopard