CRAN Package Check Results for Package Nippon

Last updated on 2017-07-25 03:49:32.

Flavor Version Tinstall Tcheck Ttotal Status Flags
r-devel-linux-x86_64-debian-clang 0.6.3-1 6.70 29.96 36.65 NOTE
r-devel-linux-x86_64-debian-gcc 0.6.3-1 4.76 29.18 33.95 NOTE
r-devel-linux-x86_64-fedora-clang 0.6.3-1 47.12 NOTE
r-devel-linux-x86_64-fedora-gcc 0.6.3-1 49.39 NOTE
r-devel-windows-ix86+x86_64 0.6.3-1 17.00 76.00 93.00 OK
r-patched-linux-x86_64 0.6.3-1 4.59 30.10 34.69 NOTE
r-patched-solaris-x86 0.6.3-1 66.00 NOTE
r-release-linux-x86_64 0.6.3-1 4.64 29.39 34.03 NOTE
r-release-windows-ix86+x86_64 0.6.3-1 17.00 91.00 108.00 OK
r-release-osx-x86_64 0.6.3-1 NOTE
r-oldrel-windows-ix86+x86_64 0.6.3-1 16.00 62.00 78.00 OK
r-oldrel-osx-x86_64 0.6.3-1 NOTE

Check Details

Version: 0.6.3-1
Check: compiled code
Result: NOTE
    File ‘Nippon/libs/Nippon.so’:
     Found no calls to: ‘R_registerRoutines’, ‘R_useDynamicSymbols’
    
    It is good practice to register native routines and to disable symbol
    search.
    
    See ‘Writing portable packages’ in the ‘Writing R Extensions’ manual.
Flavors: r-devel-linux-x86_64-debian-clang, r-devel-linux-x86_64-debian-gcc, r-devel-linux-x86_64-fedora-clang, r-devel-linux-x86_64-fedora-gcc, r-patched-linux-x86_64, r-release-linux-x86_64

Version: 0.6.3-1
Check: data for non-ASCII characters
Result: NOTE
     Note: found 395 marked UTF-8 strings
Flavors: r-devel-linux-x86_64-fedora-clang, r-devel-linux-x86_64-fedora-gcc, r-patched-solaris-x86, r-release-osx-x86_64, r-oldrel-osx-x86_64