CRAN Package Check Results for Package Nippon

Last updated on 2016-12-07 22:50:05.

Flavor Version Tinstall Tcheck Ttotal Status Flags
r-devel-linux-x86_64-debian-clang 0.6.3-1 6.14 22.14 28.28 OK
r-devel-linux-x86_64-debian-gcc 0.6.3-1 4.80 21.91 26.72 OK
r-devel-linux-x86_64-fedora-clang 0.6.3-1 48.73 NOTE --no-stop-on-test-error
r-devel-linux-x86_64-fedora-gcc 0.6.3-1 45.50 NOTE --no-stop-on-test-error
r-devel-macos-x86_64-clang 0.6.3-1 41.36 NOTE --no-stop-on-test-error
r-devel-windows-ix86+x86_64 0.6.3-1 19.00 86.00 105.00 OK
r-patched-linux-x86_64 0.6.3-1 4.22 18.62 22.83 OK
r-patched-solaris-sparc 0.6.3-1 239.20 NOTE
r-patched-solaris-x86 0.6.3-1 55.60 NOTE
r-release-linux-x86_64 0.6.3-1 4.32 18.67 22.99 OK
r-release-osx-x86_64-mavericks 0.6.3-1 NOTE
r-release-windows-ix86+x86_64 0.6.3-1 13.00 59.00 72.00 OK
r-oldrel-windows-ix86+x86_64 0.6.3-1 21.00 54.00 75.00 NOTE

Check Details

Version: 0.6.3-1
Flags: --no-stop-on-test-error
Check: data for non-ASCII characters
Result: NOTE
     Note: found 395 marked UTF-8 strings
Flavors: r-devel-linux-x86_64-fedora-clang, r-devel-linux-x86_64-fedora-gcc, r-devel-macos-x86_64-clang

Version: 0.6.3-1
Check: data for non-ASCII characters
Result: NOTE
     Note: found 395 marked UTF-8 strings
Flavors: r-patched-solaris-sparc, r-patched-solaris-x86, r-release-osx-x86_64-mavericks, r-oldrel-windows-ix86+x86_64