CRAN Package Check Results for Package Nippon

Last updated on 2016-08-26 17:49:15.

Flavor Version Tinstall Tcheck Ttotal Status Flags
r-devel-linux-x86_64-debian-clang 0.6.3-1 6.01 18.12 24.13 OK
r-devel-linux-x86_64-debian-gcc 0.6.3-1 6.19 23.16 29.34 OK
r-devel-linux-x86_64-fedora-clang 0.6.3-1 39.23 NOTE
r-devel-linux-x86_64-fedora-gcc 0.6.3-1 36.70 NOTE
r-devel-osx-x86_64-clang 0.6.3-1 36.95 NOTE
r-devel-windows-ix86+x86_64 0.6.3-1 21.00 66.00 87.00 OK
r-patched-linux-x86_64 0.6.3-1 4.18 17.98 22.16 OK
r-patched-solaris-sparc 0.6.3-1 239.20 NOTE
r-patched-solaris-x86 0.6.3-1 52.50 NOTE
r-release-linux-x86_64 0.6.3-1 4.55 18.14 22.69 OK
r-release-osx-x86_64-mavericks 0.6.3-1 NOTE
r-release-windows-ix86+x86_64 0.6.3-1 25.00 54.00 79.00 OK
r-oldrel-windows-ix86+x86_64 0.6.3-1 15.00 95.00 110.00 NOTE

Check Details

Version: 0.6.3-1
Check: data for non-ASCII characters
Result: NOTE
     Note: found 395 marked UTF-8 strings
Flavors: r-devel-linux-x86_64-fedora-clang, r-devel-linux-x86_64-fedora-gcc, r-devel-osx-x86_64-clang, r-patched-solaris-sparc, r-patched-solaris-x86, r-release-osx-x86_64-mavericks, r-oldrel-windows-ix86+x86_64