CRAN Package Check Results for Package Nippon

Last updated on 2018-12-12 15:48:17 CET.

Flavor Version Tinstall Tcheck Ttotal Status Flags
r-devel-linux-x86_64-debian-clang 0.7.1 9.38 22.64 32.02 OK
r-devel-linux-x86_64-debian-gcc 0.7.1 5.78 18.61 24.39 OK
r-devel-linux-x86_64-fedora-clang 0.7.1 36.43 NOTE
r-devel-linux-x86_64-fedora-gcc 0.7.1 34.02 NOTE
r-devel-windows-ix86+x86_64 0.7.1 23.00 68.00 91.00 OK
r-patched-linux-x86_64 0.7.1 7.05 21.67 28.72 OK
r-patched-solaris-x86 0.7.1 53.80 NOTE
r-release-linux-x86_64 0.7.1 6.83 21.83 28.66 OK
r-release-windows-ix86+x86_64 0.7.1 22.00 41.00 63.00 OK
r-release-osx-x86_64 0.7.1 NOTE
r-oldrel-windows-ix86+x86_64 0.7.1 12.00 46.00 58.00 OK
r-oldrel-osx-x86_64 0.7.1 NOTE

Check Details

Version: 0.7.1
Check: data for non-ASCII characters
Result: NOTE
     Note: found 395 marked UTF-8 strings
Flavors: r-devel-linux-x86_64-fedora-clang, r-devel-linux-x86_64-fedora-gcc, r-patched-solaris-x86, r-release-osx-x86_64, r-oldrel-osx-x86_64