CRAN Package Check Results for Package Nippon

Last updated on 2017-01-16 12:52:38.

Flavor Version Tinstall Tcheck Ttotal Status Flags
r-devel-linux-x86_64-debian-clang 0.6.3-1 5.95 22.00 27.95 OK
r-devel-linux-x86_64-debian-gcc 0.6.3-1 4.72 21.84 26.56 OK
r-devel-linux-x86_64-fedora-clang 0.6.3-1 44.26 NOTE --no-stop-on-test-error
r-devel-linux-x86_64-fedora-gcc 0.6.3-1 42.52 NOTE --no-stop-on-test-error
r-devel-macos-x86_64-clang 0.6.3-1 39.15 NOTE --no-stop-on-test-error
r-devel-windows-ix86+x86_64 0.6.3-1 28.00 71.00 99.00 OK
r-patched-linux-x86_64 0.6.3-1 4.13 18.76 22.89 OK
r-patched-solaris-sparc 0.6.3-1 250.50 NOTE
r-patched-solaris-x86 0.6.3-1 56.20 NOTE
r-release-linux-x86_64 0.6.3-1 4.25 18.87 23.11 OK
r-release-osx-x86_64-mavericks 0.6.3-1 NOTE
r-release-windows-ix86+x86_64 0.6.3-1 35.00 62.00 97.00 OK
r-oldrel-windows-ix86+x86_64 0.6.3-1 24.00 97.00 121.00 NOTE

Check Details

Version: 0.6.3-1
Flags: --no-stop-on-test-error
Check: data for non-ASCII characters
Result: NOTE
     Note: found 395 marked UTF-8 strings
Flavors: r-devel-linux-x86_64-fedora-clang, r-devel-linux-x86_64-fedora-gcc, r-devel-macos-x86_64-clang

Version: 0.6.3-1
Flags: --no-stop-on-test-error
Check: compiled code
Result: NOTE
    File ‘Nippon/libs/Nippon.so’:
     Found no calls to: ‘R_registerRoutines’, ‘R_useDynamicSymbols’
    
    It is good practice to use registered native symbols and disable symbol
    search.
    
    See ‘Writing portable packages’ in the ‘Writing R Extensions’ manual.
Flavor: r-devel-linux-x86_64-fedora-gcc

Version: 0.6.3-1
Check: data for non-ASCII characters
Result: NOTE
     Note: found 395 marked UTF-8 strings
Flavors: r-patched-solaris-sparc, r-patched-solaris-x86, r-release-osx-x86_64-mavericks, r-oldrel-windows-ix86+x86_64