CRAN Package Check Results for Package Nippon

Last updated on 2018-02-24 18:49:06 CET.

Flavor Version Tinstall Tcheck Ttotal Status Flags
r-devel-linux-x86_64-debian-clang 0.6.5 10.36 44.69 55.05 OK
r-devel-linux-x86_64-debian-gcc 0.6.5 7.16 39.09 46.25 OK
r-devel-linux-x86_64-fedora-clang 0.6.5 65.71 NOTE
r-devel-linux-x86_64-fedora-gcc 0.6.5 63.53 NOTE
r-devel-windows-ix86+x86_64 0.6.5 27.00 135.00 162.00 OK
r-patched-linux-x86_64 0.6.5 7.63 46.71 54.34 OK
r-patched-solaris-x86 0.6.5 100.60 NOTE
r-release-linux-x86_64 0.6.5 8.01 46.98 54.99 OK
r-release-windows-ix86+x86_64 0.6.5 28.00 129.00 157.00 OK
r-release-osx-x86_64 0.6.5 NOTE
r-oldrel-windows-ix86+x86_64 0.6.5 18.00 88.00 106.00 OK
r-oldrel-osx-x86_64 0.6.5 NOTE

Check Details

Version: 0.6.5
Check: data for non-ASCII characters
Result: NOTE
     Note: found 395 marked UTF-8 strings
Flavors: r-devel-linux-x86_64-fedora-clang, r-devel-linux-x86_64-fedora-gcc, r-patched-solaris-x86, r-release-osx-x86_64, r-oldrel-osx-x86_64