CRAN Package Check Results for Package Nippon

Last updated on 2018-09-21 02:48:46 CEST.

Flavor Version Tinstall Tcheck Ttotal Status Flags
r-devel-linux-x86_64-debian-clang 0.7.1 9.78 22.83 32.61 OK
r-devel-linux-x86_64-debian-gcc 0.7.1 5.77 18.79 24.56 OK
r-devel-linux-x86_64-fedora-clang 0.7.1 37.62 NOTE
r-devel-linux-x86_64-fedora-gcc 0.7.1 34.25 NOTE
r-devel-windows-ix86+x86_64 0.7.1 19.00 69.00 88.00 OK
r-patched-linux-x86_64 0.7.1 7.03 21.27 28.30 OK
r-patched-solaris-x86 0.7.1 48.50 NOTE
r-release-linux-x86_64 0.7.1 7.22 21.16 28.38 OK
r-release-windows-ix86+x86_64 0.7.1 19.00 43.00 62.00 OK
r-release-osx-x86_64 0.7.1 NOTE
r-oldrel-windows-ix86+x86_64 0.7.1 13.00 52.00 65.00 OK
r-oldrel-osx-x86_64 0.7.1 NOTE

Check Details

Version: 0.7.1
Check: data for non-ASCII characters
Result: NOTE
     Note: found 395 marked UTF-8 strings
Flavors: r-devel-linux-x86_64-fedora-clang, r-devel-linux-x86_64-fedora-gcc, r-patched-solaris-x86, r-release-osx-x86_64, r-oldrel-osx-x86_64