CRAN Package Check Results for Package Nippon

Last updated on 2015-05-22 17:46:43.

Flavor Version Tinstall Tcheck Ttotal Status Flags
r-devel-linux-x86_64-debian-clang 0.5.3 4.43 20.47 24.90 WARN
r-devel-linux-x86_64-debian-gcc 0.5.3 4.17 20.22 24.39 WARN
r-devel-linux-x86_64-fedora-clang 0.5.3 44.88 WARN
r-devel-linux-x86_64-fedora-gcc 0.5.3 41.95 WARN
r-devel-osx-x86_64-clang 0.5.3 49.53 WARN
r-devel-windows-ix86+x86_64 0.5.3 20.00 46.00 66.00 NOTE
r-patched-linux-x86_64 0.5.3 4.17 20.76 24.93 WARN
r-patched-solaris-sparc 0.5.3 302.10 WARN
r-patched-solaris-x86 0.5.3 62.60 WARN
r-release-linux-x86_64 0.5.3 4.12 20.29 24.41 WARN
r-release-osx-x86_64-mavericks 0.5.3 NOTE
r-release-osx-x86_64-snowleopard 0.5.3 NOTE
r-release-windows-ix86+x86_64 0.5.3 15.00 46.00 61.00 NOTE
r-oldrel-windows-ix86+x86_64 0.5.3 15.00 54.00 69.00 NOTE

Check Details

Version: 0.5.3
Check: top-level files
Result: NOTE
    Non-standard files/directories found at top level:
     ‘Nippon-Ex.R’ ‘configure.ac.orig’
Flavors: r-devel-linux-x86_64-debian-clang, r-devel-linux-x86_64-debian-gcc, r-devel-linux-x86_64-fedora-clang, r-devel-linux-x86_64-fedora-gcc, r-patched-linux-x86_64, r-release-linux-x86_64

Version: 0.5.3
Check: R code for possible problems
Result: NOTE
    JapanPrefecturesMap: no visible global function definition for ‘CRS’
    JapanPrefecturesMap: no visible global function definition for
     ‘coordinates’
Flavors: r-devel-linux-x86_64-debian-clang, r-devel-linux-x86_64-debian-gcc, r-devel-linux-x86_64-fedora-clang, r-devel-linux-x86_64-fedora-gcc, r-devel-osx-x86_64-clang, r-devel-windows-ix86+x86_64, r-patched-linux-x86_64, r-patched-solaris-sparc, r-patched-solaris-x86, r-release-linux-x86_64, r-release-osx-x86_64-mavericks, r-release-osx-x86_64-snowleopard, r-release-windows-ix86+x86_64, r-oldrel-windows-ix86+x86_64

Version: 0.5.3
Check: Rd cross-references
Result: WARN
    Unknown package ‘epicalc’ in Rd xrefs
Flavors: r-devel-linux-x86_64-debian-clang, r-devel-linux-x86_64-debian-gcc, r-devel-linux-x86_64-fedora-clang, r-devel-linux-x86_64-fedora-gcc, r-devel-osx-x86_64-clang, r-patched-linux-x86_64, r-patched-solaris-sparc, r-patched-solaris-x86, r-release-linux-x86_64

Version: 0.5.3
Check: data for non-ASCII characters
Result: NOTE
     Note: found 395 marked UTF-8 strings
Flavors: r-devel-linux-x86_64-debian-clang, r-devel-linux-x86_64-debian-gcc, r-devel-linux-x86_64-fedora-clang, r-devel-linux-x86_64-fedora-gcc, r-devel-osx-x86_64-clang, r-devel-windows-ix86+x86_64, r-patched-linux-x86_64, r-patched-solaris-sparc, r-patched-solaris-x86, r-release-linux-x86_64, r-release-osx-x86_64-mavericks, r-release-osx-x86_64-snowleopard, r-release-windows-ix86+x86_64, r-oldrel-windows-ix86+x86_64

Version: 0.5.3
Check: Rd cross-references
Result: NOTE
    Packages unavailable to check Rd xrefs: ‘TimeWarp’, ‘Holidays’
Flavor: r-release-osx-x86_64-snowleopard