CRAN Package Check Results for Package Nippon

Last updated on 2019-03-20 08:48:41 CET.

Flavor Version Tinstall Tcheck Ttotal Status Flags
r-devel-linux-x86_64-debian-clang 0.7.1 9.58 26.03 35.61 OK
r-devel-linux-x86_64-debian-gcc 0.7.1 6.29 20.80 27.09 OK
r-devel-linux-x86_64-fedora-clang 0.7.1 41.96 NOTE
r-devel-linux-x86_64-fedora-gcc 0.7.1 38.89 NOTE
r-devel-windows-ix86+x86_64 0.7.1 20.00 62.00 82.00 OK
r-patched-linux-x86_64 0.7.1 6.51 20.76 27.27 OK
r-patched-solaris-x86 0.7.1 54.80 NOTE
r-release-linux-x86_64 0.7.1 6.67 21.08 27.75 OK
r-release-windows-ix86+x86_64 0.7.1 24.00 68.00 92.00 OK
r-release-osx-x86_64 0.7.1 NOTE
r-oldrel-windows-ix86+x86_64 0.7.1 13.00 66.00 79.00 OK
r-oldrel-osx-x86_64 0.7.1 NOTE

Check Details

Version: 0.7.1
Check: data for non-ASCII characters
Result: NOTE
     Note: found 395 marked UTF-8 strings
Flavors: r-devel-linux-x86_64-fedora-clang, r-devel-linux-x86_64-fedora-gcc, r-patched-solaris-x86, r-release-osx-x86_64, r-oldrel-osx-x86_64