CRAN Package Check Results for Package Nippon

Last updated on 2017-05-25 10:47:17.

Flavor Version Tinstall Tcheck Ttotal Status Flags
r-devel-linux-x86_64-debian-clang 0.6.3-1 6.54 22.63 29.17 NOTE
r-devel-linux-x86_64-debian-gcc 0.6.3-1 4.73 22.31 27.04 NOTE
r-devel-linux-x86_64-fedora-clang 0.6.3-1 48.41 NOTE --no-stop-on-test-error
r-devel-linux-x86_64-fedora-gcc 0.6.3-1 44.84 NOTE --no-stop-on-test-error
r-devel-windows-ix86+x86_64 0.6.3-1 16.00 95.00 111.00 OK
r-patched-linux-x86_64 0.6.3-1 4.49 22.61 27.10 NOTE
r-patched-solaris-sparc 0.6.3-1 280.30 NOTE
r-patched-solaris-x86 0.6.3-1 64.30 NOTE
r-release-linux-x86_64 0.6.3-1 4.35 22.74 27.09 NOTE
r-release-windows-ix86+x86_64 0.6.3-1 34.00 120.00 154.00 OK
r-release-osx-x86_64 0.6.3-1 NOTE
r-oldrel-windows-ix86+x86_64 0.6.3-1 26.00 88.00 114.00 OK
r-oldrel-osx-x86_64 0.6.3-1 NOTE

Check Details

Version: 0.6.3-1
Check: compiled code
Result: NOTE
    File ‘Nippon/libs/Nippon.so’:
     Found no calls to: ‘R_registerRoutines’, ‘R_useDynamicSymbols’
    
    It is good practice to register native routines and to disable symbol
    search.
    
    See ‘Writing portable packages’ in the ‘Writing R Extensions’ manual.
Flavors: r-devel-linux-x86_64-debian-clang, r-devel-linux-x86_64-debian-gcc, r-patched-linux-x86_64, r-release-linux-x86_64

Version: 0.6.3-1
Flags: --no-stop-on-test-error
Check: data for non-ASCII characters
Result: NOTE
     Note: found 395 marked UTF-8 strings
Flavors: r-devel-linux-x86_64-fedora-clang, r-devel-linux-x86_64-fedora-gcc

Version: 0.6.3-1
Flags: --no-stop-on-test-error
Check: compiled code
Result: NOTE
    File ‘Nippon/libs/Nippon.so’:
     Found no calls to: ‘R_registerRoutines’, ‘R_useDynamicSymbols’
    
    It is good practice to register native routines and to disable symbol
    search.
    
    See ‘Writing portable packages’ in the ‘Writing R Extensions’ manual.
Flavors: r-devel-linux-x86_64-fedora-clang, r-devel-linux-x86_64-fedora-gcc

Version: 0.6.3-1
Check: data for non-ASCII characters
Result: NOTE
     Note: found 395 marked UTF-8 strings
Flavors: r-patched-solaris-sparc, r-patched-solaris-x86, r-release-osx-x86_64, r-oldrel-osx-x86_64