CRAN Package Check Results for Package Nippon

Last updated on 2014-04-21 12:43:22.

Flavor Version Tinstall Tcheck Ttotal Status Flags
r-devel-linux-x86_64-debian-clang 0.5.3 4.54 21.43 25.96 NOTE
r-devel-linux-x86_64-debian-gcc 0.5.3 4.28 21.62 25.91 NOTE
r-devel-linux-x86_64-fedora-clang 0.5.3 48.53 NOTE
r-devel-linux-x86_64-fedora-gcc 0.5.3 46.94 NOTE
r-devel-osx-x86_64-clang 0.5.3 52.29 NOTE
r-devel-osx-x86_64-gcc 0.5.3 ERROR
r-devel-windows-ix86+x86_64 0.5.3 15.00 49.00 64.00 NOTE
r-patched-linux-x86_64 0.5.3 4.61 21.51 26.12 NOTE
r-patched-solaris-sparc 0.5.3 279.00 NOTE
r-patched-solaris-x86 0.5.3 67.80 NOTE
r-release-linux-x86_64 0.5.3 4.34 21.15 25.49 NOTE
r-release-osx-x86_64-mavericks 0.5.3 ERROR
r-release-osx-x86_64-snowleopard 0.5.3 WARN
r-release-windows-ix86+x86_64 0.5.3 16.00 51.00 67.00 NOTE
r-oldrel-windows-ix86+x86_64 0.5.3 15.00 50.00 65.00 NOTE

Check Details

Version: 0.5.3
Check: data for non-ASCII characters
Result: NOTE
     Note: found 395 marked UTF-8 strings
Flavors: r-devel-linux-x86_64-debian-clang, r-devel-linux-x86_64-debian-gcc, r-devel-linux-x86_64-fedora-clang, r-devel-linux-x86_64-fedora-gcc, r-devel-osx-x86_64-clang, r-devel-windows-ix86+x86_64, r-patched-linux-x86_64, r-patched-solaris-sparc, r-patched-solaris-x86, r-release-linux-x86_64, r-release-osx-x86_64-snowleopard, r-release-windows-ix86+x86_64, r-oldrel-windows-ix86+x86_64

Version: 0.5.3
Check: top-level files
Result: NOTE
    Non-standard files/directories found at top level:
     ‘Nippon-Ex.R’ ‘configure.ac.orig’
Flavors: r-devel-linux-x86_64-fedora-clang, r-devel-linux-x86_64-fedora-gcc

Version: 0.5.3
Check: package dependencies
Result: ERROR
    Package required but not available: ‘maptools’
    
    See the information on DESCRIPTION files in the chapter ‘Creating R
    packages’ of the ‘Writing R Extensions’ manual.
Flavors: r-devel-osx-x86_64-gcc, r-release-osx-x86_64-mavericks

Version: 0.5.3
Check: examples
Result: WARNING
    checking a package with encoding 'UTF-8' in an ASCII locale
    
     OK
Flavor: r-release-osx-x86_64-snowleopard