CRAN Package Check Results for Package Nippon

Last updated on 2016-02-10 11:55:21.

Flavor Version Tinstall Tcheck Ttotal Status Flags
r-devel-linux-x86_64-debian-gcc 0.6.3 4.17 16.60 20.77 OK
r-devel-linux-x86_64-fedora-clang 0.6.3 39.25 NOTE
r-devel-linux-x86_64-fedora-gcc 0.6.3 34.94 NOTE
r-devel-osx-x86_64-clang 0.6.3 48.59 NOTE
r-devel-windows-ix86+x86_64 0.6.3 20.00 49.00 69.00 OK
r-patched-linux-x86_64 0.6.3 4.36 18.15 22.51 NOTE
r-patched-solaris-sparc 0.6.3 241.70 NOTE
r-patched-solaris-x86 0.6.3 54.30 NOTE
r-release-linux-x86_64 0.6.3 4.33 17.99 22.32 NOTE
r-release-osx-x86_64-mavericks 0.6.3 NOTE
r-release-windows-ix86+x86_64 0.6.3 18.00 49.00 67.00 NOTE
r-oldrel-windows-ix86+x86_64 0.6.3 23.00 79.00 102.00 NOTE

Check Details

Version: 0.6.3
Check: data for non-ASCII characters
Result: NOTE
     Note: found 395 marked UTF-8 strings
Flavors: r-devel-linux-x86_64-fedora-clang, r-devel-linux-x86_64-fedora-gcc, r-devel-osx-x86_64-clang, r-patched-linux-x86_64, r-patched-solaris-sparc, r-patched-solaris-x86, r-release-linux-x86_64, r-release-osx-x86_64-mavericks, r-release-windows-ix86+x86_64, r-oldrel-windows-ix86+x86_64