CRAN Package Check Results for Package Nippon

Last updated on 2017-09-21 19:46:35.

Flavor Version Tinstall Tcheck Ttotal Status Flags
r-devel-linux-x86_64-debian-clang 0.6.3-1 5.89 22.69 28.58 NOTE
r-devel-linux-x86_64-debian-gcc 0.6.3-1 4.86 22.61 27.47 NOTE
r-devel-linux-x86_64-fedora-clang 0.6.3-1 46.87 NOTE
r-devel-linux-x86_64-fedora-gcc 0.6.3-1 45.32 NOTE
r-devel-windows-ix86+x86_64 0.6.3-1 16.00 79.00 95.00 OK
r-patched-linux-x86_64 0.6.3-1 4.66 22.49 27.15 NOTE
r-patched-solaris-x86 0.6.3-1 65.30 NOTE
r-release-linux-x86_64 0.6.3-1 4.75 22.20 26.95 NOTE
r-release-windows-ix86+x86_64 0.6.3-1 15.00 72.00 87.00 OK
r-release-osx-x86_64 0.6.3-1 NOTE
r-oldrel-windows-ix86+x86_64 0.6.3-1 14.00 61.00 75.00 OK
r-oldrel-osx-x86_64 0.6.3-1 NOTE

Check Details

Version: 0.6.3-1
Check: compiled code
Result: NOTE
    File ‘Nippon/libs/Nippon.so’:
     Found no calls to: ‘R_registerRoutines’, ‘R_useDynamicSymbols’
    
    It is good practice to register native routines and to disable symbol
    search.
    
    See ‘Writing portable packages’ in the ‘Writing R Extensions’ manual.
Flavors: r-devel-linux-x86_64-debian-clang, r-devel-linux-x86_64-debian-gcc, r-devel-linux-x86_64-fedora-clang, r-devel-linux-x86_64-fedora-gcc, r-patched-linux-x86_64, r-release-linux-x86_64

Version: 0.6.3-1
Check: data for non-ASCII characters
Result: NOTE
     Note: found 395 marked UTF-8 strings
Flavors: r-devel-linux-x86_64-fedora-clang, r-devel-linux-x86_64-fedora-gcc, r-patched-solaris-x86, r-release-osx-x86_64, r-oldrel-osx-x86_64