CRAN Package Check Results for Package Nippon

Last updated on 2014-07-23 05:49:08.

Flavor Version Tinstall Tcheck Ttotal Status Flags
r-devel-linux-x86_64-debian-clang 0.5.3 4.43 19.88 24.31 NOTE
r-devel-linux-x86_64-debian-gcc 0.5.3 4.20 19.86 24.07 NOTE
r-devel-linux-x86_64-fedora-clang 0.5.3 49.95 NOTE
r-devel-linux-x86_64-fedora-gcc 0.5.3 46.81 NOTE
r-devel-osx-x86_64-clang 0.5.3 51.02 NOTE
r-devel-windows-ix86+x86_64 0.5.3 13.00 47.00 60.00 NOTE
r-patched-linux-x86_64 0.5.3 4.38 19.63 24.02 NOTE
r-patched-solaris-sparc 0.5.3 279.00 NOTE
r-patched-solaris-x86 0.5.3 66.50 NOTE
r-release-linux-ix86 0.5.3 6.60 28.21 34.82 NOTE
r-release-linux-x86_64 0.5.3 4.24 20.49 24.73 NOTE
r-release-osx-x86_64-mavericks 0.5.3 NOTE
r-release-osx-x86_64-snowleopard 0.5.3 WARN
r-release-windows-ix86+x86_64 0.5.3 13.00 49.00 62.00 NOTE
r-oldrel-windows-ix86+x86_64 0.5.3 13.00 50.00 63.00 NOTE

Check Details

Version: 0.5.3
Check: data for non-ASCII characters
Result: NOTE
     Note: found 395 marked UTF-8 strings
Flavors: r-devel-linux-x86_64-debian-clang, r-devel-linux-x86_64-debian-gcc, r-devel-linux-x86_64-fedora-clang, r-devel-linux-x86_64-fedora-gcc, r-devel-osx-x86_64-clang, r-devel-windows-ix86+x86_64, r-patched-linux-x86_64, r-patched-solaris-sparc, r-patched-solaris-x86, r-release-linux-ix86, r-release-linux-x86_64, r-release-osx-x86_64-mavericks, r-release-osx-x86_64-snowleopard, r-release-windows-ix86+x86_64, r-oldrel-windows-ix86+x86_64

Version: 0.5.3
Check: top-level files
Result: NOTE
    Non-standard files/directories found at top level:
     ‘Nippon-Ex.R’ ‘configure.ac.orig’
Flavors: r-devel-linux-x86_64-fedora-clang, r-devel-linux-x86_64-fedora-gcc

Version: 0.5.3
Check: examples
Result: WARNING
    checking a package with encoding 'UTF-8' in an ASCII locale
    
     OK
Flavor: r-release-osx-x86_64-snowleopard