CRAN Package Check Results for Package Nippon

Last updated on 2017-03-25 17:49:42.

Flavor Version Tinstall Tcheck Ttotal Status Flags
r-devel-linux-x86_64-debian-clang 0.6.3-1 6.45 22.30 28.75 NOTE
r-devel-linux-x86_64-debian-gcc 0.6.3-1 4.78 22.03 26.82 NOTE
r-devel-linux-x86_64-fedora-clang 0.6.3-1 45.49 NOTE --no-stop-on-test-error
r-devel-linux-x86_64-fedora-gcc 0.6.3-1 43.50 NOTE --no-stop-on-test-error
r-devel-macos-x86_64-clang 0.6.3-1 40.21 NOTE --no-stop-on-test-error
r-devel-windows-ix86+x86_64 0.6.3-1 18.00 68.00 86.00 OK
r-patched-linux-x86_64 0.6.3-1 4.69 21.74 26.43 NOTE
r-patched-solaris-sparc 0.6.3-1 280.30 NOTE
r-patched-solaris-x86 0.6.3-1 78.30 NOTE
r-release-linux-x86_64 0.6.3-1 4.32 18.66 22.97 OK
r-release-osx-x86_64-mavericks 0.6.3-1 NOTE
r-release-windows-ix86+x86_64 0.6.3-1 20.00 76.00 96.00 OK
r-oldrel-windows-ix86+x86_64 0.6.3-1 15.00 83.00 98.00 NOTE

Check Details

Version: 0.6.3-1
Check: compiled code
Result: NOTE
    File ‘Nippon/libs/Nippon.so’:
     Found no calls to: ‘R_registerRoutines’, ‘R_useDynamicSymbols’
    
    It is good practice to register native routines and to disable symbol
    search.
    
    See ‘Writing portable packages’ in the ‘Writing R Extensions’ manual.
Flavors: r-devel-linux-x86_64-debian-clang, r-devel-linux-x86_64-debian-gcc, r-patched-linux-x86_64

Version: 0.6.3-1
Flags: --no-stop-on-test-error
Check: data for non-ASCII characters
Result: NOTE
     Note: found 395 marked UTF-8 strings
Flavors: r-devel-linux-x86_64-fedora-clang, r-devel-linux-x86_64-fedora-gcc, r-devel-macos-x86_64-clang

Version: 0.6.3-1
Flags: --no-stop-on-test-error
Check: compiled code
Result: NOTE
    File ‘Nippon/libs/Nippon.so’:
     Found no calls to: ‘R_registerRoutines’, ‘R_useDynamicSymbols’
    
    It is good practice to register native routines and to disable symbol
    search.
    
    See ‘Writing portable packages’ in the ‘Writing R Extensions’ manual.
Flavors: r-devel-linux-x86_64-fedora-clang, r-devel-linux-x86_64-fedora-gcc, r-devel-macos-x86_64-clang

Version: 0.6.3-1
Check: data for non-ASCII characters
Result: NOTE
     Note: found 395 marked UTF-8 strings
Flavors: r-patched-solaris-sparc, r-patched-solaris-x86, r-release-osx-x86_64-mavericks, r-oldrel-windows-ix86+x86_64