Last updated on 2022-05-29 03:52:15 CEST.
Flavor | Version | Tinstall | Tcheck | Ttotal | Status | Flags |
---|---|---|---|---|---|---|
r-devel-linux-x86_64-debian-clang | 0.2 | 6.47 | 69.62 | 76.09 | NOTE | |
r-devel-linux-x86_64-debian-gcc | 0.2 | 4.75 | 54.04 | 58.79 | NOTE | |
r-devel-linux-x86_64-fedora-clang | 0.2 | 91.02 | NOTE | |||
r-devel-linux-x86_64-fedora-gcc | 0.2 | 86.98 | NOTE | |||
r-devel-windows-x86_64 | 0.2 | 14.00 | 87.00 | 101.00 | NOTE | |
r-patched-linux-x86_64 | 0.2 | 5.47 | 66.64 | 72.11 | NOTE | |
r-release-linux-x86_64 | 0.2 | 5.14 | 66.11 | 71.25 | NOTE | |
r-release-macos-arm64 | 0.2 | 22.00 | NOTE | |||
r-release-macos-x86_64 | 0.2 | 35.00 | NOTE | |||
r-release-windows-x86_64 | 0.2 | 15.00 | 92.00 | 107.00 | NOTE | |
r-oldrel-macos-arm64 | 0.2 | 34.00 | NOTE | |||
r-oldrel-macos-x86_64 | 0.2 | 42.00 | NOTE | |||
r-oldrel-windows-ix86+x86_64 | 0.2 | 17.00 | 74.00 | 91.00 | OK |
Version: 0.2
Check: package dependencies
Result: NOTE
Package which this enhances but not available for checking: 'jpndistrict'
Flavors: r-devel-linux-x86_64-debian-clang, r-devel-linux-x86_64-debian-gcc, r-devel-linux-x86_64-fedora-clang, r-devel-linux-x86_64-fedora-gcc, r-devel-windows-x86_64, r-patched-linux-x86_64, r-release-linux-x86_64, r-release-macos-arm64, r-release-macos-x86_64, r-release-windows-x86_64, r-oldrel-macos-arm64, r-oldrel-macos-x86_64
Version: 0.2
Check: Rd cross-references
Result: NOTE
Undeclared packages ‘cshapes’, ‘mapdata’ in Rd xrefs
Flavor: r-devel-linux-x86_64-fedora-clang