CRAN Package Check Results for Package NipponMap

Last updated on 2023-03-22 20:54:04 CET.

Flavor Version Tinstall Tcheck Ttotal Status Flags
r-devel-linux-x86_64-debian-clang 0.2 6.53 59.37 65.90 NOTE
r-devel-linux-x86_64-debian-gcc 0.2 5.24 45.33 50.57 NOTE
r-devel-linux-x86_64-fedora-clang 0.2 81.68 NOTE
r-devel-linux-x86_64-fedora-gcc 0.2 81.37 NOTE
r-devel-windows-x86_64 0.2 12.00 88.00 100.00 NOTE
r-patched-linux-x86_64 0.2 5.68 58.26 63.94 NOTE
r-release-linux-x86_64 0.2 5.44 57.78 63.22 NOTE
r-release-macos-arm64 0.2 22.00 NOTE
r-release-macos-x86_64 0.2 35.00 NOTE
r-release-windows-x86_64 0.2 13.00 96.00 109.00 NOTE
r-oldrel-macos-arm64 0.2 34.00 NOTE
r-oldrel-macos-x86_64 0.2 42.00 NOTE
r-oldrel-windows-ix86+x86_64 0.2 16.00 82.00 98.00 OK

Check Details

Version: 0.2
Check: package dependencies
Result: NOTE
    Package which this enhances but not available for checking: ‘jpndistrict’
Flavors: r-devel-linux-x86_64-debian-clang, r-devel-linux-x86_64-debian-gcc, r-devel-linux-x86_64-fedora-clang, r-devel-linux-x86_64-fedora-gcc, r-devel-windows-x86_64, r-patched-linux-x86_64, r-release-linux-x86_64, r-release-macos-arm64, r-release-macos-x86_64, r-release-windows-x86_64, r-oldrel-macos-arm64, r-oldrel-macos-x86_64

Version: 0.2
Check: Rd cross-references
Result: NOTE
    Undeclared packages ‘cshapes’, ‘mapdata’ in Rd xrefs
Flavor: r-devel-linux-x86_64-fedora-clang