CRAN Package Check Results for Package NlcOptim

Last updated on 2024-02-28 15:49:29 CET.

Flavor Version Tinstall Tcheck Ttotal Status Flags
r-devel-linux-x86_64-debian-clang 0.6 3.54 30.73 34.27 NOTE
r-devel-linux-x86_64-debian-gcc 0.6 2.50 23.48 25.98 NOTE
r-devel-linux-x86_64-fedora-clang 0.6 42.58 NOTE
r-devel-linux-x86_64-fedora-gcc 0.6 40.31 NOTE
r-devel-windows-x86_64 0.6 5.00 42.00 47.00 NOTE
r-patched-linux-x86_64 0.6 3.51 28.76 32.27 NOTE
r-release-linux-x86_64 0.6 3.45 28.46 31.91 NOTE
r-release-macos-arm64 0.6 17.00 NOTE
r-release-macos-x86_64 0.6 23.00 NOTE
r-release-windows-x86_64 0.6 5.00 43.00 48.00 NOTE
r-oldrel-macos-arm64 0.6 17.00 NOTE
r-oldrel-windows-x86_64 0.6 6.00 45.00 51.00 NOTE

Check Details

Version: 0.6
Check: LazyData
Result: NOTE 'LazyData' is specified without a 'data' directory Flavors: r-devel-linux-x86_64-debian-clang, r-devel-linux-x86_64-debian-gcc, r-devel-linux-x86_64-fedora-clang, r-devel-linux-x86_64-fedora-gcc, r-devel-windows-x86_64, r-patched-linux-x86_64, r-release-linux-x86_64, r-release-macos-arm64, r-release-macos-x86_64, r-release-windows-x86_64, r-oldrel-macos-arm64, r-oldrel-windows-x86_64