CRAN Package Check Results for Package NlsyLinks

Last updated on 2014-08-23 06:48:38.

Flavor Version Tinstall Tcheck Ttotal Status Flags
r-devel-linux-x86_64-debian-clang 1.302 1.92 27.86 29.78 NOTE
r-devel-linux-x86_64-debian-gcc 1.302 1.83 27.59 29.42 NOTE
r-devel-linux-x86_64-fedora-clang 1.302 66.24 NOTE
r-devel-linux-x86_64-fedora-gcc 1.302 65.06 NOTE
r-devel-osx-x86_64-clang 1.302 73.40 NOTE
r-devel-windows-ix86+x86_64 1.302 5.00 55.00 60.00 NOTE
r-patched-linux-x86_64 1.302 1.90 29.48 31.37 NOTE
r-patched-solaris-sparc 1.302 396.20 NOTE
r-patched-solaris-x86 1.302 96.20 NOTE
r-release-linux-ix86 1.302 2.77 43.38 46.15 NOTE
r-release-linux-x86_64 1.302 1.91 30.50 32.40 NOTE
r-release-osx-x86_64-mavericks 1.302 NOTE
r-release-osx-x86_64-snowleopard 1.302 NOTE
r-release-windows-ix86+x86_64 1.302 5.00 59.00 64.00 NOTE
r-oldrel-windows-ix86+x86_64 1.302 6.00 59.00 65.00 NOTE

Check Details

Version: 1.302
Check: dependencies in R code
Result: NOTE
    Namespace in Imports field not imported from: ‘methods’
     All declared Imports should be used.
    See the information on DESCRIPTION files in the chapter ‘Creating R
    packages’ of the ‘Writing R Extensions’ manual.
Flavors: r-devel-linux-x86_64-debian-clang, r-devel-linux-x86_64-debian-gcc, r-devel-linux-x86_64-fedora-clang, r-devel-linux-x86_64-fedora-gcc, r-devel-osx-x86_64-clang, r-devel-windows-ix86+x86_64, r-patched-linux-x86_64, r-patched-solaris-sparc, r-patched-solaris-x86, r-release-linux-ix86, r-release-linux-x86_64, r-release-osx-x86_64-mavericks, r-release-windows-ix86+x86_64, r-oldrel-windows-ix86+x86_64

Version: 1.302
Check: R code for possible problems
Result: NOTE
    ReadCsvNlsy79Gen1: no visible binding for global variable
     ‘SubjectDetails79’
    ReadCsvNlsy79Gen2: no visible binding for global variable
     ‘SubjectDetails79’
Flavors: r-devel-linux-x86_64-debian-clang, r-devel-linux-x86_64-debian-gcc, r-devel-linux-x86_64-fedora-clang, r-devel-linux-x86_64-fedora-gcc, r-devel-osx-x86_64-clang

Version: 1.302
Check: package dependencies
Result: NOTE
    Package suggested but not available for checking: 'devtools'
Flavor: r-release-osx-x86_64-snowleopard