CRAN Package Check Results for Package NlsyLinks

Last updated on 2017-03-27 21:48:56.

Flavor Version Tinstall Tcheck Ttotal Status Flags
r-devel-linux-x86_64-debian-clang 2.0.6 3.22 67.47 70.69 OK
r-devel-linux-x86_64-debian-gcc 2.0.6 3.18 65.60 68.79 OK
r-devel-linux-x86_64-fedora-clang 2.0.6 131.51 NOTE --no-stop-on-test-error
r-devel-linux-x86_64-fedora-gcc 2.0.6 128.16 NOTE --no-stop-on-test-error
r-devel-macos-x86_64-clang 2.0.6 101.96 NOTE --no-stop-on-test-error
r-devel-windows-ix86+x86_64 2.0.6 9.00 131.00 140.00 NOTE
r-patched-linux-x86_64 2.0.6 3.45 65.12 68.57 OK
r-patched-solaris-sparc 2.0.6 828.40 NOTE
r-patched-solaris-x86 2.0.6 155.20 NOTE
r-release-linux-x86_64 2.0.6 3.10 46.50 49.60 OK
r-release-osx-x86_64-mavericks 2.0.6 NOTE
r-release-windows-ix86+x86_64 2.0.6 12.00 105.00 117.00 NOTE
r-oldrel-windows-ix86+x86_64 2.0.6 9.00 106.00 115.00 NOTE

Check Details

Version: 2.0.6
Flags: --no-stop-on-test-error
Check: installed package size
Result: NOTE
     installed size is 8.6Mb
     sub-directories of 1Mb or more:
     data 4.3Mb
     reports 2.3Mb
Flavors: r-devel-linux-x86_64-fedora-clang, r-devel-linux-x86_64-fedora-gcc, r-devel-macos-x86_64-clang

Version: 2.0.6
Check: installed package size
Result: NOTE
     installed size is 8.5Mb
     sub-directories of 1Mb or more:
     data 4.3Mb
     reports 2.3Mb
Flavors: r-devel-windows-ix86+x86_64, r-patched-solaris-sparc, r-patched-solaris-x86, r-release-osx-x86_64-mavericks, r-release-windows-ix86+x86_64, r-oldrel-windows-ix86+x86_64