CRAN Package Check Results for Package NlsyLinks

Last updated on 2016-05-02 21:49:53.

Flavor Version Tinstall Tcheck Ttotal Status Flags
r-devel-linux-x86_64-debian-gcc 2.0.6 3.38 43.38 46.76 NOTE
r-devel-linux-x86_64-fedora-clang 2.0.6 89.97 NOTE
r-devel-linux-x86_64-fedora-gcc 2.0.6 86.36 NOTE
r-devel-osx-x86_64-clang 2.0.6 105.94 NOTE
r-devel-windows-ix86+x86_64 2.0.6 9.00 107.00 116.00 NOTE
r-patched-linux-x86_64 2.0.6 3.40 43.87 47.27 NOTE
r-patched-solaris-sparc 2.0.6 587.00 NOTE
r-patched-solaris-x86 2.0.6 118.90 NOTE
r-release-linux-x86_64 2.0.6 3.18 48.19 51.36 NOTE
r-release-osx-x86_64-mavericks 2.0.6 NOTE
r-release-windows-ix86+x86_64 2.0.6 10.00 103.00 113.00 NOTE
r-oldrel-windows-ix86+x86_64 2.0.6 13.00 135.00 148.00 NOTE

Check Details

Version: 2.0.6
Check: installed package size
Result: NOTE
     installed size is 8.6Mb
     sub-directories of 1Mb or more:
     data 4.3Mb
     reports 2.3Mb
Flavors: r-devel-linux-x86_64-debian-gcc, r-devel-linux-x86_64-fedora-clang, r-devel-linux-x86_64-fedora-gcc, r-devel-osx-x86_64-clang, r-devel-windows-ix86+x86_64, r-patched-linux-x86_64, r-patched-solaris-sparc, r-patched-solaris-x86, r-release-linux-x86_64, r-release-osx-x86_64-mavericks, r-release-windows-ix86+x86_64, r-oldrel-windows-ix86+x86_64