CRAN Package Check Results for Package NlsyLinks

Last updated on 2017-01-23 17:49:25.

Flavor Version Tinstall Tcheck Ttotal Status Flags
r-devel-linux-x86_64-debian-clang 2.0.6 3.50 67.31 70.82 OK
r-devel-linux-x86_64-debian-gcc 2.0.6 3.30 63.34 66.65 OK
r-devel-linux-x86_64-fedora-clang 2.0.6 148.16 NOTE --no-stop-on-test-error
r-devel-linux-x86_64-fedora-gcc 2.0.6 126.90 NOTE --no-stop-on-test-error
r-devel-macos-x86_64-clang 2.0.6 100.88 NOTE --no-stop-on-test-error
r-devel-windows-ix86+x86_64 2.0.6 9.00 143.00 152.00 NOTE
r-patched-linux-x86_64 2.0.6 3.34 45.96 49.30 OK
r-patched-solaris-sparc 2.0.6 627.30 NOTE
r-patched-solaris-x86 2.0.6 116.30 NOTE
r-release-linux-x86_64 2.0.6 3.40 46.16 49.56 OK
r-release-osx-x86_64-mavericks 2.0.6 NOTE
r-release-windows-ix86+x86_64 2.0.6 17.00 110.00 127.00 NOTE
r-oldrel-windows-ix86+x86_64 2.0.6 17.00 189.00 206.00 NOTE

Check Details

Version: 2.0.6
Flags: --no-stop-on-test-error
Check: installed package size
Result: NOTE
     installed size is 8.6Mb
     sub-directories of 1Mb or more:
     data 4.3Mb
     reports 2.3Mb
Flavors: r-devel-linux-x86_64-fedora-clang, r-devel-linux-x86_64-fedora-gcc, r-devel-macos-x86_64-clang

Version: 2.0.6
Check: installed package size
Result: NOTE
     installed size is 8.5Mb
     sub-directories of 1Mb or more:
     data 4.3Mb
     reports 2.3Mb
Flavors: r-devel-windows-ix86+x86_64, r-patched-solaris-sparc, r-patched-solaris-x86, r-release-osx-x86_64-mavericks, r-release-windows-ix86+x86_64, r-oldrel-windows-ix86+x86_64