CRAN Package Check Results for Package NlsyLinks

Last updated on 2015-04-27 03:47:27.

Flavor Version Tinstall Tcheck Ttotal Status Flags
r-devel-linux-x86_64-debian-clang 1.302 1.66 26.21 27.86 NOTE
r-devel-linux-x86_64-debian-gcc 1.302 2.39 25.54 27.93 NOTE
r-devel-linux-x86_64-fedora-clang 1.302 54.43 NOTE
r-devel-linux-x86_64-fedora-gcc 1.302 52.52 NOTE
r-devel-osx-x86_64-clang 1.302 66.33 NOTE
r-devel-windows-ix86+x86_64 1.302 6.00 49.00 55.00 NOTE
r-patched-linux-x86_64 1.302 1.70 26.05 27.75 NOTE
r-patched-solaris-sparc 1.302 390.90 NOTE
r-patched-solaris-x86 1.302 72.40 NOTE
r-release-linux-x86_64 1.302 1.66 25.67 27.33 NOTE
r-release-osx-x86_64-mavericks 1.302 NOTE
r-release-osx-x86_64-snowleopard 1.302 ERROR
r-release-windows-ix86+x86_64 1.302 5.00 51.00 56.00 NOTE
r-oldrel-windows-ix86+x86_64 1.302 5.00 52.00 57.00 NOTE

Check Details

Version: 1.302
Check: DESCRIPTION meta-information
Result: NOTE
    Malformed Title field: should not end in a period.
    Malformed Description field: should contain one or more complete sentences.
Flavors: r-devel-linux-x86_64-debian-clang, r-devel-linux-x86_64-debian-gcc, r-devel-linux-x86_64-fedora-clang, r-devel-linux-x86_64-fedora-gcc, r-devel-osx-x86_64-clang, r-devel-windows-ix86+x86_64, r-patched-solaris-sparc, r-patched-solaris-x86, r-release-osx-x86_64-mavericks, r-release-windows-ix86+x86_64

Version: 1.302
Check: dependencies in R code
Result: NOTE
    Namespace in Imports field not imported from: ‘methods’
     All declared Imports should be used.
Flavors: r-devel-linux-x86_64-debian-clang, r-devel-linux-x86_64-debian-gcc, r-devel-linux-x86_64-fedora-clang, r-devel-linux-x86_64-fedora-gcc, r-devel-osx-x86_64-clang, r-devel-windows-ix86+x86_64, r-patched-solaris-sparc, r-patched-solaris-x86, r-release-osx-x86_64-mavericks, r-release-windows-ix86+x86_64, r-oldrel-windows-ix86+x86_64

Version: 1.302
Check: R code for possible problems
Result: NOTE
    ReadCsvNlsy79Gen1: no visible binding for global variable
     ‘SubjectDetails79’
    ReadCsvNlsy79Gen2: no visible binding for global variable
     ‘SubjectDetails79’
Flavors: r-devel-linux-x86_64-debian-clang, r-devel-linux-x86_64-debian-gcc, r-devel-linux-x86_64-fedora-clang, r-devel-linux-x86_64-fedora-gcc, r-devel-osx-x86_64-clang, r-devel-windows-ix86+x86_64, r-patched-solaris-sparc, r-patched-solaris-x86, r-release-osx-x86_64-mavericks, r-release-windows-ix86+x86_64, r-oldrel-windows-ix86+x86_64

Version: 1.302
Check: package dependencies
Result: ERROR
    Packages suggested but not available for checking:
     ‘devtools’ ‘ggplot2’ ‘knitr’ ‘scales’
    
    VignetteBuilder package required for checking but installed: ‘knitr’
    
    Files named as vignettes but with no recognized vignette engine:
     ‘inst/doc/Faq.Rnw’
     ‘inst/doc/NlsInvestigator.Rnw’
     ‘inst/doc/NlsyAce.Rnw’
    (Is a VignetteBuilder field missing?)
    
    See section ‘The DESCRIPTION file’ in the ‘Writing R Extensions’
    manual.
Flavor: r-release-osx-x86_64-snowleopard