CRAN Package Check Results for Package NlsyLinks

Last updated on 2016-09-25 08:47:46.

Flavor Version Tinstall Tcheck Ttotal Status Flags
r-devel-linux-x86_64-debian-clang 2.0.6 3.07 45.49 48.56 WARN
r-devel-linux-x86_64-debian-gcc 2.0.6 3.34 45.41 48.75 WARN
r-devel-linux-x86_64-fedora-clang 2.0.6 92.21 WARN
r-devel-linux-x86_64-fedora-gcc 2.0.6 90.56 WARN
r-devel-macos-x86_64-clang 2.0.6 75.31 WARN
r-devel-windows-ix86+x86_64 2.0.6 11.00 103.00 114.00 WARN
r-patched-linux-x86_64 2.0.6 3.15 45.00 48.15 NOTE
r-patched-solaris-sparc 2.0.6 608.20 NOTE
r-patched-solaris-x86 2.0.6 117.30 NOTE
r-release-linux-x86_64 2.0.6 3.13 46.45 49.58 NOTE
r-release-osx-x86_64-mavericks 2.0.6 NOTE
r-release-windows-ix86+x86_64 2.0.6 10.00 102.00 112.00 NOTE
r-oldrel-windows-ix86+x86_64 2.0.6 13.00 141.00 154.00 NOTE

Check Details

Version: 2.0.6
Check: installed package size
Result: NOTE
     installed size is 8.6Mb
     sub-directories of 1Mb or more:
     data 4.3Mb
     reports 2.3Mb
Flavors: r-devel-linux-x86_64-debian-clang, r-devel-linux-x86_64-debian-gcc, r-devel-linux-x86_64-fedora-clang, r-devel-linux-x86_64-fedora-gcc, r-devel-macos-x86_64-clang, r-devel-windows-ix86+x86_64, r-patched-linux-x86_64, r-patched-solaris-sparc, r-patched-solaris-x86, r-release-linux-x86_64, r-release-osx-x86_64-mavericks, r-release-windows-ix86+x86_64, r-oldrel-windows-ix86+x86_64

Version: 2.0.6
Check: files in ‘vignettes’
Result: WARN
    Files in the 'vignettes' directory newer than same file in 'inst/doc':
     ‘NlsInvestigator.Rnw’
Flavors: r-devel-linux-x86_64-debian-clang, r-devel-linux-x86_64-debian-gcc, r-devel-linux-x86_64-fedora-clang, r-devel-linux-x86_64-fedora-gcc, r-devel-macos-x86_64-clang, r-devel-windows-ix86+x86_64