CRAN Package Check Results for Package NlsyLinks

Last updated on 2016-02-07 07:46:50.

Flavor Version Tinstall Tcheck Ttotal Status Flags
r-devel-linux-x86_64-debian-gcc 2.0.1 3.03 43.15 46.18 NOTE
r-devel-linux-x86_64-fedora-clang 2.0.1 93.29 NOTE
r-devel-linux-x86_64-fedora-gcc 2.0.1 85.55 NOTE
r-devel-osx-x86_64-clang 2.0.1 105.48 NOTE
r-devel-windows-ix86+x86_64 2.0.1 8.00 85.00 93.00 NOTE
r-patched-linux-x86_64 2.0.1 3.23 45.27 48.50 NOTE
r-patched-solaris-sparc 2.0.1 611.10 NOTE
r-patched-solaris-x86 2.0.1 118.50 NOTE
r-release-linux-x86_64 2.0.1 2.94 45.39 48.34 NOTE
r-release-osx-x86_64-mavericks 2.0.1 NOTE
r-release-windows-ix86+x86_64 2.0.1 8.00 80.00 88.00 NOTE
r-oldrel-windows-ix86+x86_64 2.0.1 11.00 86.00 97.00 NOTE

Check Details

Version: 2.0.1
Check: installed package size
Result: NOTE
     installed size is 6.3Mb
     sub-directories of 1Mb or more:
     data 4.3Mb
     doc 1.0Mb
Flavors: r-devel-linux-x86_64-debian-gcc, r-devel-linux-x86_64-fedora-clang, r-devel-linux-x86_64-fedora-gcc, r-devel-osx-x86_64-clang, r-devel-windows-ix86+x86_64, r-patched-linux-x86_64, r-patched-solaris-sparc, r-patched-solaris-x86, r-release-linux-x86_64, r-release-osx-x86_64-mavericks, r-release-windows-ix86+x86_64, r-oldrel-windows-ix86+x86_64