CRAN Package Check Results for Package NlsyLinks

Last updated on 2015-03-02 19:52:21.

Flavor Version Tinstall Tcheck Ttotal Status Flags
r-devel-linux-x86_64-debian-clang 1.302 1.68 29.10 30.79 NOTE
r-devel-linux-x86_64-debian-gcc 1.302 1.66 28.42 30.09 NOTE
r-devel-linux-x86_64-fedora-clang 1.302 60.96 NOTE
r-devel-linux-x86_64-fedora-gcc 1.302 57.01 NOTE
r-devel-osx-x86_64-clang 1.302 115.51 NOTE
r-devel-windows-ix86+x86_64 1.302 11.00 68.00 79.00 NOTE
r-patched-linux-x86_64 1.302 1.88 32.28 34.16 NOTE
r-patched-solaris-sparc 1.302 383.30 NOTE
r-patched-solaris-x86 1.302 87.30 NOTE
r-release-linux-ix86 1.302 2.72 46.57 49.28 NOTE
r-release-linux-x86_64 1.302 1.82 31.40 33.22 NOTE
r-release-osx-x86_64-mavericks 1.302 NOTE
r-release-osx-x86_64-snowleopard 1.302 NOTE
r-release-windows-ix86+x86_64 1.302 12.00 74.00 86.00 NOTE
r-oldrel-windows-ix86+x86_64 1.302 7.00 55.00 62.00 NOTE

Check Details

Version: 1.302
Check: DESCRIPTION meta-information
Result: NOTE
    Malformed Title field: should not end in a period.
    Malformed Description field: should contain one or more complete sentences.
Flavors: r-devel-linux-x86_64-debian-clang, r-devel-linux-x86_64-debian-gcc, r-devel-linux-x86_64-fedora-clang, r-devel-linux-x86_64-fedora-gcc, r-devel-osx-x86_64-clang, r-devel-windows-ix86+x86_64

Version: 1.302
Check: dependencies in R code
Result: NOTE
    Namespace in Imports field not imported from: ‘methods’
     All declared Imports should be used.
Flavors: r-devel-linux-x86_64-debian-clang, r-devel-linux-x86_64-debian-gcc, r-devel-linux-x86_64-fedora-clang, r-devel-linux-x86_64-fedora-gcc, r-devel-osx-x86_64-clang, r-devel-windows-ix86+x86_64, r-patched-linux-x86_64, r-patched-solaris-x86

Version: 1.302
Check: R code for possible problems
Result: NOTE
    ReadCsvNlsy79Gen1: no visible binding for global variable
     ‘SubjectDetails79’
    ReadCsvNlsy79Gen2: no visible binding for global variable
     ‘SubjectDetails79’
Flavors: r-devel-linux-x86_64-debian-clang, r-devel-linux-x86_64-debian-gcc, r-devel-linux-x86_64-fedora-clang, r-devel-linux-x86_64-fedora-gcc, r-devel-osx-x86_64-clang, r-devel-windows-ix86+x86_64, r-patched-linux-x86_64, r-patched-solaris-sparc, r-patched-solaris-x86, r-release-linux-ix86, r-release-linux-x86_64, r-release-osx-x86_64-mavericks, r-release-windows-ix86+x86_64

Version: 1.302
Check: dependencies in R code
Result: NOTE
    Namespace in Imports field not imported from: ‘methods’
     All declared Imports should be used.
    See the information on DESCRIPTION files in the chapter ‘Creating R
    packages’ of the ‘Writing R Extensions’ manual.
Flavors: r-patched-solaris-sparc, r-release-linux-ix86, r-release-linux-x86_64, r-release-osx-x86_64-mavericks, r-release-windows-ix86+x86_64, r-oldrel-windows-ix86+x86_64

Version: 1.302
Check: package dependencies
Result: NOTE
    Package suggested but not available for checking: 'devtools'
Flavor: r-release-osx-x86_64-snowleopard