CRAN Package Check Results for Package NlsyLinks

Last updated on 2015-07-06 14:48:44.

Flavor Version Tinstall Tcheck Ttotal Status Flags
r-devel-linux-x86_64-debian-clang 1.302 1.66 25.32 26.99 NOTE
r-devel-linux-x86_64-debian-gcc 1.302 1.61 25.72 27.33 NOTE
r-devel-linux-x86_64-fedora-clang 1.302 52.43 NOTE
r-devel-linux-x86_64-fedora-gcc 1.302 51.68 NOTE
r-devel-osx-x86_64-clang 1.302 56.41 NOTE
r-devel-windows-ix86+x86_64 1.302 8.00 53.00 61.00 NOTE
r-patched-linux-x86_64 1.302 1.62 25.28 26.90 NOTE
r-patched-solaris-sparc 1.302 348.30 NOTE
r-patched-solaris-x86 1.302 74.90 NOTE
r-release-linux-x86_64 1.302 1.62 25.74 27.36 NOTE
r-release-osx-x86_64-mavericks 1.302 NOTE
r-release-windows-ix86+x86_64 1.302 9.00 48.00 57.00 NOTE
r-oldrel-windows-ix86+x86_64 1.302 10.00 53.00 63.00 NOTE

Check Details

Version: 1.302
Check: DESCRIPTION meta-information
Result: NOTE
    Malformed Title field: should not end in a period.
    Malformed Description field: should contain one or more complete sentences.
Flavors: r-devel-linux-x86_64-debian-clang, r-devel-linux-x86_64-debian-gcc, r-devel-linux-x86_64-fedora-clang, r-devel-linux-x86_64-fedora-gcc, r-devel-osx-x86_64-clang, r-devel-windows-ix86+x86_64, r-patched-linux-x86_64, r-patched-solaris-sparc, r-patched-solaris-x86, r-release-linux-x86_64, r-release-osx-x86_64-mavericks, r-release-windows-ix86+x86_64

Version: 1.302
Check: dependencies in R code
Result: NOTE
    Namespace in Imports field not imported from: ‘methods’
     All declared Imports should be used.
Flavors: r-devel-linux-x86_64-debian-clang, r-devel-linux-x86_64-debian-gcc, r-devel-linux-x86_64-fedora-clang, r-devel-linux-x86_64-fedora-gcc, r-devel-osx-x86_64-clang, r-devel-windows-ix86+x86_64, r-patched-linux-x86_64, r-patched-solaris-sparc, r-patched-solaris-x86, r-release-linux-x86_64, r-release-osx-x86_64-mavericks, r-release-windows-ix86+x86_64, r-oldrel-windows-ix86+x86_64

Version: 1.302
Check: R code for possible problems
Result: NOTE
    CreateAceEstimate: no visible global function definition for ‘new’
    DeFriesFulkerMethod1: no visible global function definition for ‘coef’
    RGroupSummary: no visible global function definition for ‘cov’
    RGroupSummary: no visible global function definition for ‘cor’
    ReadCsvNlsy79Gen1: no visible global function definition for ‘read.csv’
    ReadCsvNlsy79Gen1: no visible binding for global variable
     ‘SubjectDetails79’
    ReadCsvNlsy79Gen2: no visible global function definition for ‘read.csv’
    ReadCsvNlsy79Gen2: no visible binding for global variable
     ‘SubjectDetails79’
    GetDetails,AceEstimate: no visible global function definition for
     ‘slot’
    print,AceEstimate: no visible global function definition for ‘slot’
    show,AceEstimate: no visible global function definition for ‘slot’
    Undefined global functions or variables:
     SubjectDetails79 coef cor cov new read.csv slot
Flavors: r-devel-linux-x86_64-debian-clang, r-devel-linux-x86_64-debian-gcc, r-devel-linux-x86_64-fedora-clang, r-devel-linux-x86_64-fedora-gcc, r-devel-windows-ix86+x86_64

Version: 1.302
Check: R code for possible problems
Result: NOTE
    ReadCsvNlsy79Gen1: no visible binding for global variable
     ‘SubjectDetails79’
    ReadCsvNlsy79Gen2: no visible binding for global variable
     ‘SubjectDetails79’
    Undefined global functions or variables:
     SubjectDetails79
Flavor: r-devel-osx-x86_64-clang

Version: 1.302
Check: R code for possible problems
Result: NOTE
    ReadCsvNlsy79Gen1: no visible binding for global variable
     ‘SubjectDetails79’
    ReadCsvNlsy79Gen2: no visible binding for global variable
     ‘SubjectDetails79’
Flavors: r-patched-linux-x86_64, r-patched-solaris-sparc, r-patched-solaris-x86, r-release-linux-x86_64, r-release-osx-x86_64-mavericks, r-release-windows-ix86+x86_64, r-oldrel-windows-ix86+x86_64