CRAN Package Check Results for Package NlsyLinks

Last updated on 2018-05-27 02:46:48 CEST.

Flavor Version Tinstall Tcheck Ttotal Status Flags
r-devel-linux-x86_64-debian-clang 2.0.6 5.09 108.27 113.36 OK
r-devel-linux-x86_64-debian-gcc 2.0.6 4.45 89.63 94.08 OK
r-devel-linux-x86_64-fedora-clang 2.0.6 96.07 NOTE
r-devel-linux-x86_64-fedora-gcc 2.0.6 94.13 NOTE
r-devel-windows-ix86+x86_64 2.0.6 12.00 95.00 107.00 NOTE
r-patched-linux-x86_64 2.0.6 5.06 72.25 77.31 OK
r-patched-solaris-x86 2.0.6 132.50 NOTE
r-release-linux-x86_64 2.0.6 4.53 73.24 77.77 OK
r-release-windows-ix86+x86_64 2.0.6 14.00 144.00 158.00 NOTE
r-release-osx-x86_64 2.0.6 NOTE
r-oldrel-windows-ix86+x86_64 2.0.6 13.00 147.00 160.00 NOTE
r-oldrel-osx-x86_64 2.0.6 ERROR

Check Details

Version: 2.0.6
Check: installed package size
Result: NOTE
     installed size is 8.6Mb
     sub-directories of 1Mb or more:
     data 4.3Mb
     reports 2.3Mb
Flavors: r-devel-linux-x86_64-fedora-clang, r-devel-linux-x86_64-fedora-gcc, r-devel-windows-ix86+x86_64, r-patched-solaris-x86, r-release-windows-ix86+x86_64, r-release-osx-x86_64, r-oldrel-windows-ix86+x86_64, r-oldrel-osx-x86_64

Version: 2.0.6
Check: package dependencies
Result: NOTE
    Package suggested but not available for checking: ‘devtools’
Flavor: r-oldrel-osx-x86_64

Version: 2.0.6
Check: tests
Result: ERROR
     Running ‘test-all.R’ [26s/27s]
    Running the tests in ‘tests/test-all.R’ failed.
    Last 13 lines of output:
     5: getNamespace(ns)
     6: tryCatch(loadNamespace(name), error = function(e) stop(e))
     7: tryCatchList(expr, classes, parentenv, handlers)
     8: tryCatchOne(expr, names, parentenv, handlers[[1L]])
     9: value[[3L]](cond)
    
     Error in library(devtools) : there is no package called 'devtools'
     Calls: <Anonymous> ... with_reporter -> force -> source_file -> eval -> eval -> library
     testthat results ================================================================
     OK: 198 SKIPPED: 0 FAILED: 2
     1. Error: Nlsy79Gen2 (@test-column-utilities.R#89)
     2. Error: RenameNlsyColumn (@test-column-utilities.R#103)
    
     Error: testthat unit tests failed
     Execution halted
Flavor: r-oldrel-osx-x86_64