CRAN Package Check Results for Package NlsyLinks

Last updated on 2014-07-23 21:47:10.

Flavor Version Tinstall Tcheck Ttotal Status Flags
r-devel-linux-x86_64-debian-clang 1.302 1.95 30.19 32.14 NOTE
r-devel-linux-x86_64-debian-gcc 1.302 2.02 29.42 31.44 NOTE
r-devel-linux-x86_64-fedora-clang 1.302 69.93 NOTE
r-devel-linux-x86_64-fedora-gcc 1.302 67.71 NOTE
r-devel-osx-x86_64-clang 1.302 75.93 NOTE
r-devel-windows-ix86+x86_64 1.302 6.00 54.00 60.00 NOTE
r-patched-linux-x86_64 1.302 1.89 29.94 31.83 NOTE
r-patched-solaris-sparc 1.302 380.60 NOTE
r-patched-solaris-x86 1.302 94.70 NOTE
r-release-linux-ix86 1.302 2.78 43.29 46.06 NOTE
r-release-linux-x86_64 1.302 1.90 30.24 32.14 NOTE
r-release-osx-x86_64-mavericks 1.302 NOTE
r-release-osx-x86_64-snowleopard 1.302 NOTE
r-release-windows-ix86+x86_64 1.302 5.00 57.00 62.00 NOTE
r-oldrel-windows-ix86+x86_64 1.302 6.00 57.00 63.00 NOTE

Check Details

Version: 1.302
Check: dependencies in R code
Result: NOTE
    Namespace in Imports field not imported from: ‘methods’
     All declared Imports should be used.
    See the information on DESCRIPTION files in the chapter ‘Creating R
    packages’ of the ‘Writing R Extensions’ manual.
Flavors: r-devel-linux-x86_64-debian-clang, r-devel-linux-x86_64-debian-gcc, r-devel-linux-x86_64-fedora-clang, r-devel-linux-x86_64-fedora-gcc, r-devel-osx-x86_64-clang, r-devel-windows-ix86+x86_64, r-patched-linux-x86_64, r-patched-solaris-sparc, r-patched-solaris-x86, r-release-linux-ix86, r-release-linux-x86_64, r-release-osx-x86_64-mavericks, r-release-windows-ix86+x86_64, r-oldrel-windows-ix86+x86_64

Version: 1.302
Check: package dependencies
Result: NOTE
    Package suggested but not available for checking: 'devtools'
Flavor: r-release-osx-x86_64-snowleopard