CRAN Package Check Results for Package NlsyLinks

Last updated on 2017-02-25 17:47:36.

Flavor Version Tinstall Tcheck Ttotal Status Flags
r-devel-linux-x86_64-debian-clang 2.0.6 3.47 66.92 70.39 OK
r-devel-linux-x86_64-debian-gcc 2.0.6 3.23 64.61 67.85 OK
r-devel-linux-x86_64-fedora-clang 2.0.6 127.20 NOTE --no-stop-on-test-error
r-devel-linux-x86_64-fedora-gcc 2.0.6 126.50 NOTE --no-stop-on-test-error
r-devel-macos-x86_64-clang 2.0.6 102.22 NOTE --no-stop-on-test-error
r-devel-windows-ix86+x86_64 2.0.6 13.00 172.00 185.00 NOTE
r-patched-linux-x86_64 2.0.6 3.12 45.47 48.59 OK
r-patched-solaris-sparc 2.0.6 627.30 NOTE
r-patched-solaris-x86 2.0.6 117.80 NOTE
r-release-linux-x86_64 2.0.6 3.07 46.08 49.15 OK
r-release-osx-x86_64-mavericks 2.0.6 NOTE
r-release-windows-ix86+x86_64 2.0.6 11.00 104.00 115.00 NOTE
r-oldrel-windows-ix86+x86_64 2.0.6 17.00 140.00 157.00 NOTE

Check Details

Version: 2.0.6
Flags: --no-stop-on-test-error
Check: installed package size
Result: NOTE
     installed size is 8.6Mb
     sub-directories of 1Mb or more:
     data 4.3Mb
     reports 2.3Mb
Flavors: r-devel-linux-x86_64-fedora-clang, r-devel-linux-x86_64-fedora-gcc, r-devel-macos-x86_64-clang

Version: 2.0.6
Check: installed package size
Result: NOTE
     installed size is 8.5Mb
     sub-directories of 1Mb or more:
     data 4.3Mb
     reports 2.3Mb
Flavors: r-devel-windows-ix86+x86_64, r-patched-solaris-sparc, r-patched-solaris-x86, r-release-osx-x86_64-mavericks, r-release-windows-ix86+x86_64, r-oldrel-windows-ix86+x86_64