CRAN Package Check Results for Package NlsyLinks

Last updated on 2014-04-21 17:47:56.

Flavor Version Tinstall Tcheck Ttotal Status Flags
r-devel-linux-x86_64-debian-clang 1.302 2.10 30.86 32.96 NOTE
r-devel-linux-x86_64-debian-gcc 1.302 1.97 30.92 32.89 NOTE
r-devel-linux-x86_64-fedora-clang 1.302 69.04 NOTE
r-devel-linux-x86_64-fedora-gcc 1.302 67.69 NOTE
r-devel-osx-x86_64-clang 1.302 74.85 NOTE
r-devel-osx-x86_64-gcc 1.302 NOTE
r-devel-windows-ix86+x86_64 1.302 5.00 57.00 62.00 NOTE
r-patched-linux-x86_64 1.302 1.98 31.15 33.13 NOTE
r-patched-solaris-sparc 1.302 380.60 NOTE
r-patched-solaris-x86 1.302 90.00 NOTE
r-release-linux-x86_64 1.302 1.98 30.96 32.93 NOTE
r-release-osx-x86_64-mavericks 1.302 WARN
r-release-osx-x86_64-snowleopard 1.302 NOTE
r-release-windows-ix86+x86_64 1.302 7.00 54.00 61.00 NOTE
r-oldrel-windows-ix86+x86_64 1.302 5.00 54.00 59.00 NOTE

Check Details

Version: 1.302
Check: dependencies in R code
Result: NOTE
    Namespace in Imports field not imported from: ‘methods’
     All declared Imports should be used.
    See the information on DESCRIPTION files in the chapter ‘Creating R
    packages’ of the ‘Writing R Extensions’ manual.
Flavors: r-devel-linux-x86_64-debian-clang, r-devel-linux-x86_64-debian-gcc, r-devel-linux-x86_64-fedora-clang, r-devel-linux-x86_64-fedora-gcc, r-devel-osx-x86_64-clang, r-devel-osx-x86_64-gcc, r-devel-windows-ix86+x86_64, r-patched-linux-x86_64, r-patched-solaris-sparc, r-patched-solaris-x86, r-release-linux-x86_64, r-release-osx-x86_64-mavericks, r-release-windows-ix86+x86_64, r-oldrel-windows-ix86+x86_64

Version: 1.302
Check: package dependencies
Result: NOTE
    Packages suggested but not available for checking:
     ‘devtools’ ‘ggplot2’ ‘knitr’ ‘scales’
    
    Files named as vignettes but with no recognized vignette engine:
     ‘inst/doc/Faq.Rnw’
     ‘inst/doc/NlsInvestigator.Rnw’
     ‘inst/doc/NlsyAce.Rnw’
    (Is a VignetteBuilder field missing?)
Flavor: r-devel-osx-x86_64-gcc

Version: 1.302
Check: PDF version of manual
Result: WARNING
    LaTeX errors when creating PDF version.
    This typically indicates Rd problems.
    LaTeX errors found:
    ! LaTeX Error: File `upquote.sty' not found.
    
    Type X to quit or <RETURN> to proceed,
    or enter new name. (Default extension: sty)
    
    422c31eb/Rd2.tex:8: ==> Fatal error occurred, no output PDF file produced!
Flavor: r-release-osx-x86_64-mavericks

Version: 1.302
Check: package dependencies
Result: NOTE
    Package suggested but not available for checking: 'devtools'
Flavor: r-release-osx-x86_64-snowleopard