CRAN Package Check Results for Package NlsyLinks

Last updated on 2015-09-04 11:47:44.

Flavor Version Tinstall Tcheck Ttotal Status Flags
r-devel-linux-x86_64-debian-clang 2.0.1 2.87 47.95 50.82 NOTE
r-devel-linux-x86_64-debian-gcc 2.0.1 2.97 47.74 50.70 NOTE
r-devel-linux-x86_64-fedora-clang 2.0.1 98.92 NOTE
r-devel-linux-x86_64-fedora-gcc 2.0.1 99.56 NOTE
r-devel-osx-x86_64-clang 2.0.1 98.13 NOTE
r-devel-windows-ix86+x86_64 2.0.1 9.00 92.00 101.00 NOTE
r-patched-linux-x86_64 2.0.1 2.89 48.57 51.46 NOTE
r-patched-solaris-sparc 2.0.1 611.80 NOTE
r-patched-solaris-x86 2.0.1 135.50 NOTE
r-release-linux-x86_64 2.0.1 2.96 49.16 52.12 NOTE
r-release-osx-x86_64-mavericks 2.0.1 NOTE
r-release-windows-ix86+x86_64 2.0.1 9.00 93.00 102.00 NOTE
r-oldrel-windows-ix86+x86_64 2.0.1 8.00 97.00 105.00 NOTE

Check Details

Version: 2.0.1
Check: installed package size
Result: NOTE
     installed size is 6.3Mb
     sub-directories of 1Mb or more:
     data 4.3Mb
     doc 1.0Mb
Flavors: r-devel-linux-x86_64-debian-clang, r-devel-linux-x86_64-debian-gcc, r-devel-linux-x86_64-fedora-clang, r-devel-linux-x86_64-fedora-gcc, r-devel-osx-x86_64-clang, r-devel-windows-ix86+x86_64, r-patched-linux-x86_64, r-patched-solaris-sparc, r-patched-solaris-x86, r-release-linux-x86_64, r-release-osx-x86_64-mavericks, r-release-windows-ix86+x86_64, r-oldrel-windows-ix86+x86_64