CRAN Package Check Results for Package NlsyLinks

Last updated on 2014-10-25 19:47:42.

Flavor Version Tinstall Tcheck Ttotal Status Flags
r-devel-linux-x86_64-debian-clang 1.302 1.96 31.85 33.82 NOTE
r-devel-linux-x86_64-debian-gcc 1.302 1.92 31.80 33.72 NOTE
r-devel-linux-x86_64-fedora-clang 1.302 67.83 NOTE
r-devel-linux-x86_64-fedora-gcc 1.302 64.42 NOTE
r-devel-osx-x86_64-clang 1.302 75.70 NOTE
r-devel-windows-ix86+x86_64 1.302 6.00 51.00 57.00 NOTE
r-patched-linux-x86_64 1.302 1.94 31.40 33.34 NOTE
r-patched-solaris-sparc 1.302 389.00 NOTE
r-patched-solaris-x86 1.302 87.10 NOTE
r-release-linux-ix86 1.302 3.04 43.75 46.80 NOTE
r-release-linux-x86_64 1.302 1.94 33.82 35.76 NOTE
r-release-osx-x86_64-mavericks 1.302 NOTE
r-release-osx-x86_64-snowleopard 1.302 NOTE
r-release-windows-ix86+x86_64 1.302 5.00 55.00 60.00 NOTE
r-oldrel-windows-ix86+x86_64 1.302 6.00 57.00 63.00 NOTE

Check Details

Version: 1.302
Check: dependencies in R code
Result: NOTE
    Namespace in Imports field not imported from: ‘methods’
     All declared Imports should be used.
    See the information on DESCRIPTION files in the chapter ‘Creating R
    packages’ of the ‘Writing R Extensions’ manual.
Flavors: r-devel-linux-x86_64-debian-clang, r-devel-linux-x86_64-debian-gcc, r-devel-linux-x86_64-fedora-clang, r-devel-linux-x86_64-fedora-gcc, r-devel-osx-x86_64-clang, r-devel-windows-ix86+x86_64, r-patched-linux-x86_64, r-patched-solaris-sparc, r-patched-solaris-x86, r-release-linux-ix86, r-release-linux-x86_64, r-release-osx-x86_64-mavericks, r-release-windows-ix86+x86_64, r-oldrel-windows-ix86+x86_64

Version: 1.302
Check: R code for possible problems
Result: NOTE
    ReadCsvNlsy79Gen1: no visible binding for global variable
     ‘SubjectDetails79’
    ReadCsvNlsy79Gen2: no visible binding for global variable
     ‘SubjectDetails79’
Flavors: r-devel-linux-x86_64-debian-clang, r-devel-linux-x86_64-debian-gcc, r-devel-linux-x86_64-fedora-clang, r-devel-linux-x86_64-fedora-gcc, r-devel-osx-x86_64-clang, r-devel-windows-ix86+x86_64, r-patched-linux-x86_64, r-patched-solaris-sparc, r-patched-solaris-x86

Version: 1.302
Check: package dependencies
Result: NOTE
    Package suggested but not available for checking: 'devtools'
Flavor: r-release-osx-x86_64-snowleopard