CRAN Package Check Results for Package NlsyLinks

Last updated on 2016-12-08 03:54:27.

Flavor Version Tinstall Tcheck Ttotal Status Flags
r-devel-linux-x86_64-debian-clang 2.0.6 3.31 65.80 69.11 OK
r-devel-linux-x86_64-debian-gcc 2.0.6 3.61 64.97 68.58 OK
r-devel-linux-x86_64-fedora-clang 2.0.6 141.21 NOTE --no-stop-on-test-error
r-devel-linux-x86_64-fedora-gcc 2.0.6 132.56 NOTE --no-stop-on-test-error
r-devel-macos-x86_64-clang 2.0.6 104.36 NOTE --no-stop-on-test-error
r-devel-windows-ix86+x86_64 2.0.6 10.00 125.00 135.00 NOTE
r-patched-linux-x86_64 2.0.6 3.34 46.13 49.47 OK
r-patched-solaris-sparc 2.0.6 608.20 NOTE
r-patched-solaris-x86 2.0.6 117.30 NOTE
r-release-linux-x86_64 2.0.6 3.14 45.68 48.82 OK
r-release-osx-x86_64-mavericks 2.0.6 NOTE
r-release-windows-ix86+x86_64 2.0.6 8.00 107.00 115.00 NOTE
r-oldrel-windows-ix86+x86_64 2.0.6 12.00 138.00 150.00 NOTE

Check Details

Version: 2.0.6
Flags: --no-stop-on-test-error
Check: installed package size
Result: NOTE
     installed size is 8.6Mb
     sub-directories of 1Mb or more:
     data 4.3Mb
     reports 2.3Mb
Flavors: r-devel-linux-x86_64-fedora-clang, r-devel-linux-x86_64-fedora-gcc, r-devel-macos-x86_64-clang

Version: 2.0.6
Check: installed package size
Result: NOTE
     installed size is 8.5Mb
     sub-directories of 1Mb or more:
     data 4.3Mb
     reports 2.3Mb
Flavors: r-devel-windows-ix86+x86_64, r-patched-solaris-sparc, r-patched-solaris-x86, r-release-osx-x86_64-mavericks, r-release-windows-ix86+x86_64, r-oldrel-windows-ix86+x86_64