CRAN Package Check Results for Package NlsyLinks

Last updated on 2015-01-27 01:48:08.

Flavor Version Tinstall Tcheck Ttotal Status Flags
r-devel-linux-x86_64-debian-clang 1.302 1.77 30.20 31.97 NOTE
r-devel-linux-x86_64-debian-gcc 1.302 1.67 29.44 31.11 NOTE
r-devel-linux-x86_64-fedora-clang 1.302 67.13 NOTE
r-devel-linux-x86_64-fedora-gcc 1.302 67.48 NOTE
r-devel-osx-x86_64-clang 1.302 78.03 NOTE
r-devel-windows-ix86+x86_64 1.302 6.00 52.00 58.00 NOTE
r-patched-linux-x86_64 1.302 1.96 30.82 32.78 NOTE
r-patched-solaris-sparc 1.302 383.30 NOTE
r-patched-solaris-x86 1.302 87.50 NOTE
r-release-linux-ix86 1.302 2.78 1.85 4.63 OK
r-release-linux-x86_64 1.302 1.95 30.78 32.73 NOTE
r-release-osx-x86_64-mavericks 1.302 NOTE
r-release-osx-x86_64-snowleopard 1.302 NOTE
r-release-windows-ix86+x86_64 1.302 7.00 52.00 59.00 NOTE
r-oldrel-windows-ix86+x86_64 1.302 9.00 75.00 84.00 NOTE

Check Details

Version: 1.302
Check: dependencies in R code
Result: NOTE
    Namespace in Imports field not imported from: ‘methods’
     All declared Imports should be used.
Flavors: r-devel-linux-x86_64-debian-clang, r-devel-linux-x86_64-debian-gcc, r-devel-linux-x86_64-fedora-clang, r-devel-linux-x86_64-fedora-gcc, r-devel-osx-x86_64-clang, r-devel-windows-ix86+x86_64

Version: 1.302
Check: R code for possible problems
Result: NOTE
    ReadCsvNlsy79Gen1: no visible binding for global variable
     ‘SubjectDetails79’
    ReadCsvNlsy79Gen2: no visible binding for global variable
     ‘SubjectDetails79’
Flavors: r-devel-linux-x86_64-debian-clang, r-devel-linux-x86_64-debian-gcc, r-devel-linux-x86_64-fedora-clang, r-devel-linux-x86_64-fedora-gcc, r-devel-osx-x86_64-clang, r-devel-windows-ix86+x86_64, r-patched-linux-x86_64, r-patched-solaris-sparc, r-patched-solaris-x86, r-release-linux-x86_64, r-release-osx-x86_64-mavericks, r-release-windows-ix86+x86_64

Version: 1.302
Check: dependencies in R code
Result: NOTE
    Namespace in Imports field not imported from: ‘methods’
     All declared Imports should be used.
    See the information on DESCRIPTION files in the chapter ‘Creating R
    packages’ of the ‘Writing R Extensions’ manual.
Flavors: r-patched-linux-x86_64, r-patched-solaris-sparc, r-patched-solaris-x86, r-release-linux-x86_64, r-release-osx-x86_64-mavericks, r-release-windows-ix86+x86_64, r-oldrel-windows-ix86+x86_64

Version: 1.302
Check: package dependencies
Result: NOTE
    Package suggested but not available for checking: 'devtools'
Flavor: r-release-osx-x86_64-snowleopard