CRAN Package Check Results for Package NlsyLinks

Last updated on 2016-07-25 23:48:10.

Flavor Version Tinstall Tcheck Ttotal Status Flags
r-devel-linux-x86_64-debian-clang 2.0.6 3.67 52.00 55.66 NOTE
r-devel-linux-x86_64-debian-gcc 2.0.6 3.94 51.55 55.49 NOTE
r-devel-linux-x86_64-fedora-clang 2.0.6 89.52 NOTE
r-devel-linux-x86_64-fedora-gcc 2.0.6 85.81 NOTE
r-devel-osx-x86_64-clang 2.0.6 74.96 NOTE
r-devel-windows-ix86+x86_64 2.0.6 12.00 138.00 150.00 NOTE
r-patched-linux-x86_64 2.0.6 3.59 50.27 53.86 NOTE
r-patched-solaris-sparc 2.0.6 608.20 NOTE
r-patched-solaris-x86 2.0.6 115.10 NOTE
r-release-linux-x86_64 2.0.6 3.90 52.24 56.14 NOTE
r-release-osx-x86_64-mavericks 2.0.6 NOTE
r-release-windows-ix86+x86_64 2.0.6 11.00 133.00 144.00 NOTE
r-oldrel-windows-ix86+x86_64 2.0.6 13.00 133.00 146.00 NOTE

Check Details

Version: 2.0.6
Check: installed package size
Result: NOTE
     installed size is 8.6Mb
     sub-directories of 1Mb or more:
     data 4.3Mb
     reports 2.3Mb
Flavors: r-devel-linux-x86_64-debian-clang, r-devel-linux-x86_64-debian-gcc, r-devel-linux-x86_64-fedora-clang, r-devel-linux-x86_64-fedora-gcc, r-devel-osx-x86_64-clang, r-devel-windows-ix86+x86_64, r-patched-linux-x86_64, r-patched-solaris-sparc, r-patched-solaris-x86, r-release-linux-x86_64, r-release-osx-x86_64-mavericks, r-release-windows-ix86+x86_64, r-oldrel-windows-ix86+x86_64