CRAN Package Check Results for Package NlsyLinks

Last updated on 2016-08-28 09:50:40.

Flavor Version Tinstall Tcheck Ttotal Status Flags
r-devel-linux-x86_64-debian-clang 2.0.6 2.98 46.71 49.69 NOTE
r-devel-linux-x86_64-debian-gcc 2.0.6 3.05 45.00 48.05 NOTE
r-devel-linux-x86_64-fedora-clang 2.0.6 92.67 NOTE
r-devel-linux-x86_64-fedora-gcc 2.0.6 89.48 NOTE
r-devel-osx-x86_64-clang 2.0.6 77.99 NOTE
r-devel-windows-ix86+x86_64 2.0.6 10.00 105.00 115.00 NOTE
r-patched-linux-x86_64 2.0.6 3.09 44.51 47.60 NOTE
r-patched-solaris-sparc 2.0.6 608.20 NOTE
r-patched-solaris-x86 2.0.6 117.70 NOTE
r-release-linux-x86_64 2.0.6 3.58 45.91 49.48 NOTE
r-release-osx-x86_64-mavericks 2.0.6 NOTE
r-release-windows-ix86+x86_64 2.0.6 11.00 131.00 142.00 NOTE
r-oldrel-windows-ix86+x86_64 2.0.6 9.00 113.00 122.00 NOTE

Check Details

Version: 2.0.6
Check: installed package size
Result: NOTE
     installed size is 8.6Mb
     sub-directories of 1Mb or more:
     data 4.3Mb
     reports 2.3Mb
Flavors: r-devel-linux-x86_64-debian-clang, r-devel-linux-x86_64-debian-gcc, r-devel-linux-x86_64-fedora-clang, r-devel-linux-x86_64-fedora-gcc, r-devel-osx-x86_64-clang, r-devel-windows-ix86+x86_64, r-patched-linux-x86_64, r-patched-solaris-sparc, r-patched-solaris-x86, r-release-linux-x86_64, r-release-osx-x86_64-mavericks, r-release-windows-ix86+x86_64, r-oldrel-windows-ix86+x86_64