CRAN Package Check Results for Package NlsyLinks

Last updated on 2016-06-28 14:48:32.

Flavor Version Tinstall Tcheck Ttotal Status Flags
r-devel-linux-x86_64-debian-gcc 2.0.6 3.07 44.10 47.17 NOTE
r-devel-linux-x86_64-fedora-clang 2.0.6 88.52 NOTE
r-devel-linux-x86_64-fedora-gcc 2.0.6 85.90 NOTE
r-devel-osx-x86_64-clang 2.0.6 75.82 NOTE
r-devel-windows-ix86+x86_64 2.0.6 13.00 106.00 119.00 NOTE
r-patched-linux-x86_64 2.0.6 3.18 45.16 48.35 NOTE
r-patched-solaris-sparc 2.0.6 608.20 NOTE
r-patched-solaris-x86 2.0.6 120.80 NOTE
r-release-linux-x86_64 2.0.6 3.34 45.49 48.83 NOTE
r-release-osx-x86_64-mavericks 2.0.6 NOTE
r-release-windows-ix86+x86_64 2.0.6 11.00 133.00 144.00 NOTE
r-oldrel-windows-ix86+x86_64 2.0.6 12.00 147.00 159.00 NOTE

Check Details

Version: 2.0.6
Check: installed package size
Result: NOTE
     installed size is 8.6Mb
     sub-directories of 1Mb or more:
     data 4.3Mb
     reports 2.3Mb
Flavors: r-devel-linux-x86_64-debian-gcc, r-devel-linux-x86_64-fedora-clang, r-devel-linux-x86_64-fedora-gcc, r-devel-osx-x86_64-clang, r-devel-windows-ix86+x86_64, r-patched-linux-x86_64, r-patched-solaris-sparc, r-patched-solaris-x86, r-release-linux-x86_64, r-release-osx-x86_64-mavericks, r-release-windows-ix86+x86_64, r-oldrel-windows-ix86+x86_64