CRAN Package Check Results for Package NominalLogisticBiplot

Last updated on 2014-04-25 05:47:20.

Flavor Version Tinstall Tcheck Ttotal Status Flags
r-devel-linux-x86_64-debian-clang 0.1 2.06 32.02 34.08 NOTE
r-devel-linux-x86_64-debian-gcc 0.1 1.89 31.49 33.38 NOTE
r-devel-linux-x86_64-fedora-clang 0.1 66.59 NOTE
r-devel-linux-x86_64-fedora-gcc 0.1 63.87 NOTE
r-devel-osx-x86_64-clang 0.1 62.85 NOTE
r-devel-osx-x86_64-gcc 0.1 NOTE
r-devel-windows-ix86+x86_64 0.1 6.00 47.00 53.00 NOTE
r-patched-linux-x86_64 0.1 1.86 30.68 32.54 NOTE
r-patched-solaris-sparc 0.1 364.90 NOTE
r-patched-solaris-x86 0.1 84.80 NOTE
r-release-linux-ix86 0.1 3.00 53.00 56.00 NOTE
r-release-linux-x86_64 0.1 1.86 30.78 32.64 NOTE
r-release-osx-x86_64-mavericks 0.1 WARN
r-release-osx-x86_64-snowleopard 0.1 WARN
r-release-windows-ix86+x86_64 0.1 7.00 47.00 54.00 NOTE
r-oldrel-windows-ix86+x86_64 0.1 7.00 50.00 57.00 NOTE

Check Details

Version: 0.1
Check: dependencies in R code
Result: NOTE
    Packages in Depends field not imported from:
     ‘MASS’ ‘gmodels’ ‘mirt’
     These packages need to be imported from (in the NAMESPACE file)
     for when this namespace is loaded but not attached.
    See the information on DESCRIPTION files in the chapter ‘Creating R
    packages’ of the ‘Writing R Extensions’ manual.
Flavors: r-devel-linux-x86_64-debian-clang, r-devel-linux-x86_64-debian-gcc, r-devel-linux-x86_64-fedora-clang, r-devel-linux-x86_64-fedora-gcc, r-devel-osx-x86_64-clang, r-devel-osx-x86_64-gcc, r-devel-windows-ix86+x86_64, r-patched-linux-x86_64, r-patched-solaris-sparc, r-patched-solaris-x86, r-release-linux-ix86, r-release-linux-x86_64, r-release-osx-x86_64-mavericks, r-release-windows-ix86+x86_64, r-oldrel-windows-ix86+x86_64

Version: 0.1
Check: PDF version of manual
Result: WARNING
    LaTeX errors when creating PDF version.
    This typically indicates Rd problems.
    LaTeX errors found:
    ! LaTeX Error: File `upquote.sty' not found.
    
    Type X to quit or <RETURN> to proceed,
    or enter new name. (Default extension: sty)
    
    5c5c5b4b/Rd2.tex:8: ==> Fatal error occurred, no output PDF file produced!
Flavor: r-release-osx-x86_64-mavericks

Version: 0.1
Check: examples
Result: WARNING
    checking a package with encoding 'latin1' in an ASCII locale
    
     OK
Flavor: r-release-osx-x86_64-snowleopard