CRAN Package Check Results for Package NominalLogisticBiplot

Last updated on 2015-08-30 15:46:53.

Flavor Version Tinstall Tcheck Ttotal Status Flags
r-devel-linux-x86_64-debian-clang 0.2 4.40 46.21 50.60 NOTE
r-devel-linux-x86_64-debian-gcc 0.2 3.31 47.04 50.35 NOTE
r-devel-linux-x86_64-fedora-clang 0.2 103.92 NOTE
r-devel-linux-x86_64-fedora-gcc 0.2 98.17 NOTE
r-devel-osx-x86_64-clang 0.2 89.64 OK
r-devel-windows-ix86+x86_64 0.2 14.00 82.00 96.00 NOTE
r-patched-linux-x86_64 0.2 3.38 47.27 50.64 OK
r-patched-solaris-sparc 0.2 651.70 OK
r-patched-solaris-x86 0.2 144.40 OK
r-release-linux-x86_64 0.2 3.35 46.92 50.27 OK
r-release-osx-x86_64-mavericks 0.2 OK
r-release-windows-ix86+x86_64 0.2 14.00 74.00 88.00 OK
r-oldrel-windows-ix86+x86_64 0.2 19.00 100.00 119.00 OK

Check Details

Version: 0.2
Check: R code for possible problems
Result: NOTE
    CheckDataSet: no visible global function definition for ‘na.omit’
    NominalLogBiplotEM: no visible global function definition for ‘plot’
    NominalLogBiplotEM: no visible global function definition for ‘text’
    NominalLogBiplotEM: no visible global function definition for ‘dev.new’
    NominalLogisticBiplot: no visible global function definition for
     ‘model.frame’
    NominalLogisticBiplot: no visible global function definition for ‘coef’
    RidgeMultinomialRegression: no visible global function definition for
     ‘pchisq’
    plot.nominal.logistic.biplot: no visible global function definition for
     ‘colors’
    plot.nominal.logistic.biplot: no visible global function definition for
     ‘dev.new’
    plot.nominal.logistic.biplot: no visible global function definition for
     ‘plot’
    plot.nominal.logistic.biplot: no visible global function definition for
     ‘text’
    plot.nominal.logistic.biplot: no visible global function definition for
     ‘legend’
    plot.nominal.logistic.biplot: no visible global function definition for
     ‘points’
    plot.voronoiprob: no visible global function definition for ‘points’
    plot.voronoiprob: no visible global function definition for ‘text’
    plot.voronoiprob: no visible global function definition for ‘segments’
    plot2CategLine: no visible global function definition for ‘abline’
    plot2CategLine: no visible global function definition for ‘points’
    plot2CategLine: no visible global function definition for ‘text’
    plotNominalFittedVariable: no visible global function definition for
     ‘dev.new’
    plotNominalFittedVariable: no visible global function definition for
     ‘plot’
    plotNominalFittedVariable: no visible global function definition for
     ‘points’
    plotNominalFittedVariable: no visible global function definition for
     ‘text’
    plotNominalVariable: no visible global function definition for
     ‘dev.new’
    plotNominalVariable: no visible global function definition for ‘plot’
    plotNominalVariable: no visible global function definition for ‘points’
    plotNominalVariable: no visible global function definition for ‘text’
    summary.nominal.logistic.biplot: no visible global function definition
     for ‘pnorm’
    textsmart: no visible global function definition for ‘text’
    Undefined global functions or variables:
     abline coef colors dev.new legend model.frame na.omit pchisq plot
     pnorm points segments text
    Consider adding
     importFrom("grDevices", "colors", "dev.new")
     importFrom("graphics", "abline", "legend", "plot", "points",
     "segments", "text")
     importFrom("stats", "coef", "model.frame", "na.omit", "pchisq",
     "pnorm")
    to your NAMESPACE.
Flavors: r-devel-linux-x86_64-debian-clang, r-devel-linux-x86_64-debian-gcc, r-devel-linux-x86_64-fedora-clang, r-devel-linux-x86_64-fedora-gcc, r-devel-windows-ix86+x86_64