Last updated on 2023-02-05 11:56:42 CET.
Flavor | Version | Tinstall | Tcheck | Ttotal | Status | Flags |
---|---|---|---|---|---|---|
r-devel-linux-x86_64-debian-clang | 0.2.4 | 15.72 | 159.23 | 174.95 | OK | |
r-devel-linux-x86_64-debian-gcc | 0.2.4 | 12.45 | 120.60 | 133.05 | OK | |
r-devel-linux-x86_64-fedora-clang | 0.2.4 | 219.11 | NOTE | |||
r-devel-linux-x86_64-fedora-gcc | 0.2.4 | 207.95 | NOTE | |||
r-devel-windows-x86_64 | 0.2.4 | 30.00 | 196.00 | 226.00 | OK | |
r-patched-linux-x86_64 | 0.2.4 | 14.48 | 154.36 | 168.84 | OK | |
r-release-linux-x86_64 | 0.2.4 | 11.90 | 155.09 | 166.99 | OK | |
r-release-macos-arm64 | 0.2.4 | 63.00 | NOTE | |||
r-release-macos-x86_64 | 0.2.4 | 109.00 | NOTE | |||
r-release-windows-x86_64 | 0.2.4 | 31.00 | 199.00 | 230.00 | OK | |
r-oldrel-macos-arm64 | 0.2.4 | 80.00 | NOTE | |||
r-oldrel-macos-x86_64 | 0.2.4 | 122.00 | NOTE | |||
r-oldrel-windows-ix86+x86_64 | 0.2.4 | 37.00 | 188.00 | 225.00 | OK |
Version: 0.2.4
Check: dependencies in R code
Result: NOTE
Namespaces in Imports field not imported from:
‘Matrix’ ‘e1071’ ‘glmnet’
All declared Imports should be used.
Flavors: r-devel-linux-x86_64-fedora-clang, r-devel-linux-x86_64-fedora-gcc, r-release-macos-arm64, r-release-macos-x86_64, r-oldrel-macos-arm64, r-oldrel-macos-x86_64