CRAN Package Check Results for Package Nozzle.R1

Last updated on 2019-04-21 20:48:27 CEST.

Flavor Version Tinstall Tcheck Ttotal Status Flags
r-devel-linux-x86_64-debian-clang 1.1-1 4.35 27.97 32.32 NOTE
r-devel-linux-x86_64-debian-gcc 1.1-1 3.78 22.34 26.12 NOTE
r-devel-linux-x86_64-fedora-clang 1.1-1 39.20 NOTE
r-devel-linux-x86_64-fedora-gcc 1.1-1 36.97 NOTE
r-devel-windows-ix86+x86_64 1.1-1 11.00 46.00 57.00 NOTE
r-patched-linux-x86_64 1.1-1 4.63 27.89 32.52 NOTE
r-patched-solaris-x86 1.1-1 52.10 NOTE
r-release-linux-x86_64 1.1-1 3.30 26.27 29.57 NOTE
r-release-windows-ix86+x86_64 1.1-1 7.00 40.00 47.00 NOTE
r-release-osx-x86_64 1.1-1 NOTE
r-oldrel-windows-ix86+x86_64 1.1-1 6.00 37.00 43.00 NOTE
r-oldrel-osx-x86_64 1.1-1 NOTE

Check Details

Version: 1.1-1
Check: R code for possible problems
Result: NOTE
    .newReportId : <anonymous>: no visible global function definition for
     'runif'
    Undefined global functions or variables:
     runif
    Consider adding
     importFrom("stats", "runif")
    to your NAMESPACE file.
Flavors: r-devel-linux-x86_64-debian-clang, r-devel-linux-x86_64-debian-gcc, r-devel-linux-x86_64-fedora-clang, r-devel-linux-x86_64-fedora-gcc, r-devel-windows-ix86+x86_64, r-patched-linux-x86_64, r-patched-solaris-x86, r-release-linux-x86_64, r-release-windows-ix86+x86_64, r-release-osx-x86_64, r-oldrel-windows-ix86+x86_64, r-oldrel-osx-x86_64