CRAN Package Check Results for Package Nozzle.R1

Last updated on 2021-11-29 15:51:19 CET.

Flavor Version Tinstall Tcheck Ttotal Status Flags
r-devel-linux-x86_64-debian-clang 1.1-1 5.97 32.86 38.83 NOTE
r-devel-linux-x86_64-debian-gcc 1.1-1 3.34 25.72 29.06 NOTE
r-devel-linux-x86_64-fedora-clang 1.1-1 57.89 NOTE
r-devel-linux-x86_64-fedora-gcc 1.1-1 46.34 NOTE
r-devel-windows-x86_64-new-UL 1.1-1 24.00 63.00 87.00 NOTE
r-devel-windows-x86_64-new-TK 1.1-1 NOTE
r-devel-windows-x86_64-old 1.1-1 9.00 34.00 43.00 NOTE
r-patched-linux-x86_64 1.1-1 7.57 31.81 39.38 NOTE
r-patched-solaris-x86 1.1-1 61.10 NOTE
r-release-linux-x86_64 1.1-1 4.27 31.88 36.15 NOTE
r-release-macos-arm64 1.1-1 NOTE
r-release-macos-x86_64 1.1-1 NOTE
r-release-windows-ix86+x86_64 1.1-1 11.00 47.00 58.00 NOTE
r-oldrel-macos-x86_64 1.1-1 NOTE
r-oldrel-windows-ix86+x86_64 1.1-1 7.00 44.00 51.00 NOTE

Check Details

Version: 1.1-1
Check: R code for possible problems
Result: NOTE
    .newReportId : <anonymous>: no visible global function definition for
     'runif'
    Undefined global functions or variables:
     runif
    Consider adding
     importFrom("stats", "runif")
    to your NAMESPACE file.
Flavors: r-devel-linux-x86_64-debian-clang, r-devel-linux-x86_64-debian-gcc, r-devel-linux-x86_64-fedora-clang, r-devel-linux-x86_64-fedora-gcc, r-devel-windows-x86_64-new-UL, r-devel-windows-x86_64-new-TK, r-devel-windows-x86_64-old, r-patched-linux-x86_64, r-patched-solaris-x86, r-release-linux-x86_64, r-release-macos-arm64, r-release-macos-x86_64, r-release-windows-ix86+x86_64, r-oldrel-macos-x86_64, r-oldrel-windows-ix86+x86_64