CRAN Package Check Results for Package Nozzle.R1

Last updated on 2019-06-27 08:49:19 CEST.

Flavor Version Tinstall Tcheck Ttotal Status Flags
r-devel-linux-x86_64-debian-clang 1.1-1 4.05 28.05 32.10 NOTE
r-devel-linux-x86_64-debian-gcc 1.1-1 3.57 22.49 26.06 NOTE
r-devel-linux-x86_64-fedora-clang 1.1-1 38.19 NOTE
r-devel-linux-x86_64-fedora-gcc 1.1-1 37.30 NOTE
r-devel-windows-ix86+x86_64 1.1-1 14.00 53.00 67.00 NOTE
r-patched-linux-x86_64 1.1-1 4.30 28.15 32.45 NOTE
r-patched-solaris-x86 1.1-1 54.80 NOTE
r-release-linux-x86_64 1.1-1 4.90 27.89 32.79 NOTE
r-release-windows-ix86+x86_64 1.1-1 11.00 51.00 62.00 NOTE
r-release-osx-x86_64 1.1-1 NOTE
r-oldrel-windows-ix86+x86_64 1.1-1 7.00 40.00 47.00 NOTE
r-oldrel-osx-x86_64 1.1-1 NOTE

Check Details

Version: 1.1-1
Check: R code for possible problems
Result: NOTE
    .newReportId : <anonymous>: no visible global function definition for
     'runif'
    Undefined global functions or variables:
     runif
    Consider adding
     importFrom("stats", "runif")
    to your NAMESPACE file.
Flavors: r-devel-linux-x86_64-debian-clang, r-devel-linux-x86_64-debian-gcc, r-devel-linux-x86_64-fedora-clang, r-devel-linux-x86_64-fedora-gcc, r-devel-windows-ix86+x86_64, r-patched-linux-x86_64, r-patched-solaris-x86, r-release-linux-x86_64, r-release-windows-ix86+x86_64, r-release-osx-x86_64, r-oldrel-windows-ix86+x86_64, r-oldrel-osx-x86_64