CRAN Package Check Results for Package OAIHarvester

Last updated on 2015-01-28 23:49:38.

Flavor Version Tinstall Tcheck Ttotal Status Flags
r-devel-linux-x86_64-debian-clang 0.1-7 1.26 33.74 35.01 OK
r-devel-linux-x86_64-debian-gcc 0.1-7 1.20 33.44 34.65 OK
r-devel-linux-x86_64-fedora-clang 0.1-7 58.26 OK
r-devel-linux-x86_64-fedora-gcc 0.1-7 52.34 OK
r-devel-osx-x86_64-clang 0.1-7 72.88 OK
r-devel-windows-ix86+x86_64 0.1-7 4.00 56.00 60.00 OK
r-patched-linux-x86_64 0.1-7 1.38 36.64 38.02 OK
r-patched-solaris-sparc 0.1-7 342.30 OK
r-patched-solaris-x86 0.1-7 74.70 OK
r-release-linux-ix86 0.1-7 1.76 1.78 3.54 OK
r-release-linux-x86_64 0.1-7 1.43 36.93 38.36 OK
r-release-osx-x86_64-mavericks 0.1-7 NOTE
r-release-osx-x86_64-snowleopard 0.1-7 OK
r-release-windows-ix86+x86_64 0.1-7 4.00 53.00 57.00 OK
r-oldrel-windows-ix86+x86_64 0.1-7 5.00 56.00 61.00 OK

Check Details

Version: 0.1-7
Check: re-building of vignette outputs
Result: NOTE
    Error in re-building vignettes:
     ...
    The following object is masked from ‘package:tools’:
    
     toHTML
    
    Error in texi2dvi(file = file, pdf = TRUE, clean = clean, quiet = quiet, :
     Running 'texi2dvi' on 'oaih.tex' failed.
    LaTeX errors:
    ! Undefined control sequence.
    l.15 ...<9b>d<9a><8a>7<c9>tz<f1><a4><94>RJ|^^NÐ<9f><87>a<a8><fe>;<9c><c2>0쟤^<af><f3><<db><db><db>R<ca>\s
     <aa>t<e5>^^T<ef><a8><dc>X<96>%<a5><dc><dc><dc>\]]<c5>g<b0>+<a5><b4>,...
    The control sequence at the end of the top line
    of your error message was never \def'ed. If you have
    ! LaTeX Error: Missing \begin{document}.
    
    See the LaTeX manual or LaTeX Companion for explanation.
    Type H <return> for immediate help.
     ...
    ! Extra }, or forgotten \endgroup.
    l.20 <83>Ɔ^^N<a0>^^RB<d4><eb>u6t<^^[<de><c2>^^U "<9c><aa><aa>?<b1>M<d0>[<f5>z=<8e><e3><e1><e0><9c>}
     <f6><ec><d9>p<f1><ba>ݮ^^P<c2><f7><fd>^^[7n<e0><c9><e2><e2>"<cc><ee><de>...
    I've deleted a group-closing symbol because it seems to be
    spurious, as in `$x}$'. But perhaps the } is legitimate and
    ! Miss
    Calls: buildVignettes -> texi2pdf -> texi2dvi
    Execution halted
Flavor: r-release-osx-x86_64-mavericks