CRAN Package Check Results for Package OAIHarvester

Last updated on 2017-07-23 14:47:09.

Flavor Version Tinstall Tcheck Ttotal Status Flags
r-devel-linux-x86_64-debian-clang 0.3-0 0.95 33.63 34.58 OK
r-devel-linux-x86_64-debian-gcc 0.3-0 0.97 33.23 34.20 OK
r-devel-linux-x86_64-fedora-clang 0.3-0 37.71 OK
r-devel-linux-x86_64-fedora-gcc 0.3-0 38.75 OK
r-devel-windows-ix86+x86_64 0.3-0 7.00 70.00 77.00 OK
r-patched-linux-x86_64 0.3-0 0.98 33.79 34.76 OK
r-patched-solaris-x86 0.3-0 50.40 OK
r-release-linux-x86_64 0.3-0 0.94 33.50 34.44 OK
r-release-windows-ix86+x86_64 0.3-0 4.00 71.00 75.00 OK
r-release-osx-x86_64 0.3-0 NOTE
r-oldrel-windows-ix86+x86_64 0.3-0 4.00 65.00 69.00 OK
r-oldrel-osx-x86_64 0.3-0 OK

Check Details

Version: 0.3-0
Check: re-building of vignette outputs
Result: NOTE
    Error in re-building vignettes:
     ...
    Loading required package: xml2
    Error in texi2dvi(file = file, pdf = TRUE, clean = clean, quiet = quiet, :
     Running 'texi2dvi' on 'oaih.tex' failed.
    LaTeX errors:
    ! LaTeX Error: File `a4wide.sty' not found.
    
    Type X to quit or <RETURN> to proceed,
    or enter new name. (Default extension: sty)
    
    ! Emergency stop.
    <read *>
    
    l.8 ^^M
    
    ! ==> Fatal error occurred, no output PDF file produced!
    Calls: buildVignettes -> texi2pdf -> texi2dvi
    Execution halted
Flavor: r-release-osx-x86_64