CRAN Package Check Results for Package OAIHarvester

Last updated on 2014-04-24 17:49:48.

Flavor Version Tinstall Tcheck Ttotal Status Flags
r-devel-linux-x86_64-debian-clang 0.1-7 1.49 36.89 38.38 OK
r-devel-linux-x86_64-debian-gcc 0.1-7 1.42 36.10 37.52 OK
r-devel-linux-x86_64-fedora-clang 0.1-7 58.54 OK
r-devel-linux-x86_64-fedora-gcc 0.1-7 55.54 OK
r-devel-osx-x86_64-clang 0.1-7 75.81 OK
r-devel-osx-x86_64-gcc 0.1-7 ERROR
r-devel-windows-ix86+x86_64 0.1-7 4.00 56.00 60.00 OK
r-patched-linux-x86_64 0.1-7 1.43 38.37 39.80 OK
r-patched-solaris-sparc 0.1-7 314.50 OK
r-patched-solaris-x86 0.1-7 74.70 OK
r-release-linux-ix86 0.1-7 3.00 58.00 61.00 OK
r-release-linux-x86_64 0.1-7 1.52 36.12 37.65 OK
r-release-osx-x86_64-mavericks 0.1-7 NOTE
r-release-osx-x86_64-snowleopard 0.1-7 OK
r-release-windows-ix86+x86_64 0.1-7 7.00 68.00 75.00 OK
r-oldrel-windows-ix86+x86_64 0.1-7 6.00 58.00 64.00 OK

Check Details

Version: 0.1-7
Check: package dependencies
Result: ERROR
    Package required but not available: ‘XML’
    
    See the information on DESCRIPTION files in the chapter ‘Creating R
    packages’ of the ‘Writing R Extensions’ manual.
Flavor: r-devel-osx-x86_64-gcc

Version: 0.1-7
Check: re-building of vignette outputs
Result: NOTE
    Error in re-building vignettes:
     ...
    Loading required package: XML
    
    Attaching package: ‘XML’
    
    The following object is masked from ‘package:tools’:
    
     toHTML
    
    Error in texi2dvi(file = file, pdf = TRUE, clean = clean, quiet = quiet, :
     Running 'texi2dvi' on 'oaih.tex' failed.
    LaTeX errors:
    ! LaTeX Error: File `a4wide.sty' not found.
    
    Type X to quit or <RETURN> to proceed,
    or enter new name. (Default extension: sty)
    
    /vign_test/OAIHarvester/vignettes/oaih.tex:8: ==> Fatal error occurred, no out
    put PDF file produced!
    Calls: buildVignettes -> texi2pdf -> texi2dvi
    Execution halted
Flavor: r-release-osx-x86_64-mavericks