CRAN Package Check Results for Package OAIHarvester

Last updated on 2017-05-27 20:46:25.

Flavor Version Tinstall Tcheck Ttotal Status Flags
r-devel-linux-x86_64-debian-clang 0.2-2 1.06 30.35 31.41 OK
r-devel-linux-x86_64-debian-gcc 0.2-2 1.03 29.84 30.87 OK
r-devel-linux-x86_64-fedora-clang 0.2-2 41.55 OK
r-devel-linux-x86_64-fedora-gcc 0.2-2 37.80 OK
r-devel-windows-ix86+x86_64 0.2-2 5.00 60.00 65.00 OK
r-patched-linux-x86_64 0.2-2 1.24 30.86 32.10 OK
r-patched-solaris-sparc 0.2-2 230.90 OK
r-patched-solaris-x86 0.2-2 52.70 OK
r-release-linux-x86_64 0.2-2 1.05 30.40 31.45 OK
r-release-windows-ix86+x86_64 0.2-2 3.00 59.00 62.00 OK
r-release-osx-x86_64 0.2-2 NOTE
r-oldrel-windows-ix86+x86_64 0.2-2 6.00 55.00 61.00 OK
r-oldrel-osx-x86_64 0.2-2 OK

Check Details

Version: 0.2-2
Check: re-building of vignette outputs
Result: NOTE
    Error in re-building vignettes:
     ...
    Loading required package: XML
    
    Attaching package: ‘XML’
    
    The following object is masked from ‘package:tools’:
    
     toHTML
    
    Error in texi2dvi(file = file, pdf = TRUE, clean = clean, quiet = quiet, :
     Running 'texi2dvi' on 'oaih.tex' failed.
    LaTeX errors:
    ! LaTeX Error: File `a4wide.sty' not found.
    
    Type X to quit or <RETURN> to proceed,
    or enter new name. (Default extension: sty)
    
    ! Emergency stop.
    <read *>
    
    l.8 ^^M
    
    ! ==> Fatal error occurred, no output PDF file produced!
    Calls: buildVignettes -> texi2pdf -> texi2dvi
    Execution halted
Flavor: r-release-osx-x86_64