CRAN Package Check Results for Package OAIHarvester

Last updated on 2014-12-21 11:46:39.

Flavor Version Tinstall Tcheck Ttotal Status Flags
r-devel-linux-x86_64-debian-clang 0.1-7 1.37 36.25 37.62 OK
r-devel-linux-x86_64-debian-gcc 0.1-7 1.75 35.08 36.83 OK
r-devel-linux-x86_64-fedora-clang 0.1-7 57.91 OK
r-devel-linux-x86_64-fedora-gcc 0.1-7 53.46 OK
r-devel-osx-x86_64-clang 0.1-7 70.49 OK
r-devel-windows-ix86+x86_64 0.1-7 5.00 68.00 73.00 OK
r-patched-linux-x86_64 0.1-7 1.37 35.86 37.23 OK
r-patched-solaris-sparc 0.1-7 346.30 OK
r-patched-solaris-x86 0.1-7 76.60 OK
r-release-linux-ix86 0.1-7 1.74 42.90 44.64 OK
r-release-linux-x86_64 0.1-7 1.43 37.13 38.56 OK
r-release-osx-x86_64-mavericks 0.1-7 NOTE
r-release-osx-x86_64-snowleopard 0.1-7 OK
r-release-windows-ix86+x86_64 0.1-7 4.00 53.00 57.00 OK
r-oldrel-windows-ix86+x86_64 0.1-7 5.00 56.00 61.00 OK

Check Details

Version: 0.1-7
Check: re-building of vignette outputs
Result: NOTE
    Error in re-building vignettes:
     ...
    Loading required package: XML
    
    Attaching package: ‘XML’
    
    The following object is masked from ‘package:tools’:
    
     toHTML
    
    Error in texi2dvi(file = file, pdf = TRUE, clean = clean, quiet = quiet, :
     Running 'texi2dvi' on 'oaih.tex' failed.
    LaTeX errors:
    ! LaTeX Error: File `a4wide.sty' not found.
    
    Type X to quit or <RETURN> to proceed,
    or enter new name. (Default extension: sty)
    
    /vign_test/OAIHarvester/vignettes/oaih.tex:8: ==> Fatal error occurred, no out
    put PDF file produced!
    Calls: buildVignettes -> texi2pdf -> texi2dvi
    Execution halted
Flavor: r-release-osx-x86_64-mavericks