CRAN Package Check Results for Package OAIHarvester

Last updated on 2017-11-24 20:50:58 CET.

Flavor Version Tinstall Tcheck Ttotal Status Flags
r-devel-linux-x86_64-debian-clang 0.3-0 1.10 61.56 62.66 OK
r-devel-linux-x86_64-debian-gcc 0.3-0 0.92 60.84 61.76 OK
r-devel-linux-x86_64-fedora-clang 0.3-0 32.90 OK
r-devel-linux-x86_64-fedora-gcc 0.3-0 31.33 OK
r-devel-windows-ix86+x86_64 0.3-0 4.00 77.00 81.00 OK
r-patched-linux-x86_64 0.3-0 1.41 61.40 62.82 OK
r-patched-solaris-x86 0.3-0 51.90 OK
r-release-linux-x86_64 0.3-0 1.34 58.48 59.82 OK
r-release-windows-ix86+x86_64 0.3-0 4.00 77.00 81.00 OK
r-release-osx-x86_64 0.3-0 NOTE
r-oldrel-windows-ix86+x86_64 0.3-0 3.00 53.00 56.00 OK
r-oldrel-osx-x86_64 0.3-0 OK

Check Details

Version: 0.3-0
Check: re-building of vignette outputs
Result: NOTE
    Error in re-building vignettes:
     ...
    Loading required package: xml2
    Error in texi2dvi(file = file, pdf = TRUE, clean = clean, quiet = quiet, :
     Running 'texi2dvi' on 'oaih.tex' failed.
    LaTeX errors:
    ! LaTeX Error: File `a4wide.sty' not found.
    
    Type X to quit or <RETURN> to proceed,
    or enter new name. (Default extension: sty)
    
    ! Emergency stop.
    <read *>
    
    l.8 ^^M
    
    ! ==> Fatal error occurred, no output PDF file produced!
    Calls: buildVignettes -> texi2pdf -> texi2dvi
    Execution halted
Flavor: r-release-osx-x86_64