CRAN Package Check Results for Package OAIHarvester

Last updated on 2014-07-29 07:48:59.

Flavor Version Tinstall Tcheck Ttotal Status Flags
r-devel-linux-x86_64-debian-clang 0.1-7 1.37 34.68 36.05 OK
r-devel-linux-x86_64-debian-gcc 0.1-7 1.35 34.34 35.69 OK
r-devel-linux-x86_64-fedora-clang 0.1-7 59.13 OK
r-devel-linux-x86_64-fedora-gcc 0.1-7 54.89 OK
r-devel-osx-x86_64-clang 0.1-7 74.97 OK
r-devel-windows-ix86+x86_64 0.1-7 5.00 55.00 60.00 OK
r-patched-linux-x86_64 0.1-7 1.35 34.88 36.24 OK
r-patched-solaris-sparc 0.1-7 314.50 OK
r-patched-solaris-x86 0.1-7 74.20 OK
r-release-linux-ix86 0.1-7 1.75 43.38 45.13 OK
r-release-linux-x86_64 0.1-7 1.40 37.95 39.34 OK
r-release-osx-x86_64-mavericks 0.1-7 NOTE
r-release-osx-x86_64-snowleopard 0.1-7 OK
r-release-windows-ix86+x86_64 0.1-7 5.00 57.00 62.00 OK
r-oldrel-windows-ix86+x86_64 0.1-7 6.00 58.00 64.00 OK

Check Details

Version: 0.1-7
Check: re-building of vignette outputs
Result: NOTE
    Error in re-building vignettes:
     ...
    Loading required package: XML
    
    Attaching package: XML
    
    The following object is masked from package:tools :
    
     toHTML
    
    Error in texi2dvi(file = file, pdf = TRUE, clean = clean, quiet = quiet, :
     Running 'texi2dvi' on 'oaih.tex' failed.
    LaTeX errors:
    ! LaTeX Error: File `a4wide.sty' not found.
    
    Type X to quit or <RETURN> to proceed,
    or enter new name. (Default extension: sty)
    
    /vign_test/OAIHarvester/vignettes/oaih.tex:8: ==> Fatal error occurred, no out
    put PDF file produced!
    Calls: buildVignettes -> texi2pdf -> texi2dvi
    Execution halted
Flavor: r-release-osx-x86_64-mavericks