CRAN Package Check Results for Package OAIHarvester

Last updated on 2018-06-24 16:48:58 CEST.

Flavor Version Tinstall Tcheck Ttotal Status Flags
r-devel-linux-x86_64-debian-clang 0.3-0 1.85 31.21 33.06 OK
r-devel-linux-x86_64-debian-gcc 0.3-0 1.26 24.51 25.77 OK
r-devel-linux-x86_64-fedora-clang 0.3-0 39.51 OK
r-devel-linux-x86_64-fedora-gcc 0.3-0 37.46 OK
r-devel-windows-ix86+x86_64 0.3-0 6.00 62.00 68.00 OK
r-patched-linux-x86_64 0.3-0 1.96 28.53 30.49 OK
r-patched-solaris-x86 0.3-0 55.50 OK
r-release-linux-x86_64 0.3-0 1.95 28.41 30.36 OK
r-release-windows-ix86+x86_64 0.3-0 4.00 79.00 83.00 OK
r-release-osx-x86_64 0.3-0 OK
r-oldrel-windows-ix86+x86_64 0.3-0 6.00 54.00 60.00 OK
r-oldrel-osx-x86_64 0.3-0 NOTE

Check Details

Version: 0.3-0
Check: re-building of vignette outputs
Result: NOTE
    Error in re-building vignettes:
     ...
    Loading required package: xml2
    Error in texi2dvi(file = file, pdf = TRUE, clean = clean, quiet = quiet, :
     Running 'texi2dvi' on 'oaih.tex' failed.
    LaTeX errors:
    ! LaTeX Error: File `a4wide.sty' not found.
    
    Type X to quit or <RETURN> to proceed,
    or enter new name. (Default extension: sty)
    
    ! Emergency stop.
    <read *>
    
    l.8 ^^M
    
    ! ==> Fatal error occurred, no output PDF file produced!
    Calls: buildVignettes -> texi2pdf -> texi2dvi
    Execution halted
Flavor: r-oldrel-osx-x86_64