CRAN Package Check Results for Package OCNet

Last updated on 2020-12-05 06:50:58 CET.

Flavor Version Tinstall Tcheck Ttotal Status Flags
r-devel-linux-x86_64-debian-clang 0.3.2 25.14 204.17 229.31 OK
r-devel-linux-x86_64-debian-gcc 0.3.2 21.01 160.77 181.78 OK
r-devel-linux-x86_64-fedora-clang 0.3.2 295.51 OK
r-devel-linux-x86_64-fedora-gcc 0.3.2 292.23 OK
r-devel-windows-ix86+x86_64 0.3.2 67.00 332.00 399.00 OK
r-patched-linux-x86_64 0.3.2 23.89 193.16 217.05 OK
r-patched-solaris-x86 0.3.2 390.00 OK
r-release-linux-x86_64 0.3.2 23.32 193.12 216.44 OK
r-release-macos-x86_64 0.3.2 OK
r-release-windows-ix86+x86_64 0.3.2 46.00 365.00 411.00 OK
r-oldrel-macos-x86_64 0.3.2 WARN
r-oldrel-windows-ix86+x86_64 0.3.2 56.00 350.00 406.00 OK

Check Details

Version: 0.3.2
Check: whether package can be installed
Result: WARN
    Found the following significant warnings:
     Warning: 'rgl.init' failed, running with 'rgl.useNULL = TRUE'.
Flavor: r-oldrel-macos-x86_64