CRAN Package Check Results for Package ODB

Last updated on 2015-04-27 14:46:52.

Flavor Version Tinstall Tcheck Ttotal Status Flags
r-devel-linux-x86_64-debian-clang 1.1.1 1.50 32.18 33.68 NOTE
r-devel-linux-x86_64-debian-gcc 1.1.1 1.58 31.86 33.44 NOTE
r-devel-linux-x86_64-fedora-clang 1.1.1 46.02 NOTE
r-devel-linux-x86_64-fedora-gcc 1.1.1 42.22 NOTE
r-devel-osx-x86_64-clang 1.1.1 55.35 NOTE
r-devel-windows-ix86+x86_64 1.1.1 6.00 45.00 51.00 NOTE
r-patched-linux-x86_64 1.1.1 1.96 32.01 33.97 NOTE
r-patched-solaris-sparc 1.1.1 279.80 NOTE
r-patched-solaris-x86 1.1.1 69.40 NOTE
r-release-linux-x86_64 1.1.1 1.50 32.27 33.77 NOTE
r-release-osx-x86_64-mavericks 1.1.1 NOTE
r-release-osx-x86_64-snowleopard 1.1.1 NOTE
r-release-windows-ix86+x86_64 1.1.1 6.00 60.00 66.00 NOTE
r-oldrel-windows-ix86+x86_64 1.1.1 6.00 48.00 54.00 NOTE

Check Details

Version: 1.1.1
Check: dependencies in R code
Result: NOTE
    Packages in Depends field not imported from:
     ‘DBI’ ‘RJDBC’ ‘methods’
     These packages need to be imported from (in the NAMESPACE file)
     for when this namespace is loaded but not attached.
Flavors: r-devel-linux-x86_64-debian-clang, r-devel-linux-x86_64-debian-gcc, r-devel-linux-x86_64-fedora-clang, r-devel-linux-x86_64-fedora-gcc, r-devel-osx-x86_64-clang, r-devel-windows-ix86+x86_64, r-patched-solaris-sparc, r-patched-solaris-x86, r-release-linux-x86_64, r-release-osx-x86_64-mavericks, r-release-osx-x86_64-snowleopard, r-release-windows-ix86+x86_64, r-oldrel-windows-ix86+x86_64

Version: 1.1.1
Check: R code for possible problems
Result: NOTE
    isClosed: no visible global function definition for ‘dbSendUpdate’
    odb.close: no visible global function definition for ‘dbSendUpdate’
    odb.close: no visible global function definition for ‘dbDisconnect’
    odb.insert: no visible global function definition for ‘dbSendQuery’
    odb.insert: no visible global function definition for ‘dbColumnInfo’
    odb.open: no visible global function definition for ‘JDBC’
    odb.open: no visible global function definition for ‘dbConnect’
    odb.read: no visible global function definition for ‘dbSendQuery’
    odb.read: no visible global function definition for ‘fetch’
    odb.read: no visible global function definition for ‘dbColumnInfo’
    odb.tables: no visible global function definition for ‘dbListTables’
    odb.tables: no visible global function definition for ‘dbSendQuery’
    odb.tables: no visible global function definition for ‘dbColumnInfo’
    odb.write: no visible global function definition for ‘dbSendUpdate’
Flavors: r-devel-linux-x86_64-debian-clang, r-devel-linux-x86_64-debian-gcc, r-devel-linux-x86_64-fedora-clang, r-devel-linux-x86_64-fedora-gcc, r-devel-osx-x86_64-clang, r-devel-windows-ix86+x86_64, r-patched-solaris-sparc, r-patched-solaris-x86, r-release-linux-x86_64, r-release-osx-x86_64-mavericks, r-release-osx-x86_64-snowleopard, r-release-windows-ix86+x86_64, r-oldrel-windows-ix86+x86_64