CRAN Package Check Results for Package ODB

Last updated on 2014-12-18 11:50:10.

Flavor Version Tinstall Tcheck Ttotal Status Flags
r-devel-linux-x86_64-debian-clang 1.1.1 2.05 37.48 39.54 NOTE
r-devel-linux-x86_64-debian-gcc 1.1.1 2.07 38.58 40.65 NOTE
r-devel-linux-x86_64-fedora-clang 1.1.1 59.83 NOTE
r-devel-linux-x86_64-fedora-gcc 1.1.1 53.08 NOTE
r-devel-osx-x86_64-clang 1.1.1 66.24 NOTE
r-devel-windows-ix86+x86_64 1.1.1 8.00 53.00 61.00 NOTE
r-patched-linux-x86_64 1.1.1 2.06 37.52 39.58 NOTE
r-patched-solaris-sparc 1.1.1 335.20 NOTE
r-patched-solaris-x86 1.1.1 79.00 NOTE
r-release-linux-ix86 1.1.1 2.52 43.03 45.55 NOTE
r-release-linux-x86_64 1.1.1 2.10 37.22 39.32 NOTE
r-release-osx-x86_64-mavericks 1.1.1 NOTE
r-release-osx-x86_64-snowleopard 1.1.1 OK
r-release-windows-ix86+x86_64 1.1.1 7.00 56.00 63.00 NOTE
r-oldrel-windows-ix86+x86_64 1.1.1 6.00 53.00 59.00 NOTE

Check Details

Version: 1.1.1
Check: dependencies in R code
Result: NOTE
    Packages in Depends field not imported from:
     ‘DBI’ ‘RJDBC’ ‘methods’
     These packages need to be imported from (in the NAMESPACE file)
     for when this namespace is loaded but not attached.
    See the information on DESCRIPTION files in the chapter ‘Creating R
    packages’ of the ‘Writing R Extensions’ manual.
Flavors: r-devel-linux-x86_64-debian-clang, r-devel-linux-x86_64-debian-gcc, r-devel-linux-x86_64-fedora-clang, r-devel-linux-x86_64-fedora-gcc, r-devel-osx-x86_64-clang, r-devel-windows-ix86+x86_64, r-patched-linux-x86_64, r-patched-solaris-sparc, r-patched-solaris-x86, r-release-linux-ix86, r-release-linux-x86_64, r-release-osx-x86_64-mavericks, r-release-windows-ix86+x86_64, r-oldrel-windows-ix86+x86_64

Version: 1.1.1
Check: R code for possible problems
Result: NOTE
    isClosed: no visible global function definition for ‘dbSendUpdate’
    odb.close: no visible global function definition for ‘dbSendUpdate’
    odb.close: no visible global function definition for ‘dbDisconnect’
    odb.insert: no visible global function definition for ‘dbSendQuery’
    odb.insert: no visible global function definition for ‘dbColumnInfo’
    odb.open: no visible global function definition for ‘JDBC’
    odb.open: no visible global function definition for ‘dbConnect’
    odb.read: no visible global function definition for ‘dbSendQuery’
    odb.read: no visible global function definition for ‘fetch’
    odb.read: no visible global function definition for ‘dbColumnInfo’
    odb.tables: no visible global function definition for ‘dbListTables’
    odb.tables: no visible global function definition for ‘dbSendQuery’
    odb.tables: no visible global function definition for ‘dbColumnInfo’
    odb.write: no visible global function definition for ‘dbSendUpdate’
Flavors: r-devel-linux-x86_64-debian-clang, r-devel-linux-x86_64-debian-gcc, r-devel-linux-x86_64-fedora-clang, r-devel-linux-x86_64-fedora-gcc, r-devel-osx-x86_64-clang, r-devel-windows-ix86+x86_64, r-patched-linux-x86_64, r-patched-solaris-sparc, r-patched-solaris-x86, r-release-linux-ix86, r-release-linux-x86_64, r-release-windows-ix86+x86_64