CRAN Package Check Results for Package ODB

Last updated on 2014-10-23 21:46:42.

Flavor Version Tinstall Tcheck Ttotal Status Flags
r-devel-linux-x86_64-debian-clang 1.1.1 2.04 37.15 39.19 NOTE
r-devel-linux-x86_64-debian-gcc 1.1.1 1.98 37.14 39.13 NOTE
r-devel-linux-x86_64-fedora-clang 1.1.1 58.82 NOTE
r-devel-linux-x86_64-fedora-gcc 1.1.1 54.61 NOTE
r-devel-osx-x86_64-clang 1.1.1 67.06 NOTE
r-devel-windows-ix86+x86_64 1.1.1 5.00 52.00 57.00 NOTE
r-patched-linux-x86_64 1.1.1 2.11 37.93 40.04 NOTE
r-patched-solaris-sparc 1.1.1 335.20 NOTE
r-patched-solaris-x86 1.1.1 81.10 NOTE
r-release-linux-ix86 1.1.1 2.85 44.84 47.69 NOTE
r-release-linux-x86_64 1.1.1 2.15 38.62 40.77 NOTE
r-release-osx-x86_64-mavericks 1.1.1 NOTE
r-release-osx-x86_64-snowleopard 1.1.1 OK
r-release-windows-ix86+x86_64 1.1.1 7.00 50.00 57.00 NOTE
r-oldrel-windows-ix86+x86_64 1.1.1 6.00 51.00 57.00 NOTE

Check Details

Version: 1.1.1
Check: dependencies in R code
Result: NOTE
    Packages in Depends field not imported from:
     ‘DBI’ ‘RJDBC’ ‘methods’
     These packages need to be imported from (in the NAMESPACE file)
     for when this namespace is loaded but not attached.
    See the information on DESCRIPTION files in the chapter ‘Creating R
    packages’ of the ‘Writing R Extensions’ manual.
Flavors: r-devel-linux-x86_64-debian-clang, r-devel-linux-x86_64-debian-gcc, r-devel-linux-x86_64-fedora-clang, r-devel-linux-x86_64-fedora-gcc, r-devel-osx-x86_64-clang, r-devel-windows-ix86+x86_64, r-patched-linux-x86_64, r-patched-solaris-sparc, r-patched-solaris-x86, r-release-linux-ix86, r-release-linux-x86_64, r-release-osx-x86_64-mavericks, r-release-windows-ix86+x86_64, r-oldrel-windows-ix86+x86_64

Version: 1.1.1
Check: R code for possible problems
Result: NOTE
    isClosed: no visible global function definition for ‘dbSendUpdate’
    odb.close: no visible global function definition for ‘dbSendUpdate’
    odb.close: no visible global function definition for ‘dbDisconnect’
    odb.insert: no visible global function definition for ‘dbSendQuery’
    odb.insert: no visible global function definition for ‘dbColumnInfo’
    odb.open: no visible global function definition for ‘JDBC’
    odb.open: no visible global function definition for ‘dbConnect’
    odb.read: no visible global function definition for ‘dbSendQuery’
    odb.read: no visible global function definition for ‘fetch’
    odb.read: no visible global function definition for ‘dbColumnInfo’
    odb.tables: no visible global function definition for ‘dbListTables’
    odb.tables: no visible global function definition for ‘dbSendQuery’
    odb.tables: no visible global function definition for ‘dbColumnInfo’
    odb.write: no visible global function definition for ‘dbSendUpdate’
Flavors: r-devel-linux-x86_64-debian-clang, r-devel-linux-x86_64-debian-gcc, r-devel-linux-x86_64-fedora-clang, r-devel-linux-x86_64-fedora-gcc, r-devel-osx-x86_64-clang, r-devel-windows-ix86+x86_64, r-patched-linux-x86_64, r-patched-solaris-sparc, r-patched-solaris-x86