CRAN Package Check Results for Package ODB

Last updated on 2015-07-29 03:48:32.

Flavor Version Tinstall Tcheck Ttotal Status Flags
r-devel-linux-x86_64-debian-clang 1.1.1 1.48 33.79 35.27 NOTE
r-devel-linux-x86_64-debian-gcc 1.1.1 1.51 33.57 35.08 NOTE
r-devel-linux-x86_64-fedora-clang 1.1.1 46.37 NOTE
r-devel-linux-x86_64-fedora-gcc 1.1.1 43.88 NOTE
r-devel-osx-x86_64-clang 1.1.1 54.34 NOTE
r-devel-windows-ix86+x86_64 1.1.1 5.00 46.00 51.00 NOTE
r-patched-linux-x86_64 1.1.1 1.85 33.16 35.01 NOTE
r-patched-solaris-sparc 1.1.1 276.70 NOTE
r-patched-solaris-x86 1.1.1 66.60 NOTE
r-release-linux-x86_64 1.1.1 1.47 32.99 34.46 NOTE
r-release-osx-x86_64-mavericks 1.1.1 NOTE
r-release-windows-ix86+x86_64 1.1.1 9.00 46.00 55.00 NOTE
r-oldrel-windows-ix86+x86_64 1.1.1 7.00 73.00 80.00 NOTE

Check Details

Version: 1.1.1
Check: dependencies in R code
Result: NOTE
    Packages in Depends field not imported from:
     ‘DBI’ ‘RJDBC’ ‘methods’
     These packages need to be imported from (in the NAMESPACE file)
     for when this namespace is loaded but not attached.
Flavors: r-devel-linux-x86_64-debian-clang, r-devel-linux-x86_64-debian-gcc, r-devel-linux-x86_64-fedora-clang, r-devel-linux-x86_64-fedora-gcc, r-devel-osx-x86_64-clang, r-devel-windows-ix86+x86_64, r-patched-linux-x86_64, r-patched-solaris-sparc, r-patched-solaris-x86, r-release-linux-x86_64, r-release-osx-x86_64-mavericks, r-release-windows-ix86+x86_64, r-oldrel-windows-ix86+x86_64

Version: 1.1.1
Check: R code for possible problems
Result: NOTE
    isClosed: no visible global function definition for ‘dbSendUpdate’
    odb.close: no visible global function definition for ‘is’
    odb.close: no visible global function definition for ‘validObject’
    odb.close: no visible global function definition for ‘dbSendUpdate’
    odb.close: no visible global function definition for ‘dbDisconnect’
    odb.comments: no visible global function definition for ‘is’
    odb.comments: no visible global function definition for ‘validObject’
    odb.comments<-: no visible global function definition for ‘is’
    odb.comments<-: no visible global function definition for ‘validObject’
    odb.export: no visible global function definition for ‘is’
    odb.export: no visible global function definition for ‘validObject’
    odb.insert: no visible global function definition for ‘is’
    odb.insert: no visible global function definition for ‘validObject’
    odb.insert: no visible global function definition for ‘dbSendQuery’
    odb.insert: no visible global function definition for ‘dbColumnInfo’
    odb.open: no visible global function definition for ‘unzip’
    odb.open: no visible global function definition for ‘JDBC’
    odb.open: no visible global function definition for ‘dbConnect’
    odb.open: no visible global function definition for ‘new’
    odb.queries: no visible global function definition for ‘is’
    odb.queries: no visible global function definition for ‘validObject’
    odb.queries<-: no visible global function definition for ‘is’
    odb.queries<-: no visible global function definition for ‘validObject’
    odb.read: no visible global function definition for ‘is’
    odb.read: no visible global function definition for ‘validObject’
    odb.read: no visible global function definition for ‘dbSendQuery’
    odb.read: no visible global function definition for ‘fetch’
    odb.read: no visible global function definition for ‘dbColumnInfo’
    odb.tables: no visible global function definition for ‘is’
    odb.tables: no visible global function definition for ‘validObject’
    odb.tables: no visible global function definition for ‘dbListTables’
    odb.tables: no visible global function definition for ‘dbSendQuery’
    odb.tables: no visible global function definition for ‘dbColumnInfo’
    odb.write: no visible global function definition for ‘is’
    odb.write: no visible global function definition for ‘validObject’
    odb.write: no visible global function definition for ‘new’
    odb.write: no visible global function definition for ‘dbSendUpdate’
    set,progress.console: no visible global function definition for ‘tail’
    set,progress.console: no visible global function definition for
     ‘flush.console’
    set,progress.file: no visible global function definition for
     ‘flush.console’
    Undefined global functions or variables:
     JDBC dbColumnInfo dbConnect dbDisconnect dbListTables dbSendQuery
     dbSendUpdate fetch flush.console is new tail unzip validObject
    Consider adding
     importFrom("methods", "is", "new", "validObject")
     importFrom("utils", "flush.console", "tail", "unzip")
    to your NAMESPACE.
Flavors: r-devel-linux-x86_64-debian-clang, r-devel-linux-x86_64-debian-gcc, r-devel-linux-x86_64-fedora-clang, r-devel-linux-x86_64-fedora-gcc, r-devel-windows-ix86+x86_64

Version: 1.1.1
Check: R code for possible problems
Result: NOTE
    isClosed: no visible global function definition for ‘dbSendUpdate’
    odb.close: no visible global function definition for ‘dbSendUpdate’
    odb.close: no visible global function definition for ‘dbDisconnect’
    odb.insert: no visible global function definition for ‘dbSendQuery’
    odb.insert: no visible global function definition for ‘dbColumnInfo’
    odb.open: no visible global function definition for ‘JDBC’
    odb.open: no visible global function definition for ‘dbConnect’
    odb.read: no visible global function definition for ‘dbSendQuery’
    odb.read: no visible global function definition for ‘fetch’
    odb.read: no visible global function definition for ‘dbColumnInfo’
    odb.tables: no visible global function definition for ‘dbListTables’
    odb.tables: no visible global function definition for ‘dbSendQuery’
    odb.tables: no visible global function definition for ‘dbColumnInfo’
    odb.write: no visible global function definition for ‘dbSendUpdate’
    Undefined global functions or variables:
     JDBC dbColumnInfo dbConnect dbDisconnect dbListTables dbSendQuery
     dbSendUpdate fetch
Flavor: r-devel-osx-x86_64-clang

Version: 1.1.1
Check: R code for possible problems
Result: NOTE
    isClosed: no visible global function definition for ‘dbSendUpdate’
    odb.close: no visible global function definition for ‘dbSendUpdate’
    odb.close: no visible global function definition for ‘dbDisconnect’
    odb.insert: no visible global function definition for ‘dbSendQuery’
    odb.insert: no visible global function definition for ‘dbColumnInfo’
    odb.open: no visible global function definition for ‘JDBC’
    odb.open: no visible global function definition for ‘dbConnect’
    odb.read: no visible global function definition for ‘dbSendQuery’
    odb.read: no visible global function definition for ‘fetch’
    odb.read: no visible global function definition for ‘dbColumnInfo’
    odb.tables: no visible global function definition for ‘dbListTables’
    odb.tables: no visible global function definition for ‘dbSendQuery’
    odb.tables: no visible global function definition for ‘dbColumnInfo’
    odb.write: no visible global function definition for ‘dbSendUpdate’
Flavors: r-patched-linux-x86_64, r-patched-solaris-sparc, r-patched-solaris-x86, r-release-linux-x86_64, r-release-osx-x86_64-mavericks, r-release-windows-ix86+x86_64, r-oldrel-windows-ix86+x86_64