CRAN Package Check Results for Package ODB

Last updated on 2014-07-23 15:47:49.

Flavor Version Tinstall Tcheck Ttotal Status Flags
r-devel-linux-x86_64-debian-clang 1.1.1 1.96 35.96 37.92 NOTE
r-devel-linux-x86_64-debian-gcc 1.1.1 1.90 35.26 37.16 NOTE
r-devel-linux-x86_64-fedora-clang 1.1.1 57.19 NOTE
r-devel-linux-x86_64-fedora-gcc 1.1.1 53.17 NOTE
r-devel-osx-x86_64-clang 1.1.1 62.45 NOTE
r-devel-windows-ix86+x86_64 1.1.1 6.00 52.00 58.00 NOTE
r-patched-linux-x86_64 1.1.1 1.94 35.66 37.60 NOTE
r-patched-solaris-sparc 1.1.1 313.70 NOTE
r-patched-solaris-x86 1.1.1 76.20 NOTE
r-release-linux-ix86 1.1.1 2.45 42.83 45.28 NOTE
r-release-linux-x86_64 1.1.1 2.00 36.24 38.24 NOTE
r-release-osx-x86_64-mavericks 1.1.1 NOTE
r-release-osx-x86_64-snowleopard 1.1.1 OK
r-release-windows-ix86+x86_64 1.1.1 8.00 52.00 60.00 NOTE
r-oldrel-windows-ix86+x86_64 1.1.1 6.00 55.00 61.00 NOTE

Check Details

Version: 1.1.1
Check: dependencies in R code
Result: NOTE
    Packages in Depends field not imported from:
     ‘DBI’ ‘RJDBC’ ‘methods’
     These packages need to be imported from (in the NAMESPACE file)
     for when this namespace is loaded but not attached.
    See the information on DESCRIPTION files in the chapter ‘Creating R
    packages’ of the ‘Writing R Extensions’ manual.
Flavors: r-devel-linux-x86_64-debian-clang, r-devel-linux-x86_64-debian-gcc, r-devel-linux-x86_64-fedora-clang, r-devel-linux-x86_64-fedora-gcc, r-devel-osx-x86_64-clang, r-devel-windows-ix86+x86_64, r-patched-linux-x86_64, r-patched-solaris-sparc, r-patched-solaris-x86, r-release-linux-ix86, r-release-linux-x86_64, r-release-osx-x86_64-mavericks, r-release-windows-ix86+x86_64, r-oldrel-windows-ix86+x86_64