CRAN Package Check Results for Package ODEsensitivity

Last updated on 2024-06-13 02:59:07 CEST.

Flavor Version Tinstall Tcheck Ttotal Status Flags
r-devel-linux-x86_64-debian-clang 1.1.2 15.64 205.41 221.05 NOTE
r-devel-linux-x86_64-debian-gcc 1.1.2 0.37 1.73 2.10 ERROR
r-devel-linux-x86_64-fedora-clang 1.1.2 286.40 NOTE
r-devel-linux-x86_64-fedora-gcc 1.1.2 269.71 NOTE
r-devel-windows-x86_64 1.1.2 13.00 178.00 191.00 NOTE
r-patched-linux-x86_64 1.1.2 20.69 196.64 217.33 NOTE
r-release-linux-x86_64 1.1.2 9.71 200.27 209.98 NOTE
r-release-macos-arm64 1.1.2 83.00 NOTE
r-release-macos-x86_64 1.1.2 127.00 NOTE
r-release-windows-x86_64 1.1.2 12.00 178.00 190.00 NOTE
r-oldrel-macos-arm64 1.1.2 82.00 OK
r-oldrel-macos-x86_64 1.1.2 144.00 OK
r-oldrel-windows-x86_64 1.1.2 19.00 227.00 246.00 OK

Check Details

Version: 1.1.2
Check: Rd files
Result: NOTE checkRd: (-1) plot.ODEmorris.Rd:62-63: Lost braces in \itemize; meant \describe ? checkRd: (-1) plot.ODEmorris.Rd:64-65: Lost braces in \itemize; meant \describe ? Flavors: r-devel-linux-x86_64-debian-clang, r-devel-linux-x86_64-fedora-clang, r-devel-linux-x86_64-fedora-gcc, r-devel-windows-x86_64, r-patched-linux-x86_64, r-release-linux-x86_64, r-release-macos-arm64, r-release-macos-x86_64, r-release-windows-x86_64

Version: 1.1.2
Check: package dependencies
Result: ERROR Package required but not available: ‘sensitivity’ Package suggested but not available for checking: ‘testthat’ See section ‘The DESCRIPTION file’ in the ‘Writing R Extensions’ manual. Flavor: r-devel-linux-x86_64-debian-gcc