CRAN Package Check Results for Package ODMconverter

Last updated on 2015-05-27 05:47:46.

Flavor Version Tinstall Tcheck Ttotal Status Flags
r-devel-linux-x86_64-debian-clang 2.1 1.55 25.10 26.64 OK
r-devel-linux-x86_64-debian-gcc 2.1 1.51 24.68 26.19 OK
r-devel-linux-x86_64-fedora-clang 2.1 58.45 OK
r-devel-linux-x86_64-fedora-gcc 2.1 52.24 OK
r-devel-osx-x86_64-clang 2.1 47.75 OK
r-devel-windows-ix86+x86_64 2.1 5.00 39.00 44.00 OK
r-patched-linux-x86_64 2.1 1.49 24.34 25.83 OK
r-patched-solaris-sparc 2.1 322.10 OK
r-patched-solaris-x86 2.1 73.80 OK
r-release-linux-x86_64 2.1 1.50 24.51 26.01 OK
r-release-osx-x86_64-mavericks 2.1 OK
r-release-osx-x86_64-snowleopard 2.1 ERROR
r-release-windows-ix86+x86_64 2.1 6.00 42.00 48.00 OK
r-oldrel-windows-ix86+x86_64 2.1 8.00 56.00 64.00 OK

Check Details

Version: 2.1
Check: package dependencies
Result: ERROR
    Package required but not available: ‘XML’
    
    See section ‘The DESCRIPTION file’ in the ‘Writing R Extensions’
    manual.
Flavor: r-release-osx-x86_64-snowleopard