CRAN Package Check Results for Package ODMconverter

Last updated on 2015-08-04 16:48:37.

Flavor Version Tinstall Tcheck Ttotal Status Flags
r-devel-linux-x86_64-debian-clang 2.1 1.63 25.47 27.10 NOTE
r-devel-linux-x86_64-debian-gcc 2.1 1.52 24.73 26.25 NOTE
r-devel-linux-x86_64-fedora-clang 2.1 58.26 NOTE
r-devel-linux-x86_64-fedora-gcc 2.1 55.40 NOTE
r-devel-osx-x86_64-clang 2.1 48.90 OK
r-devel-windows-ix86+x86_64 2.1 5.00 43.00 48.00 NOTE
r-patched-linux-x86_64 2.1 1.56 24.34 25.90 OK
r-patched-solaris-sparc 2.1 328.70 OK
r-patched-solaris-x86 2.1 74.60 OK
r-release-linux-x86_64 2.1 1.51 24.59 26.10 OK
r-release-osx-x86_64-mavericks 2.1 OK
r-release-windows-ix86+x86_64 2.1 7.00 39.00 46.00 OK
r-oldrel-windows-ix86+x86_64 2.1 9.00 50.00 59.00 OK

Check Details

Version: 2.1
Check: R code for possible problems
Result: NOTE
    ODM2office: no visible global function definition for ‘read.csv2’
    ODM2office: no visible global function definition for ‘write.table’
    office2ODM: no visible global function definition for ‘read.csv2’
    office2ODM: no visible global function definition for ‘read.delim2’
    Undefined global functions or variables:
     read.csv2 read.delim2 write.table
    Consider adding
     importFrom("utils", "read.csv2", "read.delim2", "write.table")
    to your NAMESPACE.
Flavors: r-devel-linux-x86_64-debian-clang, r-devel-linux-x86_64-debian-gcc, r-devel-linux-x86_64-fedora-clang, r-devel-linux-x86_64-fedora-gcc, r-devel-windows-ix86+x86_64