CRAN Package Check Results for Package ODMconverter

Last updated on 2015-07-05 14:46:41.

Flavor Version Tinstall Tcheck Ttotal Status Flags
r-devel-linux-x86_64-debian-clang 2.1 1.55 25.00 26.55 NOTE
r-devel-linux-x86_64-debian-gcc 2.1 1.47 24.27 25.74 NOTE
r-devel-linux-x86_64-fedora-clang 2.1 56.75 NOTE
r-devel-linux-x86_64-fedora-gcc 2.1 54.28 NOTE
r-devel-osx-x86_64-clang 2.1 48.90 OK
r-devel-windows-ix86+x86_64 2.1 4.00 40.00 44.00 NOTE
r-patched-linux-x86_64 2.1 1.50 24.56 26.06 OK
r-patched-solaris-sparc 2.1 322.10 OK
r-patched-solaris-x86 2.1 80.00 OK
r-release-linux-x86_64 2.1 1.51 24.78 26.29 OK
r-release-osx-x86_64-mavericks 2.1 OK
r-release-windows-ix86+x86_64 2.1 5.00 39.00 44.00 OK
r-oldrel-windows-ix86+x86_64 2.1 8.00 47.00 55.00 OK

Check Details

Version: 2.1
Check: R code for possible problems
Result: NOTE
    ODM2office: no visible global function definition for ‘read.csv2’
    ODM2office: no visible global function definition for ‘write.table’
    office2ODM: no visible global function definition for ‘read.csv2’
    office2ODM: no visible global function definition for ‘read.delim2’
    Undefined global functions or variables:
     read.csv2 read.delim2 write.table
Flavors: r-devel-linux-x86_64-debian-clang, r-devel-linux-x86_64-debian-gcc, r-devel-linux-x86_64-fedora-clang, r-devel-linux-x86_64-fedora-gcc, r-devel-windows-ix86+x86_64