CRAN Package Check Results for Package ODMconverter

Last updated on 2016-08-26 21:47:21.

Flavor Version Tinstall Tcheck Ttotal Status Flags
r-devel-linux-x86_64-debian-clang 2.1 1.61 24.00 25.61 NOTE
r-devel-linux-x86_64-debian-gcc 2.1 2.40 30.83 33.24 NOTE
r-devel-linux-x86_64-fedora-clang 2.1 52.39 NOTE
r-devel-linux-x86_64-fedora-gcc 2.1 48.98 NOTE
r-devel-osx-x86_64-clang 2.1 45.98 NOTE
r-devel-windows-ix86+x86_64 2.1 6.00 46.00 52.00 NOTE
r-patched-linux-x86_64 2.1 1.62 23.74 25.35 NOTE
r-patched-solaris-sparc 2.1 292.70 NOTE
r-patched-solaris-x86 2.1 62.80 NOTE
r-release-linux-x86_64 2.1 1.60 24.58 26.18 NOTE
r-release-osx-x86_64-mavericks 2.1 NOTE
r-release-windows-ix86+x86_64 2.1 5.00 67.00 72.00 NOTE
r-oldrel-windows-ix86+x86_64 2.1 5.00 45.00 50.00 OK

Check Details

Version: 2.1
Check: R code for possible problems
Result: NOTE
    ODM2office: no visible global function definition for ‘read.csv2’
    ODM2office: no visible global function definition for ‘write.table’
    office2ODM: no visible global function definition for ‘read.csv2’
    office2ODM: no visible global function definition for ‘read.delim2’
    Undefined global functions or variables:
     read.csv2 read.delim2 write.table
    Consider adding
     importFrom("utils", "read.csv2", "read.delim2", "write.table")
    to your NAMESPACE file.
Flavors: r-devel-linux-x86_64-debian-clang, r-devel-linux-x86_64-debian-gcc, r-devel-linux-x86_64-fedora-clang, r-devel-linux-x86_64-fedora-gcc, r-devel-osx-x86_64-clang, r-devel-windows-ix86+x86_64, r-patched-linux-x86_64, r-patched-solaris-sparc, r-patched-solaris-x86, r-release-linux-x86_64, r-release-osx-x86_64-mavericks, r-release-windows-ix86+x86_64