CRAN Package Check Results for Package ODMconverter

Last updated on 2017-12-13 07:48:35 CET.

Flavor Version Tinstall Tcheck Ttotal Status Flags
r-devel-linux-x86_64-debian-clang 2.3 2.33 46.42 48.75 WARN
r-devel-linux-x86_64-debian-gcc 2.3 1.84 36.92 38.76 WARN
r-devel-linux-x86_64-fedora-clang 2.3 55.59 WARN
r-devel-linux-x86_64-fedora-gcc 2.3 59.30 WARN
r-devel-windows-ix86+x86_64 2.3 7.00 67.00 74.00 OK
r-patched-linux-x86_64 2.3 2.23 47.79 50.02 OK
r-patched-solaris-x86 2.3 68.40 OK
r-release-linux-x86_64 2.3 2.79 49.02 51.81 OK
r-release-windows-ix86+x86_64 2.3 8.00 66.00 74.00 OK
r-release-osx-x86_64 2.3 OK
r-oldrel-windows-ix86+x86_64 2.3 10.00 61.00 71.00 OK
r-oldrel-osx-x86_64 2.3 OK

Check Details

Version: 2.3
Check: examples
Result: WARN
    Found the following significant warnings:
     Warning: working directory was changed to ‘/home/hornik/tmp/R.check/r-devel-clang/Work/build/Packages/ODMconverter/extdata’, resetting
     Warning: working directory was changed to ‘/home/hornik/tmp/R.check/r-devel-clang/Work/build/Packages/ODMconverter/extdata’, resetting
Flavor: r-devel-linux-x86_64-debian-clang

Version: 2.3
Check: examples
Result: WARN
    Found the following significant warnings:
     Warning: working directory was changed to ‘/home/hornik/tmp/R.check/r-devel-gcc/Work/build/Packages/ODMconverter/extdata’, resetting
     Warning: working directory was changed to ‘/home/hornik/tmp/R.check/r-devel-gcc/Work/build/Packages/ODMconverter/extdata’, resetting
Flavor: r-devel-linux-x86_64-debian-gcc

Version: 2.3
Check: examples
Result: WARN
    Found the following significant warnings:
     Warning: working directory was changed to ‘/data/gannet/ripley/R/packages/tests-clang/ODMconverter.Rcheck/ODMconverter/extdata’, resetting
     Warning: working directory was changed to ‘/data/gannet/ripley/R/packages/tests-clang/ODMconverter.Rcheck/ODMconverter/extdata’, resetting
Flavor: r-devel-linux-x86_64-fedora-clang

Version: 2.3
Check: examples
Result: WARN
    Found the following significant warnings:
     Warning: working directory was changed to ‘/data/gannet/ripley/R/packages/tests-devel/ODMconverter.Rcheck/ODMconverter/extdata’, resetting
     Warning: working directory was changed to ‘/data/gannet/ripley/R/packages/tests-devel/ODMconverter.Rcheck/ODMconverter/extdata’, resetting
Flavor: r-devel-linux-x86_64-fedora-gcc