CRAN Package Check Results for Package ODMconverter

Last updated on 2016-05-24 19:48:03.

Flavor Version Tinstall Tcheck Ttotal Status Flags
r-devel-linux-x86_64-debian-gcc 2.1 1.56 24.39 25.94 NOTE
r-devel-linux-x86_64-fedora-clang 2.1 51.70 NOTE
r-devel-linux-x86_64-fedora-gcc 2.1 49.42 NOTE
r-devel-osx-x86_64-clang 2.1 50.17 NOTE
r-devel-windows-ix86+x86_64 2.1 5.00 67.00 72.00 NOTE
r-patched-linux-x86_64 2.1 1.48 23.82 25.30 NOTE
r-patched-solaris-sparc 2.1 289.80 NOTE
r-patched-solaris-x86 2.1 62.20 NOTE
r-release-linux-x86_64 2.1 1.52 23.94 25.46 NOTE
r-release-osx-x86_64-mavericks 2.1 NOTE
r-release-windows-ix86+x86_64 2.1 5.00 67.00 72.00 NOTE
r-oldrel-windows-ix86+x86_64 2.1 5.00 45.00 50.00 OK

Check Details

Version: 2.1
Check: R code for possible problems
Result: NOTE
    ODM2office: no visible global function definition for ‘read.csv2’
    ODM2office: no visible global function definition for ‘write.table’
    office2ODM: no visible global function definition for ‘read.csv2’
    office2ODM: no visible global function definition for ‘read.delim2’
    Undefined global functions or variables:
     read.csv2 read.delim2 write.table
    Consider adding
     importFrom("utils", "read.csv2", "read.delim2", "write.table")
    to your NAMESPACE file.
Flavors: r-devel-linux-x86_64-debian-gcc, r-devel-linux-x86_64-fedora-clang, r-devel-linux-x86_64-fedora-gcc, r-devel-osx-x86_64-clang, r-devel-windows-ix86+x86_64, r-patched-linux-x86_64, r-patched-solaris-sparc, r-patched-solaris-x86, r-release-linux-x86_64, r-release-osx-x86_64-mavericks, r-release-windows-ix86+x86_64