CRAN Package Check Results for Package ODMconverter

Last updated on 2016-02-08 06:47:22.

Flavor Version Tinstall Tcheck Ttotal Status Flags
r-devel-linux-x86_64-debian-gcc 2.1 1.40 23.04 24.44 NOTE
r-devel-linux-x86_64-fedora-clang 2.1 54.31 NOTE
r-devel-linux-x86_64-fedora-gcc 2.1 51.30 NOTE
r-devel-osx-x86_64-clang 2.1 50.19 NOTE
r-devel-windows-ix86+x86_64 2.1 5.00 43.00 48.00 NOTE
r-patched-linux-x86_64 2.1 1.66 24.94 26.60 OK
r-patched-solaris-sparc 2.1 306.90 OK
r-patched-solaris-x86 2.1 62.80 OK
r-release-linux-x86_64 2.1 1.60 24.29 25.89 OK
r-release-osx-x86_64-mavericks 2.1 OK
r-release-windows-ix86+x86_64 2.1 8.00 39.00 47.00 OK
r-oldrel-windows-ix86+x86_64 2.1 9.00 53.00 62.00 OK

Check Details

Version: 2.1
Check: R code for possible problems
Result: NOTE
    ODM2office: no visible global function definition for ‘read.csv2’
    ODM2office: no visible global function definition for ‘write.table’
    office2ODM: no visible global function definition for ‘read.csv2’
    office2ODM: no visible global function definition for ‘read.delim2’
    Undefined global functions or variables:
     read.csv2 read.delim2 write.table
    Consider adding
     importFrom("utils", "read.csv2", "read.delim2", "write.table")
    to your NAMESPACE file.
Flavors: r-devel-linux-x86_64-debian-gcc, r-devel-linux-x86_64-fedora-clang, r-devel-linux-x86_64-fedora-gcc, r-devel-osx-x86_64-clang, r-devel-windows-ix86+x86_64