CRAN Package Check Results for Package ODMconverter

Last updated on 2015-09-02 19:47:42.

Flavor Version Tinstall Tcheck Ttotal Status Flags
r-devel-linux-x86_64-debian-clang 2.1 1.50 23.92 25.42 NOTE
r-devel-linux-x86_64-debian-gcc 2.1 1.47 23.46 24.93 NOTE
r-devel-linux-x86_64-fedora-clang 2.1 54.42 NOTE
r-devel-linux-x86_64-fedora-gcc 2.1 54.19 NOTE
r-devel-osx-x86_64-clang 2.1 44.92 OK
r-devel-windows-ix86+x86_64 2.1 5.00 41.00 46.00 NOTE
r-patched-linux-x86_64 2.1 2.00 24.76 26.77 OK
r-patched-solaris-sparc 2.1 328.70 OK
r-patched-solaris-x86 2.1 81.20 OK
r-release-linux-x86_64 2.1 1.55 24.95 26.50 OK
r-release-osx-x86_64-mavericks 2.1 OK
r-release-windows-ix86+x86_64 2.1 7.00 60.00 67.00 OK
r-oldrel-windows-ix86+x86_64 2.1 9.00 50.00 59.00 OK

Check Details

Version: 2.1
Check: R code for possible problems
Result: NOTE
    ODM2office: no visible global function definition for ‘read.csv2’
    ODM2office: no visible global function definition for ‘write.table’
    office2ODM: no visible global function definition for ‘read.csv2’
    office2ODM: no visible global function definition for ‘read.delim2’
    Undefined global functions or variables:
     read.csv2 read.delim2 write.table
    Consider adding
     importFrom("utils", "read.csv2", "read.delim2", "write.table")
    to your NAMESPACE.
Flavors: r-devel-linux-x86_64-debian-clang, r-devel-linux-x86_64-debian-gcc, r-devel-linux-x86_64-fedora-clang, r-devel-linux-x86_64-fedora-gcc, r-devel-windows-ix86+x86_64