CRAN Package Check Results for Package ODMconverter

Last updated on 2014-04-19 11:48:55.

Flavor Version Tinstall Tcheck Ttotal Status Flags
r-devel-linux-x86_64-debian-clang 1.2 3.34 38.06 41.40 NOTE
r-devel-linux-x86_64-debian-gcc 1.2 3.24 38.72 41.96 NOTE
r-devel-linux-x86_64-fedora-clang 1.2 91.84 NOTE
r-devel-linux-x86_64-fedora-gcc 1.2 86.65 NOTE
r-devel-macosx-x86_64-clang 1.2 77.55 NOTE
r-devel-macosx-x86_64-gcc 1.2 ERROR
r-devel-windows-ix86+x86_64 1.2 9.00 70.00 79.00 NOTE
r-patched-linux-x86_64 1.2 3.18 38.21 41.39 NOTE
r-patched-solaris-sparc 1.2 453.60 NOTE
r-patched-solaris-x86 1.2 113.00 NOTE
r-release-linux-ix86 1.2 6.00 59.00 65.00 NOTE
r-release-linux-x86_64 1.2 3.16 37.49 40.66 NOTE
r-release-macosx-x86_64 1.2 OK
r-release-windows-ix86+x86_64 1.2 13.00 73.00 86.00 NOTE
r-oldrel-windows-ix86+x86_64 1.2 9.00 59.00 68.00 NOTE

Check Details

Version: 1.2
Check: dependencies in R code
Result: NOTE
    Packages in Depends field not imported from:
     ‘XML’ ‘xlsx’
     These packages need to be imported from (in the NAMESPACE file)
     for when this namespace is loaded but not attached.
    See the information on DESCRIPTION files in the chapter ‘Creating R
    packages’ of the ‘Writing R Extensions’ manual.
Flavors: r-devel-linux-x86_64-debian-clang, r-devel-linux-x86_64-debian-gcc, r-devel-linux-x86_64-fedora-clang, r-devel-linux-x86_64-fedora-gcc, r-devel-macosx-x86_64-clang, r-devel-windows-ix86+x86_64, r-patched-linux-x86_64, r-patched-solaris-sparc, r-patched-solaris-x86, r-release-linux-ix86, r-release-linux-x86_64, r-release-windows-ix86+x86_64, r-oldrel-windows-ix86+x86_64

Version: 1.2
Check: package dependencies
Result: ERROR
    Package required but not available: ‘XML’
    
    See the information on DESCRIPTION files in the chapter ‘Creating R
    packages’ of the ‘Writing R Extensions’ manual.
Flavor: r-devel-macosx-x86_64-gcc