CRAN Package Check Results for Package ODMconverter

Last updated on 2016-09-29 08:12:38.

Flavor Version Tinstall Tcheck Ttotal Status Flags
r-devel-linux-x86_64-debian-clang 2.1 1.41 24.42 25.83 NOTE
r-devel-linux-x86_64-debian-gcc 2.1 1.40 23.67 25.07 NOTE
r-devel-linux-x86_64-fedora-clang 2.1 49.40 NOTE
r-devel-linux-x86_64-fedora-gcc 2.1 47.99 NOTE
r-devel-macos-x86_64-clang 2.1 39.96 NOTE
r-devel-windows-ix86+x86_64 2.1 4.00 45.00 49.00 NOTE
r-patched-linux-x86_64 2.1 1.47 25.07 26.54 NOTE
r-patched-solaris-sparc 2.1 292.70 NOTE
r-patched-solaris-x86 2.1 60.40 NOTE
r-release-linux-x86_64 2.1 1.68 25.52 27.21 NOTE
r-release-osx-x86_64-mavericks 2.1 NOTE
r-release-windows-ix86+x86_64 2.1 5.00 48.00 53.00 NOTE
r-oldrel-windows-ix86+x86_64 2.1 5.00 45.00 50.00 OK

Check Details

Version: 2.1
Check: R code for possible problems
Result: NOTE
    ODM2office: no visible global function definition for ‘read.csv2’
    ODM2office: no visible global function definition for ‘write.table’
    office2ODM: no visible global function definition for ‘read.csv2’
    office2ODM: no visible global function definition for ‘read.delim2’
    Undefined global functions or variables:
     read.csv2 read.delim2 write.table
    Consider adding
     importFrom("utils", "read.csv2", "read.delim2", "write.table")
    to your NAMESPACE file.
Flavors: r-devel-linux-x86_64-debian-clang, r-devel-linux-x86_64-debian-gcc, r-devel-linux-x86_64-fedora-clang, r-devel-linux-x86_64-fedora-gcc, r-devel-macos-x86_64-clang, r-devel-windows-ix86+x86_64, r-patched-linux-x86_64, r-patched-solaris-sparc, r-patched-solaris-x86, r-release-linux-x86_64, r-release-osx-x86_64-mavericks, r-release-windows-ix86+x86_64