CRAN Package Check Results for Package ODMeans

Last updated on 2023-12-09 11:49:32 CET.

Flavor Version Tinstall Tcheck Ttotal Status Flags
r-devel-linux-x86_64-debian-clang 0.1.0 2.52 23.69 26.21 OK
r-devel-linux-x86_64-debian-gcc 0.1.0 1.82 18.14 19.96 OK
r-devel-linux-x86_64-fedora-clang 0.1.0 32.01 NOTE
r-devel-linux-x86_64-fedora-gcc 0.1.0 30.06 NOTE
r-devel-windows-x86_64 0.1.0 3.00 40.00 43.00 OK
r-patched-linux-x86_64 0.1.0 2.53 23.10 25.63 OK
r-release-linux-x86_64 0.1.0 2.42 23.12 25.54 OK
r-release-macos-arm64 0.1.0 16.00 OK
r-release-macos-x86_64 0.1.0 20.00 OK
r-release-windows-x86_64 0.1.0 4.00 39.00 43.00 OK
r-oldrel-macos-arm64 0.1.0 15.00 NOTE
r-oldrel-macos-x86_64 0.1.0 26.00 NOTE
r-oldrel-windows-x86_64 0.1.0 4.00 43.00 47.00 OK

Check Details

Version: 0.1.0
Check: dependencies in R code
Result: NOTE Namespace in Imports field not imported from: ‘ggplot2’ All declared Imports should be used. Flavors: r-devel-linux-x86_64-fedora-clang, r-devel-linux-x86_64-fedora-gcc, r-oldrel-macos-arm64, r-oldrel-macos-x86_64