CRAN Package Check Results for Package OGI

Last updated on 2020-02-23 06:47:20 CET.

Flavor Version Tinstall Tcheck Ttotal Status Flags
r-devel-linux-x86_64-debian-clang 1.0.0 2.08 21.07 23.15 OK
r-devel-linux-x86_64-debian-gcc 1.0.0 1.65 16.89 18.54 OK
r-devel-linux-x86_64-fedora-clang 1.0.0 28.37 NOTE
r-devel-linux-x86_64-fedora-gcc 1.0.0 27.86 NOTE
r-devel-windows-ix86+x86_64 1.0.0 5.00 34.00 39.00 OK
r-devel-windows-ix86+x86_64-gcc8 1.0.0 7.00 46.00 53.00 OK
r-patched-linux-x86_64 1.0.0 OK
r-patched-solaris-x86 1.0.0 41.00 NOTE
r-release-linux-x86_64 1.0.0 1.42 19.29 20.71 OK
r-release-windows-ix86+x86_64 1.0.0 4.00 31.00 35.00 OK
r-release-osx-x86_64 1.0.0 NOTE
r-oldrel-windows-ix86+x86_64 1.0.0 4.00 32.00 36.00 OK
r-oldrel-osx-x86_64 1.0.0 NOTE

Check Details

Version: 1.0.0
Check: dependencies in R code
Result: NOTE
    Namespace in Imports field not imported from: ‘methods’
     All declared Imports should be used.
Flavors: r-devel-linux-x86_64-fedora-clang, r-devel-linux-x86_64-fedora-gcc, r-patched-solaris-x86, r-release-osx-x86_64, r-oldrel-osx-x86_64