CRAN Package Check Results for Package OGI

Last updated on 2019-09-19 12:47:34 CEST.

Flavor Version Tinstall Tcheck Ttotal Status Flags
r-devel-linux-x86_64-debian-clang 1.0.0 1.59 18.10 19.69 OK
r-devel-linux-x86_64-debian-gcc 1.0.0 1.55 14.91 16.46 OK
r-devel-linux-x86_64-fedora-clang 1.0.0 25.09 NOTE
r-devel-linux-x86_64-fedora-gcc 1.0.0 24.44 NOTE
r-devel-windows-ix86+x86_64 1.0.0 8.00 42.00 50.00 OK
r-patched-linux-x86_64 1.0.0 1.62 18.14 19.76 OK
r-patched-solaris-x86 1.0.0 39.60 NOTE
r-release-linux-x86_64 1.0.0 1.61 17.85 19.46 OK
r-release-windows-ix86+x86_64 1.0.0 5.00 29.00 34.00 OK
r-release-osx-x86_64 1.0.0 NOTE
r-oldrel-windows-ix86+x86_64 1.0.0 2.00 30.00 32.00 OK
r-oldrel-osx-x86_64 1.0.0 NOTE

Check Details

Version: 1.0.0
Check: dependencies in R code
Result: NOTE
    Namespace in Imports field not imported from: ‘methods’
     All declared Imports should be used.
Flavors: r-devel-linux-x86_64-fedora-clang, r-devel-linux-x86_64-fedora-gcc, r-patched-solaris-x86, r-release-osx-x86_64, r-oldrel-osx-x86_64