CRAN Package Check Results for Package OIdata

Last updated on 2016-12-11 10:47:09.

Flavor Version Tinstall Tcheck Ttotal Status Flags
r-devel-linux-x86_64-debian-clang 1.0 1.03 19.22 20.25 NOTE
r-devel-linux-x86_64-debian-gcc 1.0 1.23 18.66 19.89 NOTE
r-devel-linux-x86_64-fedora-clang 1.0 38.65 NOTE --no-stop-on-test-error
r-devel-linux-x86_64-fedora-gcc 1.0 34.37 NOTE --no-stop-on-test-error
r-devel-macos-x86_64-clang 1.0 29.94 NOTE --no-stop-on-test-error
r-devel-windows-ix86+x86_64 1.0 4.00 41.00 45.00 NOTE
r-patched-linux-x86_64 1.0 1.08 17.66 18.74 NOTE
r-patched-solaris-sparc 1.0 213.50 NOTE
r-patched-solaris-x86 1.0 47.00 NOTE
r-release-linux-x86_64 1.0 1.04 17.75 18.79 NOTE
r-release-osx-x86_64-mavericks 1.0 NOTE
r-release-windows-ix86+x86_64 1.0 5.00 38.00 43.00 NOTE
r-oldrel-windows-ix86+x86_64 1.0 8.00 36.00 44.00 NOTE

Check Details

Version: 1.0
Check: for hidden files and directories
Result: NOTE
    Found the following hidden files and directories:
     .Rapp.history
     data/.Rapp.history
     data/.Rhistory
    These were most likely included in error. See section ‘Package
    structure’ in the ‘Writing R Extensions’ manual.
Flavors: r-devel-linux-x86_64-debian-clang, r-devel-linux-x86_64-debian-gcc, r-devel-windows-ix86+x86_64, r-patched-linux-x86_64, r-patched-solaris-sparc, r-patched-solaris-x86, r-release-linux-x86_64, r-release-osx-x86_64-mavericks, r-release-windows-ix86+x86_64, r-oldrel-windows-ix86+x86_64

Version: 1.0
Check: DESCRIPTION meta-information
Result: NOTE
    Packages listed in more than one of Depends, Imports, Suggests, Enhances:
     ‘RCurl’ ‘maps’
    A package should be listed in only one of these fields.
Flavors: r-devel-linux-x86_64-debian-clang, r-devel-linux-x86_64-debian-gcc, r-devel-windows-ix86+x86_64, r-patched-linux-x86_64, r-patched-solaris-sparc, r-patched-solaris-x86, r-release-linux-x86_64, r-release-osx-x86_64-mavericks, r-release-windows-ix86+x86_64, r-oldrel-windows-ix86+x86_64

Version: 1.0
Check: R code for possible problems
Result: NOTE
    mapvar: no visible global function definition for ‘data’
    mapvar: no visible binding for global variable ‘state.fips’
    mapvar: no visible global function definition for ‘rgb’
    mapvar: no visible global function definition for ‘rect’
    mapvar: no visible global function definition for ‘text’
    rowScrape: no visible global function definition for ‘tail’
    rowScrape: no visible global function definition for ‘head’
    scrapeTable: no visible binding for global variable ‘tail’
    Undefined global functions or variables:
     data head rect rgb state.fips tail text
    Consider adding
     importFrom("grDevices", "rgb")
     importFrom("graphics", "rect", "text")
     importFrom("utils", "data", "head", "tail")
    to your NAMESPACE file.
    
    Found the following calls to data() loading into the global environment:
    File ‘OIdata/R/mapvar.R’:
     data(state.fips)
    See section ‘Good practice’ in ‘?data’.
Flavors: r-devel-linux-x86_64-debian-clang, r-devel-linux-x86_64-debian-gcc, r-patched-linux-x86_64, r-release-linux-x86_64

Version: 1.0
Flags: --no-stop-on-test-error
Check: for hidden files and directories
Result: NOTE
    Found the following hidden files and directories:
     .Rapp.history
     data/.Rapp.history
     data/.Rhistory
    These were most likely included in error. See section ‘Package
    structure’ in the ‘Writing R Extensions’ manual.
Flavors: r-devel-linux-x86_64-fedora-clang, r-devel-linux-x86_64-fedora-gcc, r-devel-macos-x86_64-clang

Version: 1.0
Flags: --no-stop-on-test-error
Check: DESCRIPTION meta-information
Result: NOTE
    Packages listed in more than one of Depends, Imports, Suggests, Enhances:
     ‘RCurl’ ‘maps’
    A package should be listed in only one of these fields.
Flavors: r-devel-linux-x86_64-fedora-clang, r-devel-linux-x86_64-fedora-gcc, r-devel-macos-x86_64-clang

Version: 1.0
Flags: --no-stop-on-test-error
Check: R code for possible problems
Result: NOTE
    mapvar: no visible global function definition for ‘data’
    mapvar: no visible binding for global variable ‘state.fips’
    mapvar: no visible global function definition for ‘rgb’
    mapvar: no visible global function definition for ‘rect’
    mapvar: no visible global function definition for ‘text’
    rowScrape: no visible global function definition for ‘tail’
    rowScrape: no visible global function definition for ‘head’
    scrapeTable: no visible binding for global variable ‘tail’
    Undefined global functions or variables:
     data head rect rgb state.fips tail text
    Consider adding
     importFrom("grDevices", "rgb")
     importFrom("graphics", "rect", "text")
     importFrom("utils", "data", "head", "tail")
    to your NAMESPACE file.
    
    Found the following calls to data() loading into the global environment:
    File ‘OIdata/R/mapvar.R’:
     data(state.fips)
    See section ‘Good practice’ in ‘?data’.
Flavors: r-devel-linux-x86_64-fedora-clang, r-devel-macos-x86_64-clang

Version: 1.0
Flags: --no-stop-on-test-error
Check: data for non-ASCII characters
Result: NOTE
     Note: found 2444 marked UTF-8 strings
Flavors: r-devel-linux-x86_64-fedora-clang, r-devel-linux-x86_64-fedora-gcc, r-devel-macos-x86_64-clang

Version: 1.0
Flags: --no-stop-on-test-error
Check: R code for possible problems
Result: NOTE
    mapvar: no visible global function definition for ‘data’
    mapvar: no visible binding for global variable ‘state.fips’
    mapvar: no visible global function definition for ‘rgb’
    mapvar: no visible global function definition for ‘rect’
    mapvar: no visible global function definition for ‘text’
    rowScrape: no visible global function definition for ‘tail’
    rowScrape: no visible global function definition for ‘head’
    scrapeTable: no visible binding for global variable ‘tail’
    Undefined global functions or variables:
     data head rect rgb state.fips tail text
    Consider adding
     importFrom("grDevices", "rgb")
     importFrom("graphics", "rect", "text")
     importFrom("utils", "data", "head", "tail")
    to your NAMESPACE file.
Flavor: r-devel-linux-x86_64-fedora-gcc

Version: 1.0
Check: R code for possible problems
Result: NOTE
    mapvar: no visible global function definition for 'data'
    mapvar: no visible binding for global variable 'state.fips'
    mapvar: no visible global function definition for 'rgb'
    mapvar: no visible global function definition for 'rect'
    mapvar: no visible global function definition for 'text'
    rowScrape: no visible global function definition for 'tail'
    rowScrape: no visible global function definition for 'head'
    scrapeTable: no visible binding for global variable 'tail'
    Undefined global functions or variables:
     data head rect rgb state.fips tail text
    Consider adding
     importFrom("grDevices", "rgb")
     importFrom("graphics", "rect", "text")
     importFrom("utils", "data", "head", "tail")
    to your NAMESPACE file.
Flavors: r-devel-windows-ix86+x86_64, r-patched-solaris-sparc, r-patched-solaris-x86, r-release-osx-x86_64-mavericks, r-release-windows-ix86+x86_64

Version: 1.0
Check: data for non-ASCII characters
Result: NOTE
     Note: found 2444 marked UTF-8 strings
Flavors: r-patched-solaris-sparc, r-patched-solaris-x86, r-release-osx-x86_64-mavericks, r-oldrel-windows-ix86+x86_64

Version: 1.0
Check: R code for possible problems
Result: NOTE
    mapvar: no visible binding for global variable 'state.fips'
Flavor: r-oldrel-windows-ix86+x86_64