CRAN Package Check Results for Package OIdata

Last updated on 2015-07-05 10:46:59.

Flavor Version Tinstall Tcheck Ttotal Status Flags
r-devel-linux-x86_64-debian-clang 1.0 1.14 17.38 18.53 NOTE
r-devel-linux-x86_64-debian-gcc 1.0 1.30 16.84 18.14 NOTE
r-devel-linux-x86_64-fedora-clang 1.0 34.58 NOTE
r-devel-linux-x86_64-fedora-gcc 1.0 32.68 NOTE
r-devel-osx-x86_64-clang 1.0 34.20 NOTE
r-devel-windows-ix86+x86_64 1.0 4.00 32.00 36.00 NOTE
r-patched-linux-x86_64 1.0 1.00 16.85 17.85 NOTE
r-patched-solaris-sparc 1.0 231.90 NOTE
r-patched-solaris-x86 1.0 53.40 NOTE
r-release-linux-x86_64 1.0 1.00 17.27 18.28 NOTE
r-release-osx-x86_64-mavericks 1.0 NOTE
r-release-windows-ix86+x86_64 1.0 4.00 31.00 35.00 NOTE
r-oldrel-windows-ix86+x86_64 1.0 6.00 33.00 39.00 NOTE

Check Details

Version: 1.0
Check: for hidden files and directories
Result: NOTE
    Found the following hidden files and directories:
     .Rapp.history
     data/.Rapp.history
     data/.Rhistory
    These were most likely included in error. See section ‘Package
    structure’ in the ‘Writing R Extensions’ manual.
Flavors: r-devel-linux-x86_64-debian-clang, r-devel-linux-x86_64-debian-gcc, r-devel-linux-x86_64-fedora-clang, r-devel-linux-x86_64-fedora-gcc, r-devel-osx-x86_64-clang, r-devel-windows-ix86+x86_64, r-patched-linux-x86_64, r-patched-solaris-sparc, r-patched-solaris-x86, r-release-linux-x86_64, r-release-osx-x86_64-mavericks, r-release-windows-ix86+x86_64, r-oldrel-windows-ix86+x86_64

Version: 1.0
Check: DESCRIPTION meta-information
Result: NOTE
    Packages listed in more than one of Depends, Imports, Suggests, Enhances:
     ‘RCurl’ ‘maps’
    A package should be listed in only one of these fields.
Flavors: r-devel-linux-x86_64-debian-clang, r-devel-linux-x86_64-debian-gcc, r-devel-linux-x86_64-fedora-clang, r-devel-linux-x86_64-fedora-gcc, r-devel-osx-x86_64-clang, r-devel-windows-ix86+x86_64, r-patched-linux-x86_64, r-patched-solaris-sparc, r-patched-solaris-x86, r-release-linux-x86_64, r-release-osx-x86_64-mavericks, r-release-windows-ix86+x86_64, r-oldrel-windows-ix86+x86_64

Version: 1.0
Check: R code for possible problems
Result: NOTE
    mapvar: Error while checking: invalid ‘envir’ argument
    rowScrape: no visible global function definition for ‘tail’
    rowScrape: no visible global function definition for ‘head’
    scrapeTable: no visible binding for global variable ‘tail’
    Undefined global functions or variables:
     head tail
    
    Found the following calls to data() loading into the global environment:
    File ‘OIdata/R/mapvar.R’:
     data(state.fips)
    See section ‘Good practice’ in ‘?data’.
Flavors: r-devel-linux-x86_64-debian-clang, r-devel-linux-x86_64-debian-gcc, r-devel-linux-x86_64-fedora-clang

Version: 1.0
Check: data for non-ASCII characters
Result: NOTE
     Note: found 2444 marked UTF-8 strings
Flavors: r-devel-linux-x86_64-debian-clang, r-devel-linux-x86_64-debian-gcc, r-devel-linux-x86_64-fedora-clang, r-devel-linux-x86_64-fedora-gcc, r-devel-osx-x86_64-clang, r-devel-windows-ix86+x86_64, r-patched-linux-x86_64, r-patched-solaris-sparc, r-patched-solaris-x86, r-release-linux-x86_64, r-release-osx-x86_64-mavericks, r-release-windows-ix86+x86_64, r-oldrel-windows-ix86+x86_64

Version: 1.0
Check: R code for possible problems
Result: NOTE
    mapvar: Error while checking: invalid 'envir' argument
    rowScrape: no visible global function definition for ‘tail’
    rowScrape: no visible global function definition for ‘head’
    scrapeTable: no visible binding for global variable ‘tail’
    Undefined global functions or variables:
     head tail
Flavor: r-devel-linux-x86_64-fedora-gcc

Version: 1.0
Check: R code for possible problems
Result: NOTE
    mapvar: no visible binding for global variable ‘state.fips’
    Undefined global functions or variables:
     state.fips
    
    Found the following calls to data() loading into the global environment:
    File ‘OIdata/R/mapvar.R’:
     data(state.fips)
    See section ‘Good practice’ in ‘?data’.
Flavor: r-devel-osx-x86_64-clang

Version: 1.0
Check: R code for possible problems
Result: NOTE
    mapvar: no visible global function definition for 'data'
    mapvar: no visible binding for global variable 'state.fips'
    mapvar: no visible global function definition for 'rgb'
    mapvar: no visible global function definition for 'rect'
    mapvar: no visible global function definition for 'text'
    rowScrape: no visible global function definition for 'tail'
    rowScrape: no visible global function definition for 'head'
    scrapeTable: no visible binding for global variable 'tail'
    Undefined global functions or variables:
     data head rect rgb state.fips tail text
Flavor: r-devel-windows-ix86+x86_64

Version: 1.0
Check: R code for possible problems
Result: NOTE
    mapvar: no visible binding for global variable ‘state.fips’
    
    Found the following calls to data() loading into the global environment:
    File ‘OIdata/R/mapvar.R’:
     data(state.fips)
    See section ‘Good practice’ in ‘?data’.
Flavors: r-patched-linux-x86_64, r-release-linux-x86_64

Version: 1.0
Check: R code for possible problems
Result: NOTE
    mapvar: no visible binding for global variable ‘state.fips’
Flavors: r-patched-solaris-sparc, r-patched-solaris-x86, r-release-osx-x86_64-mavericks, r-release-windows-ix86+x86_64, r-oldrel-windows-ix86+x86_64