CRAN Package Check Results for Package OIdata

Last updated on 2015-03-05 17:49:12.

Flavor Version Tinstall Tcheck Ttotal Status Flags
r-devel-linux-x86_64-debian-clang 1.0 1.24 17.83 19.07 NOTE
r-devel-linux-x86_64-debian-gcc 1.0 1.01 16.98 17.98 NOTE
r-devel-linux-x86_64-fedora-clang 1.0 35.72 NOTE
r-devel-linux-x86_64-fedora-gcc 1.0 34.91 NOTE
r-devel-osx-x86_64-clang 1.0 37.02 NOTE
r-devel-windows-ix86+x86_64 1.0 3.00 30.00 33.00 NOTE
r-patched-linux-x86_64 1.0 1.30 20.50 21.79 NOTE
r-patched-solaris-sparc 1.0 273.30 NOTE
r-patched-solaris-x86 1.0 61.40 NOTE
r-release-linux-ix86 1.0 1.68 27.99 29.67 NOTE
r-release-linux-x86_64 1.0 1.24 20.55 21.78 NOTE
r-release-osx-x86_64-mavericks 1.0 NOTE
r-release-osx-x86_64-snowleopard 1.0 NOTE
r-release-windows-ix86+x86_64 1.0 5.00 32.00 37.00 NOTE
r-oldrel-windows-ix86+x86_64 1.0 4.00 33.00 37.00 NOTE

Check Details

Version: 1.0
Check: for hidden files and directories
Result: NOTE
    Found the following hidden files and directories:
     .Rapp.history
     data/.Rapp.history
     data/.Rhistory
    These were most likely included in error. See section ‘Package
    structure’ in the ‘Writing R Extensions’ manual.
Flavors: r-devel-linux-x86_64-debian-clang, r-devel-linux-x86_64-debian-gcc, r-devel-linux-x86_64-fedora-clang, r-devel-linux-x86_64-fedora-gcc, r-devel-osx-x86_64-clang, r-devel-windows-ix86+x86_64, r-patched-linux-x86_64, r-patched-solaris-sparc, r-patched-solaris-x86, r-release-linux-ix86, r-release-linux-x86_64, r-release-osx-x86_64-mavericks, r-release-osx-x86_64-snowleopard, r-release-windows-ix86+x86_64, r-oldrel-windows-ix86+x86_64

Version: 1.0
Check: DESCRIPTION meta-information
Result: NOTE
    Packages listed in more than one of Depends, Imports, Suggests, Enhances:
     ‘RCurl’ ‘maps’
    A package should be listed in only one of these fields.
Flavors: r-devel-linux-x86_64-debian-clang, r-devel-linux-x86_64-debian-gcc, r-devel-linux-x86_64-fedora-clang, r-devel-linux-x86_64-fedora-gcc, r-devel-osx-x86_64-clang, r-devel-windows-ix86+x86_64, r-patched-linux-x86_64, r-patched-solaris-sparc, r-patched-solaris-x86, r-release-linux-ix86, r-release-linux-x86_64, r-release-osx-x86_64-mavericks, r-release-osx-x86_64-snowleopard, r-release-windows-ix86+x86_64, r-oldrel-windows-ix86+x86_64

Version: 1.0
Check: R code for possible problems
Result: NOTE
    mapvar: no visible binding for global variable ‘state.fips’
    
    Found the following calls to data() loading into the global environment:
    File ‘OIdata/R/mapvar.R’:
     data(state.fips)
    See section ‘Good practice’ in ‘?data’.
Flavors: r-devel-linux-x86_64-debian-clang, r-devel-linux-x86_64-debian-gcc, r-devel-linux-x86_64-fedora-clang, r-devel-osx-x86_64-clang, r-patched-linux-x86_64, r-release-linux-ix86, r-release-linux-x86_64

Version: 1.0
Check: data for non-ASCII characters
Result: NOTE
     Note: found 2444 marked UTF-8 strings
Flavors: r-devel-linux-x86_64-debian-clang, r-devel-linux-x86_64-debian-gcc, r-devel-linux-x86_64-fedora-clang, r-devel-linux-x86_64-fedora-gcc, r-devel-osx-x86_64-clang, r-devel-windows-ix86+x86_64, r-patched-linux-x86_64, r-patched-solaris-sparc, r-patched-solaris-x86, r-release-linux-ix86, r-release-linux-x86_64, r-release-osx-x86_64-mavericks, r-release-osx-x86_64-snowleopard, r-release-windows-ix86+x86_64, r-oldrel-windows-ix86+x86_64

Version: 1.0
Check: R code for possible problems
Result: NOTE
    mapvar: no visible binding for global variable ‘state.fips’
Flavors: r-devel-linux-x86_64-fedora-gcc, r-devel-windows-ix86+x86_64, r-patched-solaris-sparc, r-patched-solaris-x86, r-release-osx-x86_64-mavericks, r-release-osx-x86_64-snowleopard, r-release-windows-ix86+x86_64, r-oldrel-windows-ix86+x86_64