CRAN Package Check Results for Package OIsurv

Last updated on 2018-05-22 01:46:46 CEST.

Flavor Version Tinstall Tcheck Ttotal Status Flags
r-devel-linux-x86_64-debian-clang 0.2 3.75 50.59 54.34 NOTE
r-devel-linux-x86_64-debian-gcc 0.2 3.74 44.79 48.53 NOTE
r-devel-linux-x86_64-fedora-clang 0.2 74.17 NOTE
r-devel-linux-x86_64-fedora-gcc 0.2 71.35 NOTE
r-devel-windows-ix86+x86_64 0.2 10.00 68.00 78.00 NOTE
r-patched-linux-x86_64 0.2 4.26 48.31 52.57 NOTE
r-patched-solaris-x86 0.2 99.50 NOTE
r-release-linux-x86_64 0.2 3.75 47.27 51.02 NOTE
r-release-windows-ix86+x86_64 0.2 11.00 78.00 89.00 NOTE
r-release-osx-x86_64 0.2 NOTE
r-oldrel-windows-ix86+x86_64 0.2 10.00 78.00 88.00 NOTE
r-oldrel-osx-x86_64 0.2 NOTE

Check Details

Version: 0.2
Check: dependencies in R code
Result: NOTE
    Package in Depends field not imported from: ‘KMsurv’
     These packages need to be imported from (in the NAMESPACE file)
     for when this namespace is loaded but not attached.
Flavors: r-devel-linux-x86_64-debian-clang, r-devel-linux-x86_64-debian-gcc, r-devel-linux-x86_64-fedora-clang, r-devel-linux-x86_64-fedora-gcc, r-devel-windows-ix86+x86_64, r-patched-linux-x86_64, r-patched-solaris-x86, r-release-linux-x86_64, r-release-windows-ix86+x86_64, r-release-osx-x86_64, r-oldrel-windows-ix86+x86_64, r-oldrel-osx-x86_64