CRAN Package Check Results for Package OIsurv

Last updated on 2016-06-27 21:47:12.

Flavor Version Tinstall Tcheck Ttotal Status Flags
r-devel-linux-x86_64-debian-gcc 0.2 2.50 28.84 31.34 NOTE
r-devel-linux-x86_64-fedora-clang 0.2 60.29 NOTE
r-devel-linux-x86_64-fedora-gcc 0.2 58.84 NOTE
r-devel-osx-x86_64-clang 0.2 48.38 NOTE
r-devel-windows-ix86+x86_64 0.2 6.00 76.00 82.00 NOTE
r-patched-linux-x86_64 0.2 2.75 29.23 31.98 NOTE
r-patched-solaris-sparc 0.2 371.50 NOTE
r-patched-solaris-x86 0.2 86.60 NOTE
r-release-linux-x86_64 0.2 2.67 28.93 31.60 NOTE
r-release-osx-x86_64-mavericks 0.2 NOTE
r-release-windows-ix86+x86_64 0.2 9.00 70.00 79.00 NOTE
r-oldrel-windows-ix86+x86_64 0.2 10.00 53.00 63.00 NOTE

Check Details

Version: 0.2
Check: dependencies in R code
Result: NOTE
    Package in Depends field not imported from: ‘KMsurv’
     These packages need to be imported from (in the NAMESPACE file)
     for when this namespace is loaded but not attached.
Flavors: r-devel-linux-x86_64-debian-gcc, r-devel-linux-x86_64-fedora-clang, r-devel-linux-x86_64-fedora-gcc, r-devel-osx-x86_64-clang, r-devel-windows-ix86+x86_64, r-patched-linux-x86_64, r-patched-solaris-sparc, r-patched-solaris-x86, r-release-linux-x86_64, r-release-osx-x86_64-mavericks, r-release-windows-ix86+x86_64, r-oldrel-windows-ix86+x86_64