CRAN Package Check Results for Package OIsurv

Last updated on 2014-11-23 12:46:36.

Flavor Version Tinstall Tcheck Ttotal Status Flags
r-devel-linux-x86_64-debian-clang 0.2 0.64 12.09 12.73 NOTE
r-devel-linux-x86_64-debian-gcc 0.2 0.63 11.72 12.35 NOTE
r-devel-linux-x86_64-fedora-clang 0.2 26.54 NOTE
r-devel-linux-x86_64-fedora-gcc 0.2 24.23 NOTE
r-devel-osx-x86_64-clang 0.2 28.29 NOTE
r-devel-windows-ix86+x86_64 0.2 4.00 20.00 24.00 NOTE
r-patched-linux-x86_64 0.2 0.69 11.86 12.55 NOTE
r-patched-solaris-sparc 0.2 165.50 NOTE
r-patched-solaris-x86 0.2 36.80 NOTE
r-release-linux-ix86 0.2 0.96 17.74 18.70 NOTE
r-release-linux-x86_64 0.2 0.71 11.64 12.35 NOTE
r-release-osx-x86_64-mavericks 0.2 NOTE
r-release-osx-x86_64-snowleopard 0.2 NOTE
r-release-windows-ix86+x86_64 0.2 3.00 22.00 25.00 NOTE
r-oldrel-windows-ix86+x86_64 0.2 3.00 26.00 29.00 NOTE

Check Details

Version: 0.2
Check: dependencies in R code
Result: NOTE
    Package in Depends field not imported from: ‘KMsurv’
     These packages need to be imported from (in the NAMESPACE file)
     for when this namespace is loaded but not attached.
    See the information on DESCRIPTION files in the chapter ‘Creating R
    packages’ of the ‘Writing R Extensions’ manual.
Flavors: r-devel-linux-x86_64-debian-clang, r-devel-linux-x86_64-debian-gcc, r-devel-linux-x86_64-fedora-clang, r-devel-linux-x86_64-fedora-gcc, r-devel-osx-x86_64-clang, r-devel-windows-ix86+x86_64, r-patched-linux-x86_64, r-patched-solaris-sparc, r-patched-solaris-x86, r-release-linux-ix86, r-release-linux-x86_64, r-release-osx-x86_64-mavericks, r-release-windows-ix86+x86_64, r-oldrel-windows-ix86+x86_64

Version: 0.2
Check: dependencies in R code
Result: NOTE
    Package in Depends field not imported from: 'KMsurv'
     These packages need to be imported from for the case when
     this namespace is loaded but not attached.
    See the information on DESCRIPTION files in the chapter 'Creating R
    packages' of the 'Writing R Extensions' manual.
Flavor: r-release-osx-x86_64-snowleopard