CRAN Package Check Results for Package OIsurv

Last updated on 2015-05-23 17:48:49.

Flavor Version Tinstall Tcheck Ttotal Status Flags
r-devel-linux-x86_64-debian-clang 0.2 0.66 10.68 11.34 NOTE
r-devel-linux-x86_64-debian-gcc 0.2 0.59 10.50 11.09 NOTE
r-devel-linux-x86_64-fedora-clang 0.2 22.02 NOTE
r-devel-linux-x86_64-fedora-gcc 0.2 20.37 NOTE
r-devel-osx-x86_64-clang 0.2 24.63 NOTE
r-devel-windows-ix86+x86_64 0.2 3.00 21.00 24.00 NOTE
r-patched-linux-x86_64 0.2 0.57 10.33 10.90 NOTE
r-patched-solaris-sparc 0.2 139.40 NOTE
r-patched-solaris-x86 0.2 31.40 NOTE
r-release-linux-x86_64 0.2 0.58 10.40 10.98 NOTE
r-release-osx-x86_64-mavericks 0.2 NOTE
r-release-osx-x86_64-snowleopard 0.2 NOTE
r-release-windows-ix86+x86_64 0.2 2.00 21.00 23.00 NOTE
r-oldrel-windows-ix86+x86_64 0.2 4.00 24.00 28.00 NOTE

Check Details

Version: 0.2
Check: dependencies in R code
Result: NOTE
    Package in Depends field not imported from: ‘KMsurv’
     These packages need to be imported from (in the NAMESPACE file)
     for when this namespace is loaded but not attached.
Flavors: r-devel-linux-x86_64-debian-clang, r-devel-linux-x86_64-debian-gcc, r-devel-linux-x86_64-fedora-clang, r-devel-linux-x86_64-fedora-gcc, r-devel-osx-x86_64-clang, r-devel-windows-ix86+x86_64, r-patched-linux-x86_64, r-patched-solaris-sparc, r-patched-solaris-x86, r-release-linux-x86_64, r-release-osx-x86_64-mavericks, r-release-osx-x86_64-snowleopard, r-release-windows-ix86+x86_64, r-oldrel-windows-ix86+x86_64