CRAN Package Check Results for Package OIsurv

Last updated on 2017-10-20 00:52:48.

Flavor Version Tinstall Tcheck Ttotal Status Flags
r-devel-linux-x86_64-debian-clang 0.2 2.32 29.16 31.48 NOTE
r-devel-linux-x86_64-debian-gcc 0.2 3.10 33.53 36.63 NOTE
r-devel-linux-x86_64-fedora-clang 0.2 76.23 NOTE
r-devel-linux-x86_64-fedora-gcc 0.2 74.04 NOTE
r-devel-windows-ix86+x86_64 0.2 6.00 58.00 64.00 NOTE
r-patched-linux-x86_64 0.2 2.62 30.32 32.94 NOTE
r-patched-solaris-x86 0.2 103.00 NOTE
r-release-linux-x86_64 0.2 2.39 30.29 32.68 NOTE
r-release-windows-ix86+x86_64 0.2 9.00 55.00 64.00 NOTE
r-release-osx-x86_64 0.2 NOTE
r-oldrel-windows-ix86+x86_64 0.2 6.00 70.00 76.00 NOTE
r-oldrel-osx-x86_64 0.2 NOTE

Check Details

Version: 0.2
Check: dependencies in R code
Result: NOTE
    Package in Depends field not imported from: ‘KMsurv’
     These packages need to be imported from (in the NAMESPACE file)
     for when this namespace is loaded but not attached.
Flavors: r-devel-linux-x86_64-debian-clang, r-devel-linux-x86_64-debian-gcc, r-devel-linux-x86_64-fedora-clang, r-devel-linux-x86_64-fedora-gcc, r-devel-windows-ix86+x86_64, r-patched-linux-x86_64, r-patched-solaris-x86, r-release-linux-x86_64, r-release-windows-ix86+x86_64, r-release-osx-x86_64, r-oldrel-windows-ix86+x86_64, r-oldrel-osx-x86_64