CRAN Package Check Results for Package OIsurv

Last updated on 2017-04-30 23:51:42.

Flavor Version Tinstall Tcheck Ttotal Status Flags
r-devel-linux-x86_64-debian-clang 0.2 2.36 29.86 32.21 NOTE
r-devel-linux-x86_64-debian-gcc 0.2 2.47 29.63 32.10 NOTE
r-devel-linux-x86_64-fedora-clang 0.2 74.40 NOTE --no-stop-on-test-error
r-devel-linux-x86_64-fedora-gcc 0.2 72.51 NOTE --no-stop-on-test-error
r-devel-windows-ix86+x86_64 0.2 6.00 86.00 92.00 NOTE
r-patched-linux-x86_64 0.2 2.52 30.32 32.85 NOTE
r-patched-solaris-sparc 0.2 424.90 NOTE
r-patched-solaris-x86 0.2 101.20 NOTE
r-release-linux-x86_64 0.2 2.37 30.52 32.89 NOTE
r-release-windows-ix86+x86_64 0.2 10.00 53.00 63.00 NOTE
r-release-osx-x86_64 0.2 NOTE
r-oldrel-windows-ix86+x86_64 0.2 7.00 70.00 77.00 NOTE
r-oldrel-osx-x86_64 0.2 NOTE

Check Details

Version: 0.2
Check: dependencies in R code
Result: NOTE
    Package in Depends field not imported from: ‘KMsurv’
     These packages need to be imported from (in the NAMESPACE file)
     for when this namespace is loaded but not attached.
Flavors: r-devel-linux-x86_64-debian-clang, r-devel-linux-x86_64-debian-gcc, r-devel-windows-ix86+x86_64, r-patched-linux-x86_64, r-patched-solaris-sparc, r-patched-solaris-x86, r-release-linux-x86_64, r-release-windows-ix86+x86_64, r-release-osx-x86_64, r-oldrel-windows-ix86+x86_64, r-oldrel-osx-x86_64

Version: 0.2
Flags: --no-stop-on-test-error
Check: dependencies in R code
Result: NOTE
    Package in Depends field not imported from: ‘KMsurv’
     These packages need to be imported from (in the NAMESPACE file)
     for when this namespace is loaded but not attached.
Flavors: r-devel-linux-x86_64-fedora-clang, r-devel-linux-x86_64-fedora-gcc