CRAN Package Check Results for Package OIsurv

Last updated on 2017-03-25 06:48:02.

Flavor Version Tinstall Tcheck Ttotal Status Flags
r-devel-linux-x86_64-debian-clang 0.2 2.31 31.84 34.15 NOTE
r-devel-linux-x86_64-debian-gcc 0.2 2.68 31.88 34.56 NOTE
r-devel-linux-x86_64-fedora-clang 0.2 74.89 NOTE --no-stop-on-test-error
r-devel-linux-x86_64-fedora-gcc 0.2 72.82 NOTE --no-stop-on-test-error
r-devel-macos-x86_64-clang 0.2 55.56 NOTE --no-stop-on-test-error
r-devel-windows-ix86+x86_64 0.2 7.00 87.00 94.00 NOTE
r-patched-linux-x86_64 0.2 2.08 26.81 28.89 NOTE
r-patched-solaris-sparc 0.2 424.90 NOTE
r-patched-solaris-x86 0.2 101.70 NOTE
r-release-linux-x86_64 0.2 2.03 26.74 28.76 NOTE
r-release-osx-x86_64-mavericks 0.2 NOTE
r-release-windows-ix86+x86_64 0.2 7.00 56.00 63.00 NOTE
r-oldrel-windows-ix86+x86_64 0.2 7.00 71.00 78.00 NOTE

Check Details

Version: 0.2
Check: dependencies in R code
Result: NOTE
    Package in Depends field not imported from: ‘KMsurv’
     These packages need to be imported from (in the NAMESPACE file)
     for when this namespace is loaded but not attached.
Flavors: r-devel-linux-x86_64-debian-clang, r-devel-linux-x86_64-debian-gcc, r-devel-windows-ix86+x86_64, r-patched-linux-x86_64, r-patched-solaris-sparc, r-patched-solaris-x86, r-release-linux-x86_64, r-release-osx-x86_64-mavericks, r-release-windows-ix86+x86_64, r-oldrel-windows-ix86+x86_64

Version: 0.2
Flags: --no-stop-on-test-error
Check: dependencies in R code
Result: NOTE
    Package in Depends field not imported from: ‘KMsurv’
     These packages need to be imported from (in the NAMESPACE file)
     for when this namespace is loaded but not attached.
Flavors: r-devel-linux-x86_64-fedora-clang, r-devel-linux-x86_64-fedora-gcc, r-devel-macos-x86_64-clang