CRAN Package Check Results for Package OIsurv

Last updated on 2015-09-02 23:47:02.

Flavor Version Tinstall Tcheck Ttotal Status Flags
r-devel-linux-x86_64-debian-clang 0.2 0.51 10.75 11.26 NOTE
r-devel-linux-x86_64-debian-gcc 0.2 0.55 10.61 11.16 NOTE
r-devel-linux-x86_64-fedora-clang 0.2 20.94 NOTE
r-devel-linux-x86_64-fedora-gcc 0.2 20.21 NOTE
r-devel-osx-x86_64-clang 0.2 21.63 NOTE
r-devel-windows-ix86+x86_64 0.2 2.00 24.00 26.00 NOTE
r-patched-linux-x86_64 0.2 0.59 11.38 11.98 NOTE
r-patched-solaris-sparc 0.2 153.50 NOTE
r-patched-solaris-x86 0.2 36.20 NOTE
r-release-linux-x86_64 0.2 0.59 11.70 12.30 NOTE
r-release-osx-x86_64-mavericks 0.2 NOTE
r-release-windows-ix86+x86_64 0.2 2.00 34.00 36.00 NOTE
r-oldrel-windows-ix86+x86_64 0.2 6.00 24.00 30.00 NOTE

Check Details

Version: 0.2
Check: dependencies in R code
Result: NOTE
    Package in Depends field not imported from: ‘KMsurv’
     These packages need to be imported from (in the NAMESPACE file)
     for when this namespace is loaded but not attached.
Flavors: r-devel-linux-x86_64-debian-clang, r-devel-linux-x86_64-debian-gcc, r-devel-linux-x86_64-fedora-clang, r-devel-linux-x86_64-fedora-gcc, r-devel-osx-x86_64-clang, r-devel-windows-ix86+x86_64, r-patched-linux-x86_64, r-patched-solaris-sparc, r-patched-solaris-x86, r-release-linux-x86_64, r-release-osx-x86_64-mavericks, r-release-windows-ix86+x86_64, r-oldrel-windows-ix86+x86_64