CRAN Package Check Results for Package OIsurv

Last updated on 2016-04-29 19:49:54.

Flavor Version Tinstall Tcheck Ttotal Status Flags
r-devel-linux-x86_64-debian-gcc 0.2 2.43 28.76 31.19 NOTE
r-devel-linux-x86_64-fedora-clang 0.2 60.03 NOTE
r-devel-linux-x86_64-fedora-gcc 0.2 59.24 NOTE
r-devel-osx-x86_64-clang 0.2 67.56 NOTE
r-devel-windows-ix86+x86_64 0.2 6.00 61.00 67.00 NOTE
r-patched-linux-x86_64 0.2 2.46 28.49 30.95 NOTE
r-patched-solaris-sparc 0.2 148.00 NOTE
r-patched-solaris-x86 0.2 86.10 NOTE
r-release-linux-x86_64 0.2 2.84 31.91 34.76 NOTE
r-release-osx-x86_64-mavericks 0.2 NOTE
r-release-windows-ix86+x86_64 0.2 6.00 58.00 64.00 NOTE
r-oldrel-windows-ix86+x86_64 0.2 13.00 62.00 75.00 NOTE

Check Details

Version: 0.2
Check: dependencies in R code
Result: NOTE
    Package in Depends field not imported from: ‘KMsurv’
     These packages need to be imported from (in the NAMESPACE file)
     for when this namespace is loaded but not attached.
Flavors: r-devel-linux-x86_64-debian-gcc, r-devel-linux-x86_64-fedora-clang, r-devel-linux-x86_64-fedora-gcc, r-devel-osx-x86_64-clang, r-devel-windows-ix86+x86_64, r-patched-linux-x86_64, r-patched-solaris-sparc, r-patched-solaris-x86, r-release-linux-x86_64, r-release-osx-x86_64-mavericks, r-release-windows-ix86+x86_64, r-oldrel-windows-ix86+x86_64