CRAN Package Check Results for Package OIsurv

Last updated on 2017-02-25 11:48:37.

Flavor Version Tinstall Tcheck Ttotal Status Flags
r-devel-linux-x86_64-debian-clang 0.2 2.21 29.70 31.91 NOTE
r-devel-linux-x86_64-debian-gcc 0.2 2.26 30.24 32.50 NOTE
r-devel-linux-x86_64-fedora-clang 0.2 74.61 NOTE --no-stop-on-test-error
r-devel-linux-x86_64-fedora-gcc 0.2 72.57 NOTE --no-stop-on-test-error
r-devel-macos-x86_64-clang 0.2 55.73 NOTE --no-stop-on-test-error
r-devel-windows-ix86+x86_64 0.2 9.00 72.00 81.00 NOTE
r-patched-linux-x86_64 0.2 2.14 27.02 29.15 NOTE
r-patched-solaris-sparc 0.2 377.90 NOTE
r-patched-solaris-x86 0.2 87.30 NOTE
r-release-linux-x86_64 0.2 2.35 26.28 28.63 NOTE
r-release-osx-x86_64-mavericks 0.2 NOTE
r-release-windows-ix86+x86_64 0.2 7.00 72.00 79.00 NOTE
r-oldrel-windows-ix86+x86_64 0.2 8.00 106.00 114.00 NOTE

Check Details

Version: 0.2
Check: dependencies in R code
Result: NOTE
    Package in Depends field not imported from: ‘KMsurv’
     These packages need to be imported from (in the NAMESPACE file)
     for when this namespace is loaded but not attached.
Flavors: r-devel-linux-x86_64-debian-clang, r-devel-linux-x86_64-debian-gcc, r-devel-windows-ix86+x86_64, r-patched-linux-x86_64, r-patched-solaris-sparc, r-patched-solaris-x86, r-release-linux-x86_64, r-release-osx-x86_64-mavericks, r-release-windows-ix86+x86_64, r-oldrel-windows-ix86+x86_64

Version: 0.2
Flags: --no-stop-on-test-error
Check: dependencies in R code
Result: NOTE
    Package in Depends field not imported from: ‘KMsurv’
     These packages need to be imported from (in the NAMESPACE file)
     for when this namespace is loaded but not attached.
Flavors: r-devel-linux-x86_64-fedora-clang, r-devel-linux-x86_64-fedora-gcc, r-devel-macos-x86_64-clang