CRAN Package Check Results for Package OIsurv

Last updated on 2016-12-06 18:49:35.

Flavor Version Tinstall Tcheck Ttotal Status Flags
r-devel-linux-x86_64-debian-clang 0.2 2.51 28.51 31.02 NOTE
r-devel-linux-x86_64-debian-gcc 0.2 2.20 28.69 30.90 NOTE
r-devel-linux-x86_64-fedora-clang 0.2 78.76 NOTE --no-stop-on-test-error
r-devel-linux-x86_64-fedora-gcc 0.2 70.15 NOTE --no-stop-on-test-error
r-devel-macos-x86_64-clang 0.2 53.90 NOTE
r-devel-windows-ix86+x86_64 0.2 6.00 58.00 64.00 NOTE
r-patched-linux-x86_64 0.2 2.03 25.84 27.87 NOTE
r-patched-solaris-sparc 0.2 371.50 NOTE
r-patched-solaris-x86 0.2 85.20 NOTE
r-release-linux-x86_64 0.2 2.11 26.16 28.27 NOTE
r-release-osx-x86_64-mavericks 0.2 NOTE
r-release-windows-ix86+x86_64 0.2 6.00 75.00 81.00 NOTE
r-oldrel-windows-ix86+x86_64 0.2 8.00 52.00 60.00 NOTE

Check Details

Version: 0.2
Check: dependencies in R code
Result: NOTE
    Package in Depends field not imported from: ‘KMsurv’
     These packages need to be imported from (in the NAMESPACE file)
     for when this namespace is loaded but not attached.
Flavors: r-devel-linux-x86_64-debian-clang, r-devel-linux-x86_64-debian-gcc, r-devel-macos-x86_64-clang, r-devel-windows-ix86+x86_64, r-patched-linux-x86_64, r-patched-solaris-sparc, r-patched-solaris-x86, r-release-linux-x86_64, r-release-osx-x86_64-mavericks, r-release-windows-ix86+x86_64, r-oldrel-windows-ix86+x86_64

Version: 0.2
Flags: --no-stop-on-test-error
Check: dependencies in R code
Result: NOTE
    Package in Depends field not imported from: ‘KMsurv’
     These packages need to be imported from (in the NAMESPACE file)
     for when this namespace is loaded but not attached.
Flavors: r-devel-linux-x86_64-fedora-clang, r-devel-linux-x86_64-fedora-gcc