CRAN Package Check Results for Package OIsurv

Last updated on 2015-03-28 16:47:17.

Flavor Version Tinstall Tcheck Ttotal Status Flags
r-devel-linux-x86_64-debian-clang 0.2 0.76 10.76 11.52 NOTE
r-devel-linux-x86_64-debian-gcc 0.2 0.58 10.40 10.98 NOTE
r-devel-linux-x86_64-fedora-clang 0.2 20.91 NOTE
r-devel-linux-x86_64-fedora-gcc 0.2 19.74 NOTE
r-devel-osx-x86_64-clang 0.2 26.30 NOTE
r-prerel-windows-ix86+x86_64 0.2 3.00 21.00 24.00 NOTE
r-prerel-linux-x86_64 0.2 0.57 10.23 10.80 NOTE
r-prerel-solaris-sparc 0.2 143.40 NOTE
r-prerel-solaris-x86 0.2 32.00 NOTE
r-release-linux-x86_64 0.2 0.69 12.05 12.74 NOTE
r-release-osx-x86_64-mavericks 0.2 NOTE
r-release-osx-x86_64-snowleopard 0.2 NOTE
r-release-windows-ix86+x86_64 0.2 4.00 24.00 28.00 NOTE
r-oldrel-windows-ix86+x86_64 0.2 4.00 22.00 26.00 NOTE

Check Details

Version: 0.2
Check: dependencies in R code
Result: NOTE
    Package in Depends field not imported from: ‘KMsurv’
     These packages need to be imported from (in the NAMESPACE file)
     for when this namespace is loaded but not attached.
Flavors: r-devel-linux-x86_64-debian-clang, r-devel-linux-x86_64-debian-gcc, r-devel-linux-x86_64-fedora-clang, r-devel-linux-x86_64-fedora-gcc, r-devel-osx-x86_64-clang, r-prerel-windows-ix86+x86_64, r-prerel-linux-x86_64, r-prerel-solaris-sparc, r-prerel-solaris-x86, r-release-linux-x86_64, r-release-windows-ix86+x86_64

Version: 0.2
Check: dependencies in R code
Result: NOTE
    Package in Depends field not imported from: ‘KMsurv’
     These packages need to be imported from (in the NAMESPACE file)
     for when this namespace is loaded but not attached.
    See the information on DESCRIPTION files in the chapter ‘Creating R
    packages’ of the ‘Writing R Extensions’ manual.
Flavors: r-release-osx-x86_64-mavericks, r-oldrel-windows-ix86+x86_64

Version: 0.2
Check: dependencies in R code
Result: NOTE
    Package in Depends field not imported from: 'KMsurv'
     These packages need to be imported from for the case when
     this namespace is loaded but not attached.
    See the information on DESCRIPTION files in the chapter 'Creating R
    packages' of the 'Writing R Extensions' manual.
Flavor: r-release-osx-x86_64-snowleopard