CRAN Package Check Results for Package OIsurv

Last updated on 2016-02-09 18:49:19.

Flavor Version Tinstall Tcheck Ttotal Status Flags
r-devel-linux-x86_64-debian-gcc 0.2 0.58 9.86 10.44 NOTE
r-devel-linux-x86_64-fedora-clang 0.2 19.99 NOTE
r-devel-linux-x86_64-fedora-gcc 0.2 17.99 NOTE
r-devel-osx-x86_64-clang 0.2 22.31 NOTE
r-devel-windows-ix86+x86_64 0.2 4.00 23.00 27.00 NOTE
r-patched-linux-x86_64 0.2 0.64 10.97 11.60 NOTE
r-patched-solaris-sparc 0.2 132.40 NOTE
r-patched-solaris-x86 0.2 30.00 NOTE
r-release-linux-x86_64 0.2 0.62 10.96 11.58 NOTE
r-release-osx-x86_64-mavericks 0.2 NOTE
r-release-windows-ix86+x86_64 0.2 2.00 22.00 24.00 NOTE
r-oldrel-windows-ix86+x86_64 0.2 6.00 24.00 30.00 NOTE

Check Details

Version: 0.2
Check: dependencies in R code
Result: NOTE
    Package in Depends field not imported from: ‘KMsurv’
     These packages need to be imported from (in the NAMESPACE file)
     for when this namespace is loaded but not attached.
Flavors: r-devel-linux-x86_64-debian-gcc, r-devel-linux-x86_64-fedora-clang, r-devel-linux-x86_64-fedora-gcc, r-devel-osx-x86_64-clang, r-devel-windows-ix86+x86_64, r-patched-linux-x86_64, r-patched-solaris-sparc, r-patched-solaris-x86, r-release-linux-x86_64, r-release-osx-x86_64-mavericks, r-release-windows-ix86+x86_64, r-oldrel-windows-ix86+x86_64