CRAN Package Check Results for Package OIsurv

Last updated on 2017-01-17 23:49:27.

Flavor Version Tinstall Tcheck Ttotal Status Flags
r-devel-linux-x86_64-debian-clang 0.2 2.29 29.07 31.36 NOTE
r-devel-linux-x86_64-debian-gcc 0.2 2.21 28.41 30.62 NOTE
r-devel-linux-x86_64-fedora-clang 0.2 71.33 NOTE --no-stop-on-test-error
r-devel-linux-x86_64-fedora-gcc 0.2 70.26 NOTE --no-stop-on-test-error
r-devel-macos-x86_64-clang 0.2 52.93 NOTE --no-stop-on-test-error
r-devel-windows-ix86+x86_64 0.2 8.00 56.00 64.00 NOTE
r-patched-linux-x86_64 0.2 2.30 26.15 28.44 NOTE
r-patched-solaris-sparc 0.2 377.90 NOTE
r-patched-solaris-x86 0.2 84.60 NOTE
r-release-linux-x86_64 0.2 2.11 26.11 28.22 NOTE
r-release-osx-x86_64-mavericks 0.2 NOTE
r-release-windows-ix86+x86_64 0.2 6.00 69.00 75.00 NOTE
r-oldrel-windows-ix86+x86_64 0.2 6.00 68.00 74.00 NOTE

Check Details

Version: 0.2
Check: dependencies in R code
Result: NOTE
    Package in Depends field not imported from: ‘KMsurv’
     These packages need to be imported from (in the NAMESPACE file)
     for when this namespace is loaded but not attached.
Flavors: r-devel-linux-x86_64-debian-clang, r-devel-linux-x86_64-debian-gcc, r-devel-windows-ix86+x86_64, r-patched-linux-x86_64, r-patched-solaris-sparc, r-patched-solaris-x86, r-release-linux-x86_64, r-release-osx-x86_64-mavericks, r-release-windows-ix86+x86_64, r-oldrel-windows-ix86+x86_64

Version: 0.2
Flags: --no-stop-on-test-error
Check: dependencies in R code
Result: NOTE
    Package in Depends field not imported from: ‘KMsurv’
     These packages need to be imported from (in the NAMESPACE file)
     for when this namespace is loaded but not attached.
Flavors: r-devel-linux-x86_64-fedora-clang, r-devel-linux-x86_64-fedora-gcc, r-devel-macos-x86_64-clang