CRAN Package Check Results for Package OIsurv

Last updated on 2016-08-26 17:49:16.

Flavor Version Tinstall Tcheck Ttotal Status Flags
r-devel-linux-x86_64-debian-clang 0.2 2.72 29.38 32.10 NOTE
r-devel-linux-x86_64-debian-gcc 0.2 3.24 36.99 40.22 NOTE
r-devel-linux-x86_64-fedora-clang 0.2 64.41 NOTE
r-devel-linux-x86_64-fedora-gcc 0.2 61.38 NOTE
r-devel-osx-x86_64-clang 0.2 52.72 NOTE
r-devel-windows-ix86+x86_64 0.2 8.00 54.00 62.00 NOTE
r-patched-linux-x86_64 0.2 2.60 29.08 31.67 NOTE
r-patched-solaris-sparc 0.2 371.50 NOTE
r-patched-solaris-x86 0.2 84.50 NOTE
r-release-linux-x86_64 0.2 2.50 29.54 32.04 NOTE
r-release-osx-x86_64-mavericks 0.2 NOTE
r-release-windows-ix86+x86_64 0.2 9.00 58.00 67.00 NOTE
r-oldrel-windows-ix86+x86_64 0.2 7.00 73.00 80.00 NOTE

Check Details

Version: 0.2
Check: dependencies in R code
Result: NOTE
    Package in Depends field not imported from: ‘KMsurv’
     These packages need to be imported from (in the NAMESPACE file)
     for when this namespace is loaded but not attached.
Flavors: r-devel-linux-x86_64-debian-clang, r-devel-linux-x86_64-debian-gcc, r-devel-linux-x86_64-fedora-clang, r-devel-linux-x86_64-fedora-gcc, r-devel-osx-x86_64-clang, r-devel-windows-ix86+x86_64, r-patched-linux-x86_64, r-patched-solaris-sparc, r-patched-solaris-x86, r-release-linux-x86_64, r-release-osx-x86_64-mavericks, r-release-windows-ix86+x86_64, r-oldrel-windows-ix86+x86_64