CRAN Package Check Results for Package OIsurv

Last updated on 2017-06-26 10:47:20.

Flavor Version Tinstall Tcheck Ttotal Status Flags
r-devel-linux-x86_64-debian-clang 0.2 2.28 29.66 31.94 NOTE
r-devel-linux-x86_64-debian-gcc 0.2 2.22 30.67 32.89 NOTE
r-devel-linux-x86_64-fedora-clang 0.2 74.26 NOTE
r-devel-linux-x86_64-fedora-gcc 0.2 71.97 NOTE
r-devel-windows-ix86+x86_64 0.2 9.00 77.00 86.00 NOTE
r-patched-linux-x86_64 0.2 2.64 30.45 33.08 NOTE
r-patched-solaris-sparc 0.2 424.90 NOTE
r-patched-solaris-x86 0.2 102.90 NOTE
r-release-linux-x86_64 0.2 2.36 29.83 32.19 NOTE
r-release-windows-ix86+x86_64 0.2 9.00 77.00 86.00 NOTE
r-release-osx-x86_64 0.2 NOTE
r-oldrel-windows-ix86+x86_64 0.2 7.00 68.00 75.00 NOTE
r-oldrel-osx-x86_64 0.2 NOTE

Check Details

Version: 0.2
Check: dependencies in R code
Result: NOTE
    Package in Depends field not imported from: ‘KMsurv’
     These packages need to be imported from (in the NAMESPACE file)
     for when this namespace is loaded but not attached.
Flavors: r-devel-linux-x86_64-debian-clang, r-devel-linux-x86_64-debian-gcc, r-devel-linux-x86_64-fedora-clang, r-devel-linux-x86_64-fedora-gcc, r-devel-windows-ix86+x86_64, r-patched-linux-x86_64, r-patched-solaris-sparc, r-patched-solaris-x86, r-release-linux-x86_64, r-release-windows-ix86+x86_64, r-release-osx-x86_64, r-oldrel-windows-ix86+x86_64, r-oldrel-osx-x86_64