CRAN Package Check Results for Package OIsurv

Last updated on 2018-01-17 05:48:59 CET.

Flavor Version Tinstall Tcheck Ttotal Status Flags
r-devel-linux-x86_64-debian-clang 0.2 3.51 44.56 48.07 NOTE
r-devel-linux-x86_64-debian-gcc 0.2 2.41 35.82 38.23 NOTE
r-devel-linux-x86_64-fedora-clang 0.2 53.67 NOTE
r-devel-linux-x86_64-fedora-gcc 0.2 60.46 NOTE
r-devel-windows-ix86+x86_64 0.2 8.00 52.00 60.00 NOTE
r-patched-linux-x86_64 0.2 3.23 47.71 50.94 NOTE
r-patched-solaris-x86 0.2 112.80 NOTE
r-release-linux-x86_64 0.2 3.52 46.94 50.46 NOTE
r-release-windows-ix86+x86_64 0.2 9.00 75.00 84.00 NOTE
r-release-osx-x86_64 0.2 NOTE
r-oldrel-windows-ix86+x86_64 0.2 8.00 68.00 76.00 NOTE
r-oldrel-osx-x86_64 0.2 NOTE

Check Details

Version: 0.2
Check: dependencies in R code
Result: NOTE
    Package in Depends field not imported from: ‘KMsurv’
     These packages need to be imported from (in the NAMESPACE file)
     for when this namespace is loaded but not attached.
Flavors: r-devel-linux-x86_64-debian-clang, r-devel-linux-x86_64-debian-gcc, r-devel-linux-x86_64-fedora-clang, r-devel-linux-x86_64-fedora-gcc, r-devel-windows-ix86+x86_64, r-patched-linux-x86_64, r-patched-solaris-x86, r-release-linux-x86_64, r-release-windows-ix86+x86_64, r-release-osx-x86_64, r-oldrel-windows-ix86+x86_64, r-oldrel-osx-x86_64