CRAN Package Check Results for Package OIsurv

Last updated on 2016-09-28 19:48:25.

Flavor Version Tinstall Tcheck Ttotal Status Flags
r-devel-linux-x86_64-debian-clang 0.2 2.21 25.63 27.84 NOTE
r-devel-linux-x86_64-debian-gcc 0.2 1.97 25.06 27.04 NOTE
r-devel-linux-x86_64-fedora-clang 0.2 61.51 NOTE
r-devel-linux-x86_64-fedora-gcc 0.2 58.85 NOTE
r-devel-macos-x86_64-clang 0.2 46.38 NOTE
r-devel-windows-ix86+x86_64 0.2 10.00 69.00 79.00 NOTE
r-patched-linux-x86_64 0.2 2.38 26.85 29.23 NOTE
r-patched-solaris-sparc 0.2 371.50 NOTE
r-patched-solaris-x86 0.2 83.60 NOTE
r-release-linux-x86_64 0.2 2.07 26.78 28.85 NOTE
r-release-osx-x86_64-mavericks 0.2 NOTE
r-release-windows-ix86+x86_64 0.2 8.00 51.00 59.00 NOTE
r-oldrel-windows-ix86+x86_64 0.2 7.00 49.00 56.00 NOTE

Check Details

Version: 0.2
Check: dependencies in R code
Result: NOTE
    Package in Depends field not imported from: ‘KMsurv’
     These packages need to be imported from (in the NAMESPACE file)
     for when this namespace is loaded but not attached.
Flavors: r-devel-linux-x86_64-debian-clang, r-devel-linux-x86_64-debian-gcc, r-devel-linux-x86_64-fedora-clang, r-devel-linux-x86_64-fedora-gcc, r-devel-macos-x86_64-clang, r-devel-windows-ix86+x86_64, r-patched-linux-x86_64, r-patched-solaris-sparc, r-patched-solaris-x86, r-release-linux-x86_64, r-release-osx-x86_64-mavericks, r-release-windows-ix86+x86_64, r-oldrel-windows-ix86+x86_64