CRAN Package Check Results for Package OIsurv

Last updated on 2014-07-24 17:49:05.

Flavor Version Tinstall Tcheck Ttotal Status Flags
r-devel-linux-x86_64-debian-clang 0.2 0.60 11.62 12.22 NOTE
r-devel-linux-x86_64-debian-gcc 0.2 0.60 11.60 12.21 NOTE
r-devel-linux-x86_64-fedora-clang 0.2 25.94 NOTE
r-devel-linux-x86_64-fedora-gcc 0.2 24.05 NOTE
r-devel-osx-x86_64-clang 0.2 28.03 NOTE
r-devel-windows-ix86+x86_64 0.2 3.00 23.00 26.00 NOTE
r-patched-linux-x86_64 0.2 0.64 11.74 12.38 NOTE
r-patched-solaris-sparc 0.2 145.20 NOTE
r-patched-solaris-x86 0.2 36.40 NOTE
r-release-linux-ix86 0.2 0.98 18.55 19.53 NOTE
r-release-linux-x86_64 0.2 0.71 12.05 12.76 NOTE
r-release-osx-x86_64-mavericks 0.2 NOTE
r-release-osx-x86_64-snowleopard 0.2 NOTE
r-release-windows-ix86+x86_64 0.2 4.00 23.00 27.00 NOTE
r-oldrel-windows-ix86+x86_64 0.2 3.00 26.00 29.00 NOTE

Check Details

Version: 0.2
Check: dependencies in R code
Result: NOTE
    Package in Depends field not imported from: ‘KMsurv’
     These packages need to be imported from (in the NAMESPACE file)
     for when this namespace is loaded but not attached.
    See the information on DESCRIPTION files in the chapter ‘Creating R
    packages’ of the ‘Writing R Extensions’ manual.
Flavors: r-devel-linux-x86_64-debian-clang, r-devel-linux-x86_64-debian-gcc, r-devel-linux-x86_64-fedora-clang, r-devel-linux-x86_64-fedora-gcc, r-devel-osx-x86_64-clang, r-devel-windows-ix86+x86_64, r-patched-linux-x86_64, r-patched-solaris-sparc, r-patched-solaris-x86, r-release-linux-ix86, r-release-linux-x86_64, r-release-osx-x86_64-mavericks, r-release-windows-ix86+x86_64, r-oldrel-windows-ix86+x86_64

Version: 0.2
Check: dependencies in R code
Result: NOTE
    Package in Depends field not imported from: 'KMsurv'
     These packages need to be imported from for the case when
     this namespace is loaded but not attached.
    See the information on DESCRIPTION files in the chapter 'Creating R
    packages' of the 'Writing R Extensions' manual.
Flavor: r-release-osx-x86_64-snowleopard