CRAN Package Check Results for Package OIsurv

Last updated on 2015-07-30 09:47:35.

Flavor Version Tinstall Tcheck Ttotal Status Flags
r-devel-linux-x86_64-debian-clang 0.2 0.55 11.14 11.68 NOTE
r-devel-linux-x86_64-debian-gcc 0.2 0.60 10.81 11.40 NOTE
r-devel-linux-x86_64-fedora-clang 0.2 22.51 NOTE
r-devel-linux-x86_64-fedora-gcc 0.2 20.56 NOTE
r-devel-osx-x86_64-clang 0.2 23.43 NOTE
r-devel-windows-ix86+x86_64 0.2 2.00 22.00 24.00 NOTE
r-patched-linux-x86_64 0.2 0.58 11.15 11.73 NOTE
r-patched-solaris-sparc 0.2 153.50 NOTE
r-patched-solaris-x86 0.2 34.90 NOTE
r-release-linux-x86_64 0.2 0.58 11.24 11.82 NOTE
r-release-osx-x86_64-mavericks 0.2 NOTE
r-release-windows-ix86+x86_64 0.2 5.00 20.00 25.00 NOTE
r-oldrel-windows-ix86+x86_64 0.2 6.00 24.00 30.00 NOTE

Check Details

Version: 0.2
Check: dependencies in R code
Result: NOTE
    Package in Depends field not imported from: ‘KMsurv’
     These packages need to be imported from (in the NAMESPACE file)
     for when this namespace is loaded but not attached.
Flavors: r-devel-linux-x86_64-debian-clang, r-devel-linux-x86_64-debian-gcc, r-devel-linux-x86_64-fedora-clang, r-devel-linux-x86_64-fedora-gcc, r-devel-osx-x86_64-clang, r-devel-windows-ix86+x86_64, r-patched-linux-x86_64, r-patched-solaris-sparc, r-patched-solaris-x86, r-release-linux-x86_64, r-release-osx-x86_64-mavericks, r-release-windows-ix86+x86_64, r-oldrel-windows-ix86+x86_64