CRAN Package Check Results for Package OLScurve

Last updated on 2014-04-25 09:52:19.

Flavor Version Tinstall Tcheck Ttotal Status Flags
r-devel-linux-x86_64-debian-clang 0.2.0 1.00 16.01 17.01 OK
r-devel-linux-x86_64-debian-gcc 0.2.0 1.14 15.86 17.00 OK
r-devel-linux-x86_64-fedora-clang 0.2.0 35.03 OK
r-devel-linux-x86_64-fedora-gcc 0.2.0 32.92 OK
r-devel-osx-x86_64-clang 0.2.0 34.49 OK
r-devel-osx-x86_64-gcc 0.2.0 NOTE
r-devel-windows-ix86+x86_64 0.2.0 3.00 22.00 25.00 OK
r-patched-linux-x86_64 0.2.0 1.14 15.84 16.98 OK
r-patched-solaris-sparc 0.2.0 184.40 OK
r-patched-solaris-x86 0.2.0 46.70 OK
r-release-linux-ix86 0.2.0 2.00 31.00 33.00 OK
r-release-linux-x86_64 0.2.0 1.07 15.88 16.94 OK
r-release-osx-x86_64-mavericks 0.2.0 OK
r-release-osx-x86_64-snowleopard 0.2.0 OK
r-release-windows-ix86+x86_64 0.2.0 3.00 27.00 30.00 OK
r-oldrel-windows-ix86+x86_64 0.2.0 3.00 26.00 29.00 OK

Check Details

Version: 0.2.0
Check: package dependencies
Result: NOTE
    Packages suggested but not available for checking: ‘knitr’ ‘lavaan’
Flavor: r-devel-osx-x86_64-gcc