CRAN Package Check Results for Package OLScurve

Last updated on 2015-07-06 03:47:53.

Flavor Version Tinstall Tcheck Ttotal Status Flags
r-devel-linux-x86_64-debian-clang 0.2.0 0.81 13.85 14.66 NOTE
r-devel-linux-x86_64-debian-gcc 0.2.0 0.81 13.72 14.53 NOTE
r-devel-linux-x86_64-fedora-clang 0.2.0 28.59 NOTE
r-devel-linux-x86_64-fedora-gcc 0.2.0 26.77 NOTE
r-devel-osx-x86_64-clang 0.2.0 27.45 OK
r-devel-windows-ix86+x86_64 0.2.0 6.00 25.00 31.00 NOTE
r-patched-linux-x86_64 0.2.0 0.86 14.24 15.10 OK
r-patched-solaris-sparc 0.2.0 179.90 OK
r-patched-solaris-x86 0.2.0 41.30 OK
r-release-linux-x86_64 0.2.0 0.84 14.71 15.55 OK
r-release-osx-x86_64-mavericks 0.2.0 OK
r-release-windows-ix86+x86_64 0.2.0 4.00 25.00 29.00 OK
r-oldrel-windows-ix86+x86_64 0.2.0 5.00 27.00 32.00 OK

Check Details

Version: 0.2.0
Check: R code for possible problems
Result: NOTE
    OLScurve: no visible global function definition for ‘as.formula’
    OLScurve: no visible global function definition for ‘na.omit’
    OLScurve: no visible global function definition for ‘lm’
    OLScurve: no visible global function definition for ‘predict’
    OLScurve: no visible global function definition for ‘residuals’
    OLScurve: no visible global function definition for ‘model.frame’
    OLScurve: no visible global function definition for ‘model.matrix’
    plot.OLScurve : plotOLScurve: no visible global function definition for
     ‘reshape’
    print.OLScurve: no visible global function definition for ‘na.omit’
    print.OLScurve: no visible global function definition for ‘model.frame’
    print.OLScurve: no visible global function definition for
     ‘model.matrix’
    print.OLScurve: no visible global function definition for ‘cov’
    print.OLScurve: no visible global function definition for ‘cor’
    print.OLScurve: no visible global function definition for ‘sd’
    subjplot.OLScurve : plotOLScurve: no visible global function definition
     for ‘devAskNewPage’
    subjplot.OLScurve : plotOLScurve: no visible global function definition
     for ‘reshape’
    subjplot.OLScurve : plotOLScurve : mypanel: no visible global function
     definition for ‘gray’
    subjplot.OLScurve: no visible global function definition for
     ‘devAskNewPage’
    Undefined global functions or variables:
     as.formula cor cov devAskNewPage gray lm model.frame model.matrix
     na.omit predict reshape residuals sd
Flavors: r-devel-linux-x86_64-debian-clang, r-devel-linux-x86_64-debian-gcc, r-devel-linux-x86_64-fedora-clang, r-devel-linux-x86_64-fedora-gcc, r-devel-windows-ix86+x86_64