CRAN Package Check Results for Package OLScurve

Last updated on 2015-09-04 23:56:19.

Flavor Version Tinstall Tcheck Ttotal Status Flags
r-devel-linux-x86_64-debian-clang 0.2.0 1.12 13.90 15.02 NOTE
r-devel-linux-x86_64-debian-gcc 0.2.0 0.79 13.96 14.74 NOTE
r-devel-linux-x86_64-fedora-clang 0.2.0 28.01 NOTE
r-devel-linux-x86_64-fedora-gcc 0.2.0 27.71 NOTE
r-devel-osx-x86_64-clang 0.2.0 25.87 OK
r-devel-windows-ix86+x86_64 0.2.0 3.00 28.00 31.00 NOTE
r-patched-linux-x86_64 0.2.0 0.91 14.10 15.01 OK
r-patched-solaris-sparc 0.2.0 183.50 OK
r-patched-solaris-x86 0.2.0 40.80 OK
r-release-linux-x86_64 0.2.0 0.85 14.18 15.03 OK
r-release-osx-x86_64-mavericks 0.2.0 OK
r-release-windows-ix86+x86_64 0.2.0 5.00 25.00 30.00 OK
r-oldrel-windows-ix86+x86_64 0.2.0 6.00 24.00 30.00 OK

Check Details

Version: 0.2.0
Check: R code for possible problems
Result: NOTE
    OLScurve: no visible global function definition for ‘as.formula’
    OLScurve: no visible global function definition for ‘na.omit’
    OLScurve: no visible global function definition for ‘lm’
    OLScurve: no visible global function definition for ‘predict’
    OLScurve: no visible global function definition for ‘residuals’
    OLScurve: no visible global function definition for ‘model.frame’
    OLScurve: no visible global function definition for ‘model.matrix’
    plot.OLScurve : plotOLScurve: no visible global function definition for
     ‘reshape’
    print.OLScurve: no visible global function definition for ‘na.omit’
    print.OLScurve: no visible global function definition for ‘model.frame’
    print.OLScurve: no visible global function definition for
     ‘model.matrix’
    print.OLScurve: no visible global function definition for ‘cov’
    print.OLScurve: no visible global function definition for ‘cor’
    print.OLScurve: no visible global function definition for ‘sd’
    subjplot.OLScurve : plotOLScurve: no visible global function definition
     for ‘devAskNewPage’
    subjplot.OLScurve : plotOLScurve: no visible global function definition
     for ‘reshape’
    subjplot.OLScurve : plotOLScurve : mypanel: no visible global function
     definition for ‘gray’
    subjplot.OLScurve: no visible global function definition for
     ‘devAskNewPage’
    Undefined global functions or variables:
     as.formula cor cov devAskNewPage gray lm model.frame model.matrix
     na.omit predict reshape residuals sd
    Consider adding
     importFrom("grDevices", "devAskNewPage", "gray")
     importFrom("stats", "as.formula", "cor", "cov", "lm", "model.frame",
     "model.matrix", "na.omit", "predict", "reshape",
     "residuals", "sd")
    to your NAMESPACE.
Flavors: r-devel-linux-x86_64-debian-clang, r-devel-linux-x86_64-debian-gcc, r-devel-linux-x86_64-fedora-clang, r-devel-linux-x86_64-fedora-gcc, r-devel-windows-ix86+x86_64