CRAN Package Check Results for Package OLScurve

Last updated on 2015-05-30 13:47:28.

Flavor Version Tinstall Tcheck Ttotal Status Flags
r-devel-linux-x86_64-debian-clang 0.2.0 0.94 14.82 15.77 OK
r-devel-linux-x86_64-debian-gcc 0.2.0 0.84 13.80 14.63 OK
r-devel-linux-x86_64-fedora-clang 0.2.0 31.40 OK
r-devel-linux-x86_64-fedora-gcc 0.2.0 29.35 OK
r-devel-osx-x86_64-clang 0.2.0 31.31 OK
r-devel-windows-ix86+x86_64 0.2.0 3.00 25.00 28.00 OK
r-patched-linux-x86_64 0.2.0 0.90 14.15 15.06 OK
r-patched-solaris-sparc 0.2.0 179.90 OK
r-patched-solaris-x86 0.2.0 40.30 OK
r-release-linux-x86_64 0.2.0 1.25 14.66 15.91 OK
r-release-osx-x86_64-mavericks 0.2.0 OK
r-release-osx-x86_64-snowleopard 0.2.0 NOTE
r-release-windows-ix86+x86_64 0.2.0 3.00 24.00 27.00 OK
r-oldrel-windows-ix86+x86_64 0.2.0 4.00 30.00 34.00 OK

Check Details

Version: 0.2.0
Check: package dependencies
Result: NOTE
    Package suggested but not available for checking: ‘knitr’
Flavor: r-release-osx-x86_64-snowleopard