CRAN Package Check Results for Package OPDOE

Last updated on 2015-05-30 19:47:26.

Flavor Version Tinstall Tcheck Ttotal Status Flags
r-devel-linux-x86_64-debian-clang 1.0-9 1.37 27.87 29.24 NOTE
r-devel-linux-x86_64-debian-gcc 1.0-9 1.10 27.48 28.58 NOTE
r-devel-linux-x86_64-fedora-clang 1.0-9 56.85 NOTE
r-devel-linux-x86_64-fedora-gcc 1.0-9 53.40 NOTE
r-devel-osx-x86_64-clang 1.0-9 53.08 NOTE
r-devel-windows-ix86+x86_64 1.0-9 4.00 41.00 45.00 NOTE
r-patched-linux-x86_64 1.0-9 1.52 27.73 29.25 NOTE
r-patched-solaris-sparc 1.0-9 341.90 NOTE
r-patched-solaris-x86 1.0-9 71.20 NOTE
r-release-linux-x86_64 1.0-9 1.12 28.56 29.68 NOTE
r-release-osx-x86_64-mavericks 1.0-9 NOTE
r-release-osx-x86_64-snowleopard 1.0-9 NOTE
r-release-windows-ix86+x86_64 1.0-9 4.00 39.00 43.00 NOTE
r-oldrel-windows-ix86+x86_64 1.0-9 7.00 50.00 57.00 OK

Check Details

Version: 1.0-9
Check: DESCRIPTION meta-information
Result: NOTE
    Malformed Description field: should contain one or more complete sentences.
Flavors: r-devel-linux-x86_64-debian-clang, r-devel-linux-x86_64-debian-gcc, r-devel-linux-x86_64-fedora-clang, r-devel-linux-x86_64-fedora-gcc, r-devel-osx-x86_64-clang, r-devel-windows-ix86+x86_64, r-patched-linux-x86_64, r-patched-solaris-sparc, r-patched-solaris-x86, r-release-linux-x86_64, r-release-osx-x86_64-mavericks, r-release-osx-x86_64-snowleopard, r-release-windows-ix86+x86_64

Version: 1.0-9
Check: S3 generic/method consistency
Result: NOTE
    Found the following apparent S3 methods exported but not registered:
     plot.triangular.test print.bibd print.design.regression
     print.triangular.test update.triangular.test
     update.triangular.test.norm update.triangular.test.prop
    See section ‘Registering S3 methods’ in the ‘Writing R Extensions’
    manual.
Flavors: r-devel-linux-x86_64-debian-clang, r-devel-linux-x86_64-debian-gcc, r-devel-linux-x86_64-fedora-clang, r-devel-linux-x86_64-fedora-gcc, r-devel-osx-x86_64-clang, r-patched-linux-x86_64, r-patched-solaris-sparc, r-patched-solaris-x86, r-release-linux-x86_64