CRAN Package Check Results for Package OPDOE

Last updated on 2015-04-02 08:49:36.

Flavor Version Tinstall Tcheck Ttotal Status Flags
r-devel-linux-x86_64-debian-clang 1.0-9 1.16 27.86 29.02 NOTE
r-devel-linux-x86_64-debian-gcc 1.0-9 1.15 27.99 29.14 NOTE
r-devel-linux-x86_64-fedora-clang 1.0-9 54.98 NOTE
r-devel-linux-x86_64-fedora-gcc 1.0-9 51.90 NOTE
r-devel-osx-x86_64-clang 1.0-9 58.23 NOTE
r-prerel-windows-ix86+x86_64 1.0-9 6.00 41.00 47.00 NOTE
r-prerel-linux-x86_64 1.0-9 1.10 27.52 28.62 NOTE
r-prerel-solaris-sparc 1.0-9 351.10 NOTE
r-prerel-solaris-x86 1.0-9 69.90 NOTE
r-release-linux-x86_64 1.0-9 1.52 33.42 34.94 OK
r-release-osx-x86_64-mavericks 1.0-9 OK
r-release-osx-x86_64-snowleopard 1.0-9 OK
r-release-windows-ix86+x86_64 1.0-9 7.00 52.00 59.00 OK
r-oldrel-windows-ix86+x86_64 1.0-9 6.00 55.00 61.00 OK

Check Details

Version: 1.0-9
Check: DESCRIPTION meta-information
Result: NOTE
    Malformed Description field: should contain one or more complete sentences.
Flavors: r-devel-linux-x86_64-debian-clang, r-devel-linux-x86_64-debian-gcc, r-devel-linux-x86_64-fedora-clang, r-devel-linux-x86_64-fedora-gcc, r-devel-osx-x86_64-clang, r-prerel-windows-ix86+x86_64, r-prerel-linux-x86_64, r-prerel-solaris-sparc, r-prerel-solaris-x86

Version: 1.0-9
Check: S3 generic/method consistency
Result: NOTE
    Found the following apparent S3 methods exported but not registered:
     plot.triangular.test print.bibd print.design.regression
     print.triangular.test update.triangular.test
     update.triangular.test.norm update.triangular.test.prop
    See section ‘Registering S3 methods’ in the ‘Writing R Extensions’
    manual.
Flavors: r-devel-linux-x86_64-debian-clang, r-devel-linux-x86_64-debian-gcc, r-devel-linux-x86_64-fedora-clang, r-devel-linux-x86_64-fedora-gcc, r-devel-osx-x86_64-clang, r-prerel-linux-x86_64