CRAN Package Check Results for Package OPDOE

Last updated on 2015-07-01 21:46:42.

Flavor Version Tinstall Tcheck Ttotal Status Flags
r-devel-linux-x86_64-debian-clang 1.0-9 1.09 27.45 28.54 NOTE
r-devel-linux-x86_64-debian-gcc 1.0-9 1.08 27.22 28.30 NOTE
r-devel-linux-x86_64-fedora-clang 1.0-9 55.29 NOTE
r-devel-linux-x86_64-fedora-gcc 1.0-9 52.15 NOTE
r-devel-osx-x86_64-clang 1.0-9 51.89 NOTE
r-devel-windows-ix86+x86_64 1.0-9 5.00 43.00 48.00 NOTE
r-patched-linux-x86_64 1.0-9 1.22 28.23 29.45 NOTE
r-patched-solaris-sparc 1.0-9 341.90 NOTE
r-patched-solaris-x86 1.0-9 70.10 NOTE
r-release-linux-x86_64 1.0-9 1.13 27.90 29.03 NOTE
r-release-osx-x86_64-mavericks 1.0-9 NOTE
r-release-windows-ix86+x86_64 1.0-9 4.00 45.00 49.00 NOTE
r-oldrel-windows-ix86+x86_64 1.0-9 7.00 53.00 60.00 OK

Check Details

Version: 1.0-9
Check: DESCRIPTION meta-information
Result: NOTE
    Malformed Description field: should contain one or more complete sentences.
Flavors: r-devel-linux-x86_64-debian-clang, r-devel-linux-x86_64-debian-gcc, r-devel-linux-x86_64-fedora-clang, r-devel-linux-x86_64-fedora-gcc, r-devel-osx-x86_64-clang, r-devel-windows-ix86+x86_64, r-patched-linux-x86_64, r-patched-solaris-sparc, r-patched-solaris-x86, r-release-linux-x86_64, r-release-osx-x86_64-mavericks, r-release-windows-ix86+x86_64

Version: 1.0-9
Check: S3 generic/method consistency
Result: NOTE
    Found the following apparent S3 methods exported but not registered:
     plot.triangular.test print.bibd print.design.regression
     print.triangular.test update.triangular.test
     update.triangular.test.norm update.triangular.test.prop
    See section ‘Registering S3 methods’ in the ‘Writing R Extensions’
    manual.
Flavors: r-devel-linux-x86_64-debian-clang, r-devel-linux-x86_64-debian-gcc, r-devel-linux-x86_64-fedora-clang, r-devel-linux-x86_64-fedora-gcc, r-devel-osx-x86_64-clang, r-patched-linux-x86_64, r-patched-solaris-sparc, r-patched-solaris-x86, r-release-linux-x86_64

Version: 1.0-9
Check: R code for possible problems
Result: NOTE
    Beta: no visible global function definition for ‘qf’
    Beta: no visible global function definition for ‘pf’
    Confint.mean.two_stage: no visible global function definition for ‘sd’
    Confint.mean.two_stage: no visible global function definition for ‘qt’
    add_size.mean.two_stage: no visible global function definition for ‘sd’
    add_size.mean.two_stage: no visible global function definition for ‘qt’
    bibd.method1: no visible global function definition for ‘combn’
    delta.t.test: no visible global function definition for ‘power.t.test’
    design.regression.polynom: no visible global function definition for
     ‘deriv’
    hadamard.table: Error while checking: invalid ‘envir’ argument
    ncp: no visible global function definition for ‘pf’
    ncp: no visible global function definition for ‘qf’
    plot.triangular.test: no visible global function definition for ‘plot’
    plot.triangular.test: no visible global function definition for
     ‘polygon’
    plot.triangular.test: no visible global function definition for ‘text’
    plot.triangular.test: no visible global function definition for ‘lines’
    plot.triangular.test: no visible global function definition for
     ‘points’
    seqadd.confint: no visible global function definition for ‘sd’
    seqadd.confint: no visible global function definition for ‘qt’
    seqadd.confint: no visible global function definition for ‘uniroot’
    seqadd.normal: no visible global function definition for ‘sd’
    seqadd.normal: no visible global function definition for ‘qt’
    sequential.test.select_mean: no visible global function definition for
     ‘var’
    size.comparing.variances : g: no visible global function definition for
     ‘qf’
    size.comparing.variances: no visible global function definition for
     ‘uniroot’
    size.comparing_probs.mcnemar: no visible global function definition for
     ‘qnorm’
    size.multiple_t.test: no visible global function definition for
     ‘power.t.test’
    size.prop.confint: no visible global function definition for ‘qnorm’
    size.prop.test: no visible global function definition for ‘qnorm’
    size.prop_test.two_sample: no visible global function definition for
     ‘power.prop.test’
    size.prop_test.two_sample: no visible global function definition for
     ‘pnorm’
    size.prop_test.two_sample: no visible global function definition for
     ‘qnorm’
    size.selection.bechhofer: no visible global function definition for
     ‘uniroot’
    size.seq_select.mean: no visible global function definition for ‘var’
    size.t.test: no visible global function definition for ‘power.t.test’
    size.variance.confint : c1: no visible global function definition for
     ‘qchisq’
    size.variance.confint : c2: no visible global function definition for
     ‘qchisq’
    size.variance.confint: no visible global function definition for
     ‘uniroot’
    size_n.regII.ci_b1: no visible global function definition for ‘qt’
    size_n.regII.ci_exp: no visible global function definition for ‘qt’
    size_n.regII.ci_rho: no visible global function definition for ‘qnorm’
    size_n.regII.test_rho: no visible global function definition for
     ‘qnorm’
    size_n.regII.test_rho2: no visible global function definition for
     ‘qnorm’
    size_n.regII.test_rho_2: no visible global function definition for
     ‘qnorm’
    sizes.confint.welch : g: no visible global function definition for ‘qt’
    sizes.confint.welch: no visible global function definition for
     ‘uniroot’
    triangular.test.norm: no visible global function definition for ‘var’
    triangular.test.norm: no visible global function definition for ‘qnorm’
    triangular.test.norm: no visible global function definition for
     ‘update’
    triangular.test.prop: no visible global function definition for ‘qnorm’
    triangular.test.prop: no visible global function definition for
     ‘update’
    update.triangular.test: no visible global function definition for
     ‘update’
    update.triangular.test.norm: no visible global function definition for
     ‘var’
    update.triangular.test.norm: no visible global function definition for
     ‘qnorm’
Flavors: r-devel-linux-x86_64-debian-clang, r-devel-linux-x86_64-debian-gcc, r-devel-linux-x86_64-fedora-clang, r-devel-linux-x86_64-fedora-gcc, r-devel-windows-ix86+x86_64