CRAN Package Check Results for Package OPDOE

Last updated on 2015-02-27 04:46:53.

Flavor Version Tinstall Tcheck Ttotal Status Flags
r-devel-linux-x86_64-debian-clang 1.0-9 1.15 28.42 29.57 NOTE
r-devel-linux-x86_64-debian-gcc 1.0-9 1.11 27.20 28.32 NOTE
r-devel-linux-x86_64-fedora-clang 1.0-9 56.73 NOTE
r-devel-linux-x86_64-fedora-gcc 1.0-9 46.67 NOTE
r-devel-osx-x86_64-clang 1.0-9 55.00 NOTE
r-devel-windows-ix86+x86_64 1.0-9 8.00 39.00 47.00 NOTE
r-patched-linux-x86_64 1.0-9 1.82 34.45 36.28 OK
r-patched-solaris-sparc 1.0-9 396.00 OK
r-patched-solaris-x86 1.0-9 83.50 OK
r-release-linux-ix86 1.0-9 2.03 41.94 43.97 OK
r-release-linux-x86_64 1.0-9 1.52 34.11 35.63 OK
r-release-osx-x86_64-mavericks 1.0-9 OK
r-release-osx-x86_64-snowleopard 1.0-9 OK
r-release-windows-ix86+x86_64 1.0-9 7.00 50.00 57.00 OK
r-oldrel-windows-ix86+x86_64 1.0-9 7.00 53.00 60.00 OK

Check Details

Version: 1.0-9
Check: DESCRIPTION meta-information
Result: NOTE
    Malformed Description field: should contain one or more complete sentences.
Flavors: r-devel-linux-x86_64-debian-clang, r-devel-linux-x86_64-debian-gcc, r-devel-linux-x86_64-fedora-clang, r-devel-linux-x86_64-fedora-gcc, r-devel-osx-x86_64-clang, r-devel-windows-ix86+x86_64

Version: 1.0-9
Check: S3 generic/method consistency
Result: NOTE
    Found the following apparent S3 methods exported but not registered:
     plot.triangular.test print.bibd print.design.regression
     print.triangular.test update.triangular.test
     update.triangular.test.norm update.triangular.test.prop
    See section ‘Registering S3 methods’ in the ‘Writing R Extensions’
    manual.
Flavors: r-devel-linux-x86_64-debian-clang, r-devel-linux-x86_64-debian-gcc, r-devel-linux-x86_64-fedora-clang, r-devel-linux-x86_64-fedora-gcc, r-devel-osx-x86_64-clang