CRAN Package Check Results for Package OPI

Last updated on 2014-04-18 20:48:04.

Flavor Version Tinstall Tcheck Ttotal Status Flags
r-devel-linux-x86_64-debian-clang 1.6 1.83 24.56 26.39 NOTE
r-devel-linux-x86_64-debian-gcc NOTE
r-devel-linux-x86_64-fedora-clang 1.6 53.21 NOTE
r-devel-linux-x86_64-fedora-gcc 1.6 51.36 NOTE
r-devel-macosx-x86_64-clang 1.6 51.22 NOTE
r-devel-macosx-x86_64-gcc 1.6 NOTE
r-devel-windows-ix86+x86_64 1.6 6.00 49.00 55.00 NOTE
r-patched-linux-x86_64 1.6 1.82 24.99 26.81 NOTE
r-patched-solaris-sparc 1.6 309.00 NOTE
r-patched-solaris-x86 1.6 75.00 NOTE
r-release-linux-ix86 1.6 4.00 43.00 47.00 NOTE
r-release-linux-x86_64 1.6 1.93 24.17 26.10 NOTE
r-release-macosx-x86_64 1.6 NOTE
r-release-windows-ix86+x86_64 1.6 8.00 50.00 58.00 NOTE
r-oldrel-windows-ix86+x86_64 1.6 5.00 41.00 46.00 NOTE

Check Details

Version: 1.6
Check: package dependencies
Result: NOTE
    Package suggested but not available for checking: ‘OPIOctopus900’
Flavors: r-devel-linux-x86_64-debian-clang, r-devel-linux-x86_64-debian-gcc, r-devel-linux-x86_64-fedora-clang, r-devel-linux-x86_64-fedora-gcc, r-devel-macosx-x86_64-clang, r-devel-macosx-x86_64-gcc, r-devel-windows-ix86+x86_64, r-patched-linux-x86_64, r-patched-solaris-sparc, r-patched-solaris-x86, r-release-linux-ix86, r-release-linux-x86_64, r-release-macosx-x86_64, r-release-windows-ix86+x86_64, r-oldrel-windows-ix86+x86_64

Version: 1.6
Check: dependencies in R code
Result: NOTE
    Packages in Depends field not imported from:
     ‘methods’ ‘rJava’
     These packages need to be imported from (in the NAMESPACE file)
     for when this namespace is loaded but not attached.
    See the information on DESCRIPTION files in the chapter ‘Creating R
    packages’ of the ‘Writing R Extensions’ manual.
Flavors: r-devel-linux-x86_64-debian-clang, r-devel-linux-x86_64-debian-gcc, r-devel-linux-x86_64-fedora-clang, r-devel-linux-x86_64-fedora-gcc, r-devel-macosx-x86_64-clang, r-devel-macosx-x86_64-gcc, r-devel-windows-ix86+x86_64, r-patched-linux-x86_64, r-patched-solaris-sparc, r-patched-solaris-x86, r-release-linux-ix86, r-release-linux-x86_64, r-release-windows-ix86+x86_64, r-oldrel-windows-ix86+x86_64