CRAN Package Check Results for Package OPI

Last updated on 2015-08-30 15:46:53.

Flavor Version Tinstall Tcheck Ttotal Status Flags
r-devel-linux-x86_64-debian-clang 2.1 0.76 15.82 16.58 NOTE
r-devel-linux-x86_64-debian-gcc 2.1 0.78 16.02 16.80 NOTE
r-devel-linux-x86_64-fedora-clang 2.1 31.46 NOTE
r-devel-linux-x86_64-fedora-gcc 2.1 29.76 NOTE
r-devel-osx-x86_64-clang 2.1 30.25 OK
r-devel-windows-ix86+x86_64 2.1 5.00 33.00 38.00 NOTE
r-patched-linux-x86_64 2.1 0.80 16.57 17.37 OK
r-patched-solaris-sparc 2.1 212.90 OK
r-patched-solaris-x86 2.1 47.00 OK
r-release-linux-x86_64 2.1 0.77 16.40 17.17 OK
r-release-osx-x86_64-mavericks 2.1 OK
r-release-windows-ix86+x86_64 2.1 3.00 42.00 45.00 OK
r-oldrel-windows-ix86+x86_64 2.1 5.00 31.00 36.00 OK

Check Details

Version: 2.1
Check: R code for possible problems
Result: NOTE
    ZEST : <anonymous>: no visible global function definition for ‘pnorm’
    ZEST: no visible global function definition for ‘head’
    ZEST: no visible global function definition for ‘tail’
    ZEST.start : <anonymous>: no visible global function definition for
     ‘pnorm’
    ZEST.start: no visible global function definition for ‘head’
    ZEST.start: no visible global function definition for ‘tail’
    fourTwo.step: no visible global function definition for ‘tail’
    kowaAP7000.opiPresent.opiKineticStimulus: no visible global function
     definition for ‘xy.coords’
    octo900.opiPresent.opiKineticStimulus: no visible global function
     definition for ‘xy.coords’
    simDisplay.present: no visible global function definition for ‘dev.cur’
    simDisplay.present: no visible global function definition for ‘points’
    simDisplay.setBackground: no visible global function definition for
     ‘dev.cur’
    simDisplay.setBackground: no visible global function definition for
     ‘rect’
    simDisplay.setBackground: no visible global function definition for
     ‘par’
    simDisplay.setBackground: no visible global function definition for
     ‘grid’
    simDisplay.setupDisplay: no visible global function definition for
     ‘plot’
    simDisplay.setupDisplay: no visible global function definition for
     ‘dev.cur’
    simDisplay.setupDisplay: no visible global function definition for
     ‘grey’
    simDisplay.setupDisplay: no visible global function definition for
     ‘grid’
    simG.opiPresent.opiStaticStimulus: no visible global function
     definition for ‘pnorm’
    simG.opiPresent.opiStaticStimulus: no visible global function
     definition for ‘runif’
    simH.present: no visible global function definition for ‘pnorm’
    simH.present: no visible global function definition for ‘runif’
    simH_RT.present: no visible global function definition for ‘runif’
    simH_RT.present: no visible global function definition for ‘pnorm’
    simH_RT.present: no visible global function definition for ‘head’
    Undefined global functions or variables:
     dev.cur grey grid head par plot pnorm points rect runif tail
     xy.coords
    Consider adding
     importFrom("grDevices", "dev.cur", "grey", "xy.coords")
     importFrom("graphics", "grid", "par", "plot", "points", "rect")
     importFrom("stats", "pnorm", "runif")
     importFrom("utils", "head", "tail")
    to your NAMESPACE.
Flavors: r-devel-linux-x86_64-debian-clang, r-devel-linux-x86_64-debian-gcc, r-devel-linux-x86_64-fedora-clang, r-devel-linux-x86_64-fedora-gcc, r-devel-windows-ix86+x86_64