CRAN Package Check Results for Package OPI

Last updated on 2014-07-24 14:48:45.

Flavor Version Tinstall Tcheck Ttotal Status Flags
r-devel-linux-x86_64-debian-clang 1.6 1.76 23.69 25.45 NOTE
r-devel-linux-x86_64-debian-gcc 1.6 1.68 23.60 25.28 NOTE
r-devel-linux-x86_64-fedora-clang 1.6 53.85 NOTE
r-devel-linux-x86_64-fedora-gcc 1.6 50.30 NOTE
r-devel-osx-x86_64-clang 1.6 47.46 NOTE
r-devel-windows-ix86+x86_64 1.6 5.00 39.00 44.00 NOTE
r-patched-linux-x86_64 1.6 1.70 23.27 24.97 NOTE
r-patched-solaris-sparc 1.6 309.00 NOTE
r-patched-solaris-x86 1.6 74.40 NOTE
r-release-linux-ix86 1.6 2.13 31.32 33.44 NOTE
r-release-linux-x86_64 1.6 1.76 23.58 25.35 NOTE
r-release-osx-x86_64-mavericks 1.6 NOTE
r-release-osx-x86_64-snowleopard 1.6 NOTE
r-release-windows-ix86+x86_64 1.6 7.00 40.00 47.00 NOTE
r-oldrel-windows-ix86+x86_64 1.6 5.00 41.00 46.00 NOTE

Check Details

Version: 1.6
Check: package dependencies
Result: NOTE
    Package suggested but not available for checking: ‘OPIOctopus900’
Flavors: r-devel-linux-x86_64-debian-clang, r-devel-linux-x86_64-debian-gcc, r-devel-linux-x86_64-fedora-clang, r-devel-linux-x86_64-fedora-gcc, r-devel-osx-x86_64-clang, r-devel-windows-ix86+x86_64, r-patched-linux-x86_64, r-patched-solaris-sparc, r-patched-solaris-x86, r-release-linux-ix86, r-release-linux-x86_64, r-release-osx-x86_64-mavericks, r-release-osx-x86_64-snowleopard, r-release-windows-ix86+x86_64, r-oldrel-windows-ix86+x86_64

Version: 1.6
Check: dependencies in R code
Result: NOTE
    Packages in Depends field not imported from:
     ‘methods’ ‘rJava’
     These packages need to be imported from (in the NAMESPACE file)
     for when this namespace is loaded but not attached.
    See the information on DESCRIPTION files in the chapter ‘Creating R
    packages’ of the ‘Writing R Extensions’ manual.
Flavors: r-devel-linux-x86_64-debian-clang, r-devel-linux-x86_64-debian-gcc, r-devel-linux-x86_64-fedora-clang, r-devel-linux-x86_64-fedora-gcc, r-devel-osx-x86_64-clang, r-devel-windows-ix86+x86_64, r-patched-linux-x86_64, r-patched-solaris-sparc, r-patched-solaris-x86, r-release-linux-ix86, r-release-linux-x86_64, r-release-osx-x86_64-mavericks, r-release-windows-ix86+x86_64, r-oldrel-windows-ix86+x86_64