CRAN Package Check Results for Package OPI

Last updated on 2014-10-20 11:48:37.

Flavor Version Tinstall Tcheck Ttotal Status Flags
r-devel-linux-x86_64-debian-clang 1.6 1.71 24.07 25.78 NOTE
r-devel-linux-x86_64-debian-gcc 1.6 2.32 22.42 24.74 NOTE
r-devel-linux-x86_64-fedora-clang 1.6 50.52 NOTE
r-devel-linux-x86_64-fedora-gcc 1.6 47.24 NOTE
r-devel-osx-x86_64-clang 1.6 49.74 NOTE
r-devel-windows-ix86+x86_64 1.6 5.00 35.00 40.00 NOTE
r-patched-linux-x86_64 1.6 1.71 23.70 25.40 NOTE
r-patched-solaris-sparc 1.6 310.90 NOTE
r-patched-solaris-x86 1.6 72.50 NOTE
r-release-linux-ix86 1.6 2.15 31.60 33.75 NOTE
r-release-linux-x86_64 1.6 1.77 24.31 26.08 NOTE
r-release-osx-x86_64-mavericks 1.6 NOTE
r-release-osx-x86_64-snowleopard 1.6 NOTE
r-release-windows-ix86+x86_64 1.6 7.00 40.00 47.00 NOTE
r-oldrel-windows-ix86+x86_64 1.6 5.00 41.00 46.00 NOTE

Check Details

Version: 1.6
Check: package dependencies
Result: NOTE
    Package suggested but not available for checking: ‘OPIOctopus900’
Flavors: r-devel-linux-x86_64-debian-clang, r-devel-linux-x86_64-debian-gcc, r-devel-linux-x86_64-fedora-clang, r-devel-linux-x86_64-fedora-gcc, r-devel-osx-x86_64-clang, r-devel-windows-ix86+x86_64, r-patched-linux-x86_64, r-patched-solaris-sparc, r-patched-solaris-x86, r-release-linux-ix86, r-release-linux-x86_64, r-release-osx-x86_64-mavericks, r-release-osx-x86_64-snowleopard, r-release-windows-ix86+x86_64, r-oldrel-windows-ix86+x86_64

Version: 1.6
Check: dependencies in R code
Result: NOTE
    Packages in Depends field not imported from:
     ‘methods’ ‘rJava’
     These packages need to be imported from (in the NAMESPACE file)
     for when this namespace is loaded but not attached.
    See the information on DESCRIPTION files in the chapter ‘Creating R
    packages’ of the ‘Writing R Extensions’ manual.
Flavors: r-devel-linux-x86_64-debian-clang, r-devel-linux-x86_64-debian-gcc, r-devel-linux-x86_64-fedora-clang, r-devel-linux-x86_64-fedora-gcc, r-devel-osx-x86_64-clang, r-devel-windows-ix86+x86_64, r-patched-linux-x86_64, r-patched-solaris-sparc, r-patched-solaris-x86, r-release-linux-ix86, r-release-linux-x86_64, r-release-osx-x86_64-mavericks, r-release-windows-ix86+x86_64, r-oldrel-windows-ix86+x86_64

Version: 1.6
Check: R code for possible problems
Result: NOTE
    octo900.opiClose: no visible global function definition for ‘.jcall’
    octo900.opiInitialize: no visible global function definition for
     ‘.jinit’
    octo900.opiInitialize: no visible global function definition for
     ‘.jaddClassPath’
    octo900.opiInitialize: no visible global function definition for
     ‘.jclassPath’
    octo900.opiInitialize: no visible global function definition for
     ‘.jnew’
    octo900.opiInitialize: no visible global function definition for
     ‘.jcall’
    octo900.opiPresent.opiKineticStimulus: no visible global function
     definition for ‘.jnull’
    octo900.opiPresent.opiKineticStimulus: no visible global function
     definition for ‘.jnew’
    octo900.opiPresent.opiKineticStimulus: no visible global function
     definition for ‘.jcall’
    octo900.opiPresent.opiStaticStimulus: no visible global function
     definition for ‘.jnull’
    octo900.opiPresent.opiStaticStimulus: no visible global function
     definition for ‘.jnew’
    octo900.opiPresent.opiStaticStimulus: no visible global function
     definition for ‘.jcall’
    octo900.opiPresent.opiTemporalStimulus: no visible global function
     definition for ‘.jnull’
    octo900.opiPresent.opiTemporalStimulus: no visible global function
     definition for ‘.jnew’
    octo900.opiPresent.opiTemporalStimulus: no visible global function
     definition for ‘.jcall’
    octo900.opiSetBackground: no visible global function definition for
     ‘.jcall’
    setupBackgroundConstants: no visible global function definition for
     ‘.jfields’
    setupBackgroundConstants : getC: no visible global function definition
     for ‘.jfield’
Flavors: r-devel-linux-x86_64-debian-clang, r-devel-linux-x86_64-debian-gcc, r-devel-linux-x86_64-fedora-clang, r-devel-linux-x86_64-fedora-gcc, r-devel-osx-x86_64-clang, r-devel-windows-ix86+x86_64, r-patched-linux-x86_64, r-patched-solaris-sparc, r-patched-solaris-x86