CRAN Package Check Results for Package ORDER2PARENT

Last updated on 2014-11-21 16:46:37.

Flavor Version Tinstall Tcheck Ttotal Status Flags
r-devel-linux-x86_64-debian-clang 1.0 3.12 38.16 41.29 NOTE
r-devel-linux-x86_64-debian-gcc 1.0 2.94 35.96 38.89 NOTE
r-devel-linux-x86_64-fedora-clang 1.0 102.02 NOTE
r-devel-linux-x86_64-fedora-gcc 1.0 91.35 NOTE
r-devel-osx-x86_64-clang 1.0 80.14 NOTE
r-devel-windows-ix86+x86_64 1.0 7.00 52.00 59.00 NOTE
r-patched-linux-x86_64 1.0 3.14 39.89 43.03 NOTE
r-patched-solaris-sparc 1.0 525.30 NOTE
r-patched-solaris-x86 1.0 125.40 NOTE
r-release-linux-ix86 1.0 3.68 45.35 49.03 NOTE
r-release-linux-x86_64 1.0 3.24 38.90 42.14 NOTE
r-release-osx-x86_64-mavericks 1.0 NOTE
r-release-osx-x86_64-snowleopard 1.0 NOTE
r-release-windows-ix86+x86_64 1.0 11.00 55.00 66.00 NOTE
r-oldrel-windows-ix86+x86_64 1.0 8.00 50.00 58.00 NOTE

Check Details

Version: 1.0
Check: dependencies in R code
Result: NOTE
    'library' or 'require' calls to packages already attached by Depends:
     ‘Matrix’ ‘splines’
     Please remove these calls from your code.
    See the information on DESCRIPTION files in the chapter ‘Creating R
    packages’ of the ‘Writing R Extensions’ manual.
Flavors: r-devel-linux-x86_64-debian-clang, r-devel-linux-x86_64-debian-gcc, r-devel-linux-x86_64-fedora-clang, r-devel-linux-x86_64-fedora-gcc, r-devel-osx-x86_64-clang, r-devel-windows-ix86+x86_64, r-patched-linux-x86_64, r-patched-solaris-sparc, r-patched-solaris-x86, r-release-linux-ix86, r-release-linux-x86_64, r-release-osx-x86_64-mavericks, r-release-osx-x86_64-snowleopard, r-release-windows-ix86+x86_64, r-oldrel-windows-ix86+x86_64

Version: 1.0
Check: R code for possible problems
Result: NOTE
    bgmm : SplineGMM : moment.conditions: warning in matrix(nr = n.para, nc
     = J): partial argument match of ‘nr’ to ‘nrow’
    bgmm : SplineGMM : moment.conditions: warning in matrix(nr = n.para, nc
     = J): partial argument match of ‘nc’ to ‘ncol’
Flavors: r-devel-linux-x86_64-debian-clang, r-devel-linux-x86_64-debian-gcc, r-devel-linux-x86_64-fedora-clang, r-devel-linux-x86_64-fedora-gcc, r-devel-osx-x86_64-clang, r-devel-windows-ix86+x86_64, r-patched-linux-x86_64, r-patched-solaris-sparc, r-patched-solaris-x86, r-release-linux-ix86, r-release-linux-x86_64, r-release-osx-x86_64-mavericks, r-release-osx-x86_64-snowleopard, r-release-windows-ix86+x86_64, r-oldrel-windows-ix86+x86_64