CRAN Package Check Results for Package ORDER2PARENT

Last updated on 2015-07-04 16:46:33.

Flavor Version Tinstall Tcheck Ttotal Status Flags
r-devel-linux-x86_64-debian-clang 1.0 2.54 30.63 33.17 NOTE
r-devel-linux-x86_64-debian-gcc 1.0 3.32 30.42 33.74 NOTE
r-devel-linux-x86_64-fedora-clang 1.0 68.70 NOTE
r-devel-linux-x86_64-fedora-gcc 1.0 68.17 NOTE
r-devel-osx-x86_64-clang 1.0 60.52 NOTE
r-devel-windows-ix86+x86_64 1.0 9.00 46.00 55.00 NOTE
r-patched-linux-x86_64 1.0 2.39 30.29 32.68 NOTE
r-patched-solaris-sparc 1.0 425.90 NOTE
r-patched-solaris-x86 1.0 97.70 NOTE
r-release-linux-x86_64 1.0 2.74 31.73 34.46 NOTE
r-release-osx-x86_64-mavericks 1.0 NOTE
r-release-windows-ix86+x86_64 1.0 10.00 54.00 64.00 NOTE
r-oldrel-windows-ix86+x86_64 1.0 7.00 79.00 86.00 NOTE

Check Details

Version: 1.0
Check: dependencies in R code
Result: NOTE
    'library' or 'require' calls to packages already attached by Depends:
     ‘Matrix’ ‘splines’
     Please remove these calls from your code.
Flavors: r-devel-linux-x86_64-debian-clang, r-devel-linux-x86_64-debian-gcc, r-devel-linux-x86_64-fedora-clang, r-devel-linux-x86_64-fedora-gcc, r-devel-osx-x86_64-clang, r-devel-windows-ix86+x86_64, r-patched-linux-x86_64, r-patched-solaris-sparc, r-patched-solaris-x86, r-release-linux-x86_64, r-release-osx-x86_64-mavericks, r-release-windows-ix86+x86_64, r-oldrel-windows-ix86+x86_64

Version: 1.0
Check: R code for possible problems
Result: NOTE
    bgmm : SplineGMM : moment.conditions: warning in matrix(nr = n.para, nc
     = J): partial argument match of ‘nr’ to ‘nrow’
    bgmm : SplineGMM : moment.conditions: warning in matrix(nr = n.para, nc
     = J): partial argument match of ‘nc’ to ‘ncol’
    bgmm: no visible global function definition for ‘ecdf’
    bgmm : SplineGMM: no visible global function definition for
     ‘constrOptim’
    blr: no visible global function definition for ‘ecdf’
    blr: no visible global function definition for ‘constrOptim’
    blr: no visible global function definition for ‘lm’
    parentcdf : combinations: no visible global function definition for
     ‘combn’
    parentcdf : solver: no visible global function definition for ‘uniroot’
    Undefined global functions or variables:
     combn constrOptim ecdf lm uniroot
Flavors: r-devel-linux-x86_64-debian-clang, r-devel-linux-x86_64-debian-gcc, r-devel-linux-x86_64-fedora-clang, r-devel-linux-x86_64-fedora-gcc, r-devel-windows-ix86+x86_64

Version: 1.0
Check: R code for possible problems
Result: NOTE
    bgmm : SplineGMM : moment.conditions: warning in matrix(nr = n.para, nc
     = J): partial argument match of 'nr' to 'nrow'
    bgmm : SplineGMM : moment.conditions: warning in matrix(nr = n.para, nc
     = J): partial argument match of 'nc' to 'ncol'
Flavors: r-devel-osx-x86_64-clang, r-patched-linux-x86_64, r-patched-solaris-sparc, r-patched-solaris-x86, r-release-linux-x86_64, r-release-osx-x86_64-mavericks, r-release-windows-ix86+x86_64, r-oldrel-windows-ix86+x86_64