CRAN Package Check Results for Package ORDER2PARENT

Last updated on 2014-12-22 09:54:21.

Flavor Version Tinstall Tcheck Ttotal Status Flags
r-devel-linux-x86_64-debian-clang 1.0 3.08 37.75 40.83 NOTE
r-devel-linux-x86_64-debian-gcc 1.0 3.04 35.87 38.91 NOTE
r-devel-linux-x86_64-fedora-clang 1.0 98.08 NOTE
r-devel-linux-x86_64-fedora-gcc 1.0 93.49 NOTE
r-devel-osx-x86_64-clang 1.0 81.86 NOTE
r-devel-windows-ix86+x86_64 1.0 8.00 55.00 63.00 NOTE
r-patched-linux-x86_64 1.0 3.20 37.98 41.18 NOTE
r-patched-solaris-sparc 1.0 533.80 NOTE
r-patched-solaris-x86 1.0 127.70 NOTE
r-release-linux-ix86 1.0 3.62 45.54 49.17 NOTE
r-release-linux-x86_64 1.0 3.21 38.68 41.90 NOTE
r-release-osx-x86_64-mavericks 1.0 NOTE
r-release-osx-x86_64-snowleopard 1.0 NOTE
r-release-windows-ix86+x86_64 1.0 9.00 52.00 61.00 NOTE
r-oldrel-windows-ix86+x86_64 1.0 8.00 49.00 57.00 NOTE

Check Details

Version: 1.0
Check: dependencies in R code
Result: NOTE
    'library' or 'require' calls to packages already attached by Depends:
     ‘Matrix’ ‘splines’
     Please remove these calls from your code.
    See the information on DESCRIPTION files in the chapter ‘Creating R
    packages’ of the ‘Writing R Extensions’ manual.
Flavors: r-devel-linux-x86_64-debian-clang, r-devel-linux-x86_64-debian-gcc, r-devel-linux-x86_64-fedora-clang, r-devel-linux-x86_64-fedora-gcc, r-devel-osx-x86_64-clang, r-devel-windows-ix86+x86_64, r-patched-linux-x86_64, r-patched-solaris-sparc, r-patched-solaris-x86, r-release-linux-ix86, r-release-linux-x86_64, r-release-osx-x86_64-mavericks, r-release-osx-x86_64-snowleopard, r-release-windows-ix86+x86_64, r-oldrel-windows-ix86+x86_64

Version: 1.0
Check: R code for possible problems
Result: NOTE
    bgmm : SplineGMM : moment.conditions: warning in matrix(nr = n.para, nc
     = J): partial argument match of ‘nr’ to ‘nrow’
    bgmm : SplineGMM : moment.conditions: warning in matrix(nr = n.para, nc
     = J): partial argument match of ‘nc’ to ‘ncol’
Flavors: r-devel-linux-x86_64-debian-clang, r-devel-linux-x86_64-debian-gcc, r-devel-linux-x86_64-fedora-clang, r-devel-linux-x86_64-fedora-gcc, r-devel-osx-x86_64-clang, r-devel-windows-ix86+x86_64, r-patched-linux-x86_64, r-patched-solaris-sparc, r-patched-solaris-x86, r-release-linux-ix86, r-release-linux-x86_64, r-release-osx-x86_64-mavericks, r-release-osx-x86_64-snowleopard, r-release-windows-ix86+x86_64, r-oldrel-windows-ix86+x86_64