CRAN Package Check Results for Package ORDER2PARENT

Last updated on 2015-05-30 17:46:48.

Flavor Version Tinstall Tcheck Ttotal Status Flags
r-devel-linux-x86_64-debian-clang 1.0 2.55 32.46 35.01 NOTE
r-devel-linux-x86_64-debian-gcc 1.0 2.44 31.12 33.56 NOTE
r-devel-linux-x86_64-fedora-clang 1.0 73.50 NOTE
r-devel-linux-x86_64-fedora-gcc 1.0 70.61 NOTE
r-devel-osx-x86_64-clang 1.0 65.79 NOTE
r-devel-windows-ix86+x86_64 1.0 6.00 49.00 55.00 NOTE
r-patched-linux-x86_64 1.0 2.46 31.30 33.75 NOTE
r-patched-solaris-sparc 1.0 425.90 NOTE
r-patched-solaris-x86 1.0 98.40 NOTE
r-release-linux-x86_64 1.0 2.94 31.24 34.19 NOTE
r-release-osx-x86_64-mavericks 1.0 NOTE
r-release-osx-x86_64-snowleopard 1.0 NOTE
r-release-windows-ix86+x86_64 1.0 7.00 47.00 54.00 NOTE
r-oldrel-windows-ix86+x86_64 1.0 9.00 76.00 85.00 NOTE

Check Details

Version: 1.0
Check: dependencies in R code
Result: NOTE
    'library' or 'require' calls to packages already attached by Depends:
     ‘Matrix’ ‘splines’
     Please remove these calls from your code.
Flavors: r-devel-linux-x86_64-debian-clang, r-devel-linux-x86_64-debian-gcc, r-devel-linux-x86_64-fedora-clang, r-devel-linux-x86_64-fedora-gcc, r-devel-osx-x86_64-clang, r-devel-windows-ix86+x86_64, r-patched-linux-x86_64, r-patched-solaris-sparc, r-patched-solaris-x86, r-release-linux-x86_64, r-release-osx-x86_64-mavericks, r-release-osx-x86_64-snowleopard, r-release-windows-ix86+x86_64, r-oldrel-windows-ix86+x86_64

Version: 1.0
Check: R code for possible problems
Result: NOTE
    bgmm : SplineGMM : moment.conditions: warning in matrix(nr = n.para, nc
     = J): partial argument match of ‘nr’ to ‘nrow’
    bgmm : SplineGMM : moment.conditions: warning in matrix(nr = n.para, nc
     = J): partial argument match of ‘nc’ to ‘ncol’
Flavors: r-devel-linux-x86_64-debian-clang, r-devel-linux-x86_64-debian-gcc, r-devel-linux-x86_64-fedora-clang, r-devel-linux-x86_64-fedora-gcc, r-devel-osx-x86_64-clang, r-devel-windows-ix86+x86_64, r-patched-linux-x86_64, r-patched-solaris-sparc, r-patched-solaris-x86, r-release-linux-x86_64, r-release-osx-x86_64-mavericks, r-release-osx-x86_64-snowleopard, r-release-windows-ix86+x86_64, r-oldrel-windows-ix86+x86_64