CRAN Package Check Results for Package ORDER2PARENT

Last updated on 2015-04-19 17:48:43.

Flavor Version Tinstall Tcheck Ttotal Status Flags
r-devel-linux-x86_64-debian-clang 1.0 2.70 32.12 34.82 NOTE
r-devel-linux-x86_64-debian-gcc 1.0 2.50 32.06 34.56 NOTE
r-devel-linux-x86_64-fedora-clang 1.0 71.57 NOTE
r-devel-linux-x86_64-fedora-gcc 1.0 69.31 NOTE
r-devel-osx-x86_64-clang 1.0 69.92 NOTE
r-devel-windows-ix86+x86_64 1.0 9.00 45.00 54.00 NOTE
r-patched-linux-x86_64 1.0 2.45 31.34 33.78 NOTE
r-patched-solaris-sparc 1.0 421.50 NOTE
r-patched-solaris-x86 1.0 94.50 NOTE
r-release-linux-x86_64 1.0 2.47 32.19 34.66 NOTE
r-release-osx-x86_64-mavericks 1.0 NOTE
r-release-osx-x86_64-snowleopard 1.0 NOTE
r-release-windows-ix86+x86_64 1.0 6.00 44.00 50.00 NOTE
r-oldrel-windows-ix86+x86_64 1.0 10.00 71.00 81.00 NOTE

Check Details

Version: 1.0
Check: dependencies in R code
Result: NOTE
    'library' or 'require' calls to packages already attached by Depends:
     ‘Matrix’ ‘splines’
     Please remove these calls from your code.
Flavors: r-devel-linux-x86_64-debian-clang, r-devel-linux-x86_64-debian-gcc, r-devel-linux-x86_64-fedora-clang, r-devel-linux-x86_64-fedora-gcc, r-devel-osx-x86_64-clang, r-devel-windows-ix86+x86_64, r-patched-linux-x86_64, r-patched-solaris-sparc, r-patched-solaris-x86, r-release-linux-x86_64, r-release-osx-x86_64-mavericks, r-release-osx-x86_64-snowleopard, r-release-windows-ix86+x86_64, r-oldrel-windows-ix86+x86_64

Version: 1.0
Check: R code for possible problems
Result: NOTE
    bgmm : SplineGMM : moment.conditions: warning in matrix(nr = n.para, nc
     = J): partial argument match of ‘nr’ to ‘nrow’
    bgmm : SplineGMM : moment.conditions: warning in matrix(nr = n.para, nc
     = J): partial argument match of ‘nc’ to ‘ncol’
Flavors: r-devel-linux-x86_64-debian-clang, r-devel-linux-x86_64-debian-gcc, r-devel-linux-x86_64-fedora-clang, r-devel-linux-x86_64-fedora-gcc, r-devel-osx-x86_64-clang, r-devel-windows-ix86+x86_64, r-patched-linux-x86_64, r-patched-solaris-sparc, r-patched-solaris-x86, r-release-linux-x86_64, r-release-osx-x86_64-mavericks, r-release-osx-x86_64-snowleopard, r-release-windows-ix86+x86_64, r-oldrel-windows-ix86+x86_64