CRAN Package Check Results for Package ORDER2PARENT

Last updated on 2014-09-23 15:48:55.

Flavor Version Tinstall Tcheck Ttotal Status Flags
r-devel-linux-x86_64-debian-clang 1.0 3.00 37.64 40.64 NOTE
r-devel-linux-x86_64-debian-gcc 1.0 3.33 35.88 39.21 NOTE
r-devel-linux-x86_64-fedora-clang 1.0 93.95 NOTE
r-devel-linux-x86_64-fedora-gcc 1.0 88.53 NOTE
r-devel-osx-x86_64-clang 1.0 78.34 NOTE
r-devel-windows-ix86+x86_64 1.0 7.00 56.00 63.00 NOTE
r-patched-linux-x86_64 1.0 3.22 38.44 41.66 NOTE
r-patched-solaris-sparc 1.0 551.00 NOTE
r-patched-solaris-x86 1.0 126.60 NOTE
r-release-linux-ix86 1.0 4.32 48.03 52.34 NOTE
r-release-linux-x86_64 1.0 3.22 38.85 42.06 NOTE
r-release-osx-x86_64-mavericks 1.0 NOTE
r-release-osx-x86_64-snowleopard 1.0 NOTE
r-release-windows-ix86+x86_64 1.0 8.00 58.00 66.00 NOTE
r-oldrel-windows-ix86+x86_64 1.0 8.00 52.00 60.00 NOTE

Check Details

Version: 1.0
Check: dependencies in R code
Result: NOTE
    'library' or 'require' calls to packages already attached by Depends:
     ‘Matrix’ ‘splines’
     Please remove these calls from your code.
    See the information on DESCRIPTION files in the chapter ‘Creating R
    packages’ of the ‘Writing R Extensions’ manual.
Flavors: r-devel-linux-x86_64-debian-clang, r-devel-linux-x86_64-debian-gcc, r-devel-linux-x86_64-fedora-clang, r-devel-linux-x86_64-fedora-gcc, r-devel-osx-x86_64-clang, r-devel-windows-ix86+x86_64, r-patched-linux-x86_64, r-patched-solaris-sparc, r-patched-solaris-x86, r-release-linux-ix86, r-release-linux-x86_64, r-release-osx-x86_64-mavericks, r-release-osx-x86_64-snowleopard, r-release-windows-ix86+x86_64, r-oldrel-windows-ix86+x86_64

Version: 1.0
Check: R code for possible problems
Result: NOTE
    bgmm : SplineGMM : moment.conditions: warning in matrix(nr = n.para, nc
     = J): partial argument match of ‘nr’ to ‘nrow’
    bgmm : SplineGMM : moment.conditions: warning in matrix(nr = n.para, nc
     = J): partial argument match of ‘nc’ to ‘ncol’
Flavors: r-devel-linux-x86_64-debian-clang, r-devel-linux-x86_64-debian-gcc, r-devel-linux-x86_64-fedora-clang, r-devel-linux-x86_64-fedora-gcc, r-devel-osx-x86_64-clang, r-devel-windows-ix86+x86_64, r-patched-linux-x86_64, r-patched-solaris-sparc, r-patched-solaris-x86, r-release-linux-ix86, r-release-linux-x86_64, r-release-osx-x86_64-mavericks, r-release-osx-x86_64-snowleopard, r-release-windows-ix86+x86_64, r-oldrel-windows-ix86+x86_64