CRAN Package Check Results for Package ORIClust

Last updated on 2015-08-02 11:47:31.

Flavor Version Tinstall Tcheck Ttotal Status Flags
r-devel-linux-x86_64-debian-clang 1.0-1 0.82 19.44 20.26 NOTE
r-devel-linux-x86_64-debian-gcc 1.0-1 0.64 18.77 19.42 NOTE
r-devel-linux-x86_64-fedora-clang 1.0-1 39.54 NOTE
r-devel-linux-x86_64-fedora-gcc 1.0-1 37.19 NOTE
r-devel-osx-x86_64-clang 1.0-1 36.34 OK
r-devel-windows-ix86+x86_64 1.0-1 3.00 34.00 37.00 NOTE
r-patched-linux-x86_64 1.0-1 0.84 19.52 20.36 OK
r-patched-solaris-sparc 1.0-1 263.50 OK
r-patched-solaris-x86 1.0-1 50.00 OK
r-release-linux-x86_64 1.0-1 0.62 19.22 19.84 OK
r-release-osx-x86_64-mavericks 1.0-1 OK
r-release-windows-ix86+x86_64 1.0-1 2.00 33.00 35.00 OK
r-oldrel-windows-ix86+x86_64 1.0-1 5.00 35.00 40.00 OK

Check Details

Version: 1.0-1
Check: R code for possible problems
Result: NOTE
    ORICC1: no visible binding for global variable ‘sd’
    ORICC1: no visible global function definition for ‘write.table’
    ORICC1: no visible global function definition for ‘postscript’
    ORICC1: no visible global function definition for ‘jpeg’
    ORICC1: no visible global function definition for ‘plot’
    ORICC1: no visible global function definition for ‘points’
    ORICC1: no visible global function definition for ‘dev.off’
    ORICC1: no visible global function definition for ‘par’
    ORICC2: no visible binding for global variable ‘sd’
    ORICC2: no visible global function definition for ‘write.table’
    ORICC2: no visible global function definition for ‘postscript’
    ORICC2: no visible global function definition for ‘jpeg’
    ORICC2: no visible global function definition for ‘plot’
    ORICC2: no visible global function definition for ‘points’
    ORICC2: no visible global function definition for ‘dev.off’
    ORICC2: no visible global function definition for ‘par’
    Undefined global functions or variables:
     dev.off jpeg par plot points postscript sd write.table
    Consider adding
     importFrom("grDevices", "dev.off", "jpeg", "postscript")
     importFrom("graphics", "par", "plot", "points")
     importFrom("stats", "sd")
     importFrom("utils", "write.table")
    to your NAMESPACE.
Flavors: r-devel-linux-x86_64-debian-clang, r-devel-linux-x86_64-debian-gcc, r-devel-linux-x86_64-fedora-clang, r-devel-linux-x86_64-fedora-gcc, r-devel-windows-ix86+x86_64