CRAN Package Check Results for Package ORIClust

Last updated on 2016-04-28 21:47:37.

Flavor Version Tinstall Tcheck Ttotal Status Flags
r-devel-linux-x86_64-debian-gcc 1.0-1 0.67 19.47 20.14 NOTE
r-devel-linux-x86_64-fedora-clang 1.0-1 37.10 NOTE
r-devel-linux-x86_64-fedora-gcc 1.0-1 34.96 NOTE
r-devel-osx-x86_64-clang 1.0-1 43.73 NOTE
r-devel-windows-ix86+x86_64 1.0-1 3.00 43.00 46.00 NOTE
r-patched-linux-x86_64 1.0-1 0.75 19.29 20.05 NOTE
r-patched-solaris-sparc 1.0-1 280.10 NOTE
r-patched-solaris-x86 1.0-1 46.50 NOTE
r-release-linux-x86_64 1.0-1 0.72 20.09 20.81 OK
r-release-osx-x86_64-mavericks 1.0-1 OK
r-release-windows-ix86+x86_64 1.0-1 3.00 35.00 38.00 OK
r-oldrel-windows-ix86+x86_64 1.0-1 5.00 35.00 40.00 OK

Check Details

Version: 1.0-1
Check: R code for possible problems
Result: NOTE
    ORICC1: no visible binding for global variable ‘sd’
    ORICC1: no visible global function definition for ‘write.table’
    ORICC1: no visible global function definition for ‘postscript’
    ORICC1: no visible global function definition for ‘jpeg’
    ORICC1: no visible global function definition for ‘plot’
    ORICC1: no visible global function definition for ‘points’
    ORICC1: no visible global function definition for ‘dev.off’
    ORICC1: no visible global function definition for ‘par’
    ORICC2: no visible binding for global variable ‘sd’
    ORICC2: no visible global function definition for ‘write.table’
    ORICC2: no visible global function definition for ‘postscript’
    ORICC2: no visible global function definition for ‘jpeg’
    ORICC2: no visible global function definition for ‘plot’
    ORICC2: no visible global function definition for ‘points’
    ORICC2: no visible global function definition for ‘dev.off’
    ORICC2: no visible global function definition for ‘par’
    Undefined global functions or variables:
     dev.off jpeg par plot points postscript sd write.table
    Consider adding
     importFrom("grDevices", "dev.off", "jpeg", "postscript")
     importFrom("graphics", "par", "plot", "points")
     importFrom("stats", "sd")
     importFrom("utils", "write.table")
    to your NAMESPACE file.
Flavors: r-devel-linux-x86_64-debian-gcc, r-devel-linux-x86_64-fedora-clang, r-devel-linux-x86_64-fedora-gcc, r-devel-osx-x86_64-clang, r-devel-windows-ix86+x86_64, r-patched-linux-x86_64, r-patched-solaris-sparc, r-patched-solaris-x86