CRAN Package Check Results for Package ORIClust

Last updated on 2015-07-02 06:48:19.

Flavor Version Tinstall Tcheck Ttotal Status Flags
r-devel-linux-x86_64-debian-clang 1.0-1 0.74 18.94 19.69 NOTE
r-devel-linux-x86_64-debian-gcc 1.0-1 0.60 18.93 19.53 NOTE
r-devel-linux-x86_64-fedora-clang 1.0-1 37.88 NOTE
r-devel-linux-x86_64-fedora-gcc 1.0-1 37.70 NOTE
r-devel-osx-x86_64-clang 1.0-1 38.37 OK
r-devel-windows-ix86+x86_64 1.0-1 4.00 32.00 36.00 OK
r-patched-linux-x86_64 1.0-1 0.63 19.14 19.76 OK
r-patched-solaris-sparc 1.0-1 255.30 OK
r-patched-solaris-x86 1.0-1 50.30 OK
r-release-linux-x86_64 1.0-1 0.83 19.92 20.75 OK
r-release-osx-x86_64-mavericks 1.0-1 OK
r-release-windows-ix86+x86_64 1.0-1 2.00 33.00 35.00 OK
r-oldrel-windows-ix86+x86_64 1.0-1 5.00 35.00 40.00 OK

Check Details

Version: 1.0-1
Check: R code for possible problems
Result: NOTE
    ORICC1: no visible binding for global variable ‘sd’
    ORICC1: no visible global function definition for ‘write.table’
    ORICC1: no visible global function definition for ‘postscript’
    ORICC1: no visible global function definition for ‘jpeg’
    ORICC1: no visible global function definition for ‘plot’
    ORICC1: no visible global function definition for ‘points’
    ORICC1: no visible global function definition for ‘dev.off’
    ORICC1: no visible global function definition for ‘par’
    ORICC2: no visible binding for global variable ‘sd’
    ORICC2: no visible global function definition for ‘write.table’
    ORICC2: no visible global function definition for ‘postscript’
    ORICC2: no visible global function definition for ‘jpeg’
    ORICC2: no visible global function definition for ‘plot’
    ORICC2: no visible global function definition for ‘points’
    ORICC2: no visible global function definition for ‘dev.off’
    ORICC2: no visible global function definition for ‘par’
Flavors: r-devel-linux-x86_64-debian-clang, r-devel-linux-x86_64-debian-gcc, r-devel-linux-x86_64-fedora-clang, r-devel-linux-x86_64-fedora-gcc