CRAN Package Check Results for Package ORIClust

Last updated on 2019-09-20 09:51:28 CEST.

Flavor Version Tinstall Tcheck Ttotal Status Flags
r-devel-linux-x86_64-debian-clang 1.0-1 3.63 34.18 37.81 NOTE
r-devel-linux-x86_64-debian-gcc 1.0-1 3.60 26.21 29.81 NOTE
r-devel-linux-x86_64-fedora-clang 1.0-1 46.25 NOTE
r-devel-linux-x86_64-fedora-gcc 1.0-1 45.00 NOTE
r-devel-windows-ix86+x86_64 1.0-1 11.00 60.00 71.00 NOTE
r-patched-linux-x86_64 1.0-1 3.23 33.78 37.01 NOTE
r-patched-solaris-x86 1.0-1 62.70 NOTE
r-release-linux-x86_64 1.0-1 3.93 34.18 38.11 NOTE
r-release-windows-ix86+x86_64 1.0-1 7.00 60.00 67.00 NOTE
r-release-osx-x86_64 1.0-1 NOTE
r-oldrel-windows-ix86+x86_64 1.0-1 4.00 40.00 44.00 NOTE
r-oldrel-osx-x86_64 1.0-1 NOTE

Check Details

Version: 1.0-1
Check: R code for possible problems
Result: NOTE
    ORICC1: no visible binding for global variable 'sd'
    ORICC1: no visible global function definition for 'write.table'
    ORICC1: no visible global function definition for 'postscript'
    ORICC1: no visible global function definition for 'jpeg'
    ORICC1: no visible global function definition for 'plot'
    ORICC1: no visible global function definition for 'points'
    ORICC1: no visible global function definition for 'dev.off'
    ORICC1: no visible global function definition for 'par'
    ORICC2: no visible binding for global variable 'sd'
    ORICC2: no visible global function definition for 'write.table'
    ORICC2: no visible global function definition for 'postscript'
    ORICC2: no visible global function definition for 'jpeg'
    ORICC2: no visible global function definition for 'plot'
    ORICC2: no visible global function definition for 'points'
    ORICC2: no visible global function definition for 'dev.off'
    ORICC2: no visible global function definition for 'par'
    Undefined global functions or variables:
     dev.off jpeg par plot points postscript sd write.table
    Consider adding
     importFrom("grDevices", "dev.off", "jpeg", "postscript")
     importFrom("graphics", "par", "plot", "points")
     importFrom("stats", "sd")
     importFrom("utils", "write.table")
    to your NAMESPACE file.
Flavors: r-devel-linux-x86_64-debian-clang, r-devel-linux-x86_64-debian-gcc, r-devel-linux-x86_64-fedora-clang, r-devel-linux-x86_64-fedora-gcc, r-devel-windows-ix86+x86_64, r-patched-linux-x86_64, r-patched-solaris-x86, r-release-linux-x86_64, r-release-windows-ix86+x86_64, r-release-osx-x86_64, r-oldrel-windows-ix86+x86_64, r-oldrel-osx-x86_64

Version: 1.0-1
Check: for non-standard things in the check directory
Result: NOTE
    Found the following files/directories:
     'cluster of fitted mean data.eps' 'cluster of fitted mean data.txt'
     'cluster of raw data.txt'
Flavors: r-devel-linux-x86_64-debian-clang, r-devel-linux-x86_64-debian-gcc, r-devel-linux-x86_64-fedora-clang, r-devel-linux-x86_64-fedora-gcc