CRAN Package Check Results for Package ORIClust

Last updated on 2016-05-25 03:48:36.

Flavor Version Tinstall Tcheck Ttotal Status Flags
r-devel-linux-x86_64-debian-gcc 1.0-1 0.74 19.95 20.69 NOTE
r-devel-linux-x86_64-fedora-clang 1.0-1 36.76 NOTE
r-devel-linux-x86_64-fedora-gcc 1.0-1 34.98 NOTE
r-devel-osx-x86_64-clang 1.0-1 43.66 NOTE
r-devel-windows-ix86+x86_64 1.0-1 3.00 58.00 61.00 NOTE
r-patched-linux-x86_64 1.0-1 0.65 19.17 19.82 NOTE
r-patched-solaris-sparc 1.0-1 243.40 NOTE
r-patched-solaris-x86 1.0-1 46.70 NOTE
r-release-linux-x86_64 1.0-1 2.66 19.45 22.11 NOTE
r-release-osx-x86_64-mavericks 1.0-1 NOTE
r-release-windows-ix86+x86_64 1.0-1 3.00 58.00 61.00 NOTE
r-oldrel-windows-ix86+x86_64 1.0-1 3.00 35.00 38.00 OK

Check Details

Version: 1.0-1
Check: R code for possible problems
Result: NOTE
    ORICC1: no visible binding for global variable ‘sd’
    ORICC1: no visible global function definition for ‘write.table’
    ORICC1: no visible global function definition for ‘postscript’
    ORICC1: no visible global function definition for ‘jpeg’
    ORICC1: no visible global function definition for ‘plot’
    ORICC1: no visible global function definition for ‘points’
    ORICC1: no visible global function definition for ‘dev.off’
    ORICC1: no visible global function definition for ‘par’
    ORICC2: no visible binding for global variable ‘sd’
    ORICC2: no visible global function definition for ‘write.table’
    ORICC2: no visible global function definition for ‘postscript’
    ORICC2: no visible global function definition for ‘jpeg’
    ORICC2: no visible global function definition for ‘plot’
    ORICC2: no visible global function definition for ‘points’
    ORICC2: no visible global function definition for ‘dev.off’
    ORICC2: no visible global function definition for ‘par’
    Undefined global functions or variables:
     dev.off jpeg par plot points postscript sd write.table
    Consider adding
     importFrom("grDevices", "dev.off", "jpeg", "postscript")
     importFrom("graphics", "par", "plot", "points")
     importFrom("stats", "sd")
     importFrom("utils", "write.table")
    to your NAMESPACE file.
Flavors: r-devel-linux-x86_64-debian-gcc, r-devel-linux-x86_64-fedora-clang, r-devel-linux-x86_64-fedora-gcc, r-devel-osx-x86_64-clang, r-devel-windows-ix86+x86_64, r-patched-linux-x86_64, r-patched-solaris-sparc, r-patched-solaris-x86, r-release-linux-x86_64, r-release-osx-x86_64-mavericks, r-release-windows-ix86+x86_64