CRAN Package Check Results for Package ORMDR

Last updated on 2017-05-29 23:53:07.

Flavor Version Tinstall Tcheck Ttotal Status Flags
r-devel-linux-x86_64-debian-clang 1.3-2 0.94 11.81 12.74 NOTE
r-devel-linux-x86_64-debian-gcc 1.3-2 0.96 11.42 12.37 NOTE
r-devel-linux-x86_64-fedora-clang 1.3-2 20.85 NOTE
r-devel-linux-x86_64-fedora-gcc 1.3-2 19.52 NOTE
r-devel-windows-ix86+x86_64 1.3-2 5.00 51.00 56.00 NOTE
r-patched-linux-x86_64 1.3-2 0.90 11.31 12.22 NOTE
r-patched-solaris-sparc 1.3-2 125.90 NOTE
r-patched-solaris-x86 1.3-2 29.10 NOTE
r-release-linux-x86_64 1.3-2 1.04 11.92 12.96 NOTE
r-release-windows-ix86+x86_64 1.3-2 4.00 32.00 36.00 NOTE
r-release-osx-x86_64 1.3-2 NOTE
r-oldrel-windows-ix86+x86_64 1.3-2 4.00 28.00 32.00 NOTE
r-oldrel-osx-x86_64 1.3-2 NOTE

Check Details

Version: 1.3-2
Check: DESCRIPTION meta-information
Result: NOTE
    Malformed Description field: should contain one or more complete sentences.
Flavors: r-devel-linux-x86_64-debian-clang, r-devel-linux-x86_64-debian-gcc, r-devel-linux-x86_64-fedora-clang, r-devel-linux-x86_64-fedora-gcc, r-devel-windows-ix86+x86_64, r-patched-linux-x86_64, r-patched-solaris-sparc, r-patched-solaris-x86, r-release-linux-x86_64, r-release-windows-ix86+x86_64, r-release-osx-x86_64, r-oldrel-windows-ix86+x86_64, r-oldrel-osx-x86_64

Version: 1.3-2
Check: R code for possible problems
Result: NOTE
    mdr.c: no visible global function definition for ‘combn’
    Undefined global functions or variables:
     combn
    Consider adding
     importFrom("utils", "combn")
    to your NAMESPACE file.
Flavors: r-devel-linux-x86_64-debian-clang, r-devel-linux-x86_64-debian-gcc, r-devel-linux-x86_64-fedora-clang, r-devel-linux-x86_64-fedora-gcc, r-devel-windows-ix86+x86_64, r-patched-linux-x86_64, r-patched-solaris-sparc, r-patched-solaris-x86, r-release-linux-x86_64, r-release-windows-ix86+x86_64, r-release-osx-x86_64, r-oldrel-windows-ix86+x86_64, r-oldrel-osx-x86_64

Version: 1.3-2
Check: compiled code
Result: NOTE
    File ‘ORMDR/libs/ORMDR.so’:
     Found no calls to: ‘R_registerRoutines’, ‘R_useDynamicSymbols’
    
    It is good practice to register native routines and to disable symbol
    search.
    
    See ‘Writing portable packages’ in the ‘Writing R Extensions’ manual.
Flavors: r-devel-linux-x86_64-debian-clang, r-devel-linux-x86_64-debian-gcc, r-devel-linux-x86_64-fedora-clang, r-devel-linux-x86_64-fedora-gcc, r-patched-linux-x86_64, r-release-linux-x86_64