CRAN Package Check Results for Package ORMDR

Last updated on 2017-01-16 15:51:03.

Flavor Version Tinstall Tcheck Ttotal Status Flags
r-devel-linux-x86_64-debian-clang 1.3-2 0.95 11.51 12.47 NOTE
r-devel-linux-x86_64-debian-gcc 1.3-2 0.88 11.44 12.32 NOTE
r-devel-linux-x86_64-fedora-clang 1.3-2 20.23 NOTE --no-stop-on-test-error
r-devel-linux-x86_64-fedora-gcc 1.3-2 19.30 NOTE --no-stop-on-test-error
r-devel-macos-x86_64-clang 1.3-2 18.02 NOTE --no-stop-on-test-error
r-devel-windows-ix86+x86_64 1.3-2 8.00 31.00 39.00 NOTE
r-patched-linux-x86_64 1.3-2 0.78 10.32 11.10 NOTE
r-patched-solaris-sparc 1.3-2 107.80 NOTE
r-patched-solaris-x86 1.3-2 24.00 NOTE
r-release-linux-x86_64 1.3-2 0.88 10.31 11.18 NOTE
r-release-osx-x86_64-mavericks 1.3-2 NOTE
r-release-windows-ix86+x86_64 1.3-2 4.00 28.00 32.00 NOTE
r-oldrel-windows-ix86+x86_64 1.3-2 5.00 25.00 30.00 NOTE

Check Details

Version: 1.3-2
Check: DESCRIPTION meta-information
Result: NOTE
    Malformed Description field: should contain one or more complete sentences.
Flavors: r-devel-linux-x86_64-debian-clang, r-devel-linux-x86_64-debian-gcc, r-devel-windows-ix86+x86_64, r-patched-linux-x86_64, r-patched-solaris-sparc, r-patched-solaris-x86, r-release-linux-x86_64, r-release-osx-x86_64-mavericks, r-release-windows-ix86+x86_64, r-oldrel-windows-ix86+x86_64

Version: 1.3-2
Check: R code for possible problems
Result: NOTE
    mdr.c: no visible global function definition for ‘combn’
    Undefined global functions or variables:
     combn
    Consider adding
     importFrom("utils", "combn")
    to your NAMESPACE file.
Flavors: r-devel-linux-x86_64-debian-clang, r-devel-linux-x86_64-debian-gcc, r-devel-windows-ix86+x86_64, r-patched-linux-x86_64, r-patched-solaris-sparc, r-patched-solaris-x86, r-release-linux-x86_64, r-release-osx-x86_64-mavericks, r-release-windows-ix86+x86_64

Version: 1.3-2
Flags: --no-stop-on-test-error
Check: DESCRIPTION meta-information
Result: NOTE
    Malformed Description field: should contain one or more complete sentences.
Flavors: r-devel-linux-x86_64-fedora-clang, r-devel-linux-x86_64-fedora-gcc, r-devel-macos-x86_64-clang

Version: 1.3-2
Flags: --no-stop-on-test-error
Check: R code for possible problems
Result: NOTE
    mdr.c: no visible global function definition for ‘combn’
    Undefined global functions or variables:
     combn
    Consider adding
     importFrom("utils", "combn")
    to your NAMESPACE file.
Flavors: r-devel-linux-x86_64-fedora-clang, r-devel-linux-x86_64-fedora-gcc, r-devel-macos-x86_64-clang

Version: 1.3-2
Flags: --no-stop-on-test-error
Check: compiled code
Result: NOTE
    File ‘ORMDR/libs/ORMDR.so’:
     Found no calls to: ‘R_registerRoutines’, ‘R_useDynamicSymbols’
    
    It is good practice to use registered native symbols and disable symbol
    search.
    
    See ‘Writing portable packages’ in the ‘Writing R Extensions’ manual.
Flavor: r-devel-linux-x86_64-fedora-gcc