CRAN Package Check Results for Package ORMDR

Last updated on 2015-09-03 23:47:41.

Flavor Version Tinstall Tcheck Ttotal Status Flags
r-devel-linux-x86_64-debian-clang 1.3-2 0.74 9.40 10.14 NOTE
r-devel-linux-x86_64-debian-gcc 1.3-2 0.84 9.30 10.14 NOTE
r-devel-linux-x86_64-fedora-clang 1.3-2 18.56 NOTE
r-devel-linux-x86_64-fedora-gcc 1.3-2 18.21 NOTE
r-devel-osx-x86_64-clang 1.3-2 19.37 NOTE
r-devel-windows-ix86+x86_64 1.3-2 4.00 24.00 28.00 NOTE
r-patched-linux-x86_64 1.3-2 0.84 9.81 10.65 NOTE
r-patched-solaris-sparc 1.3-2 130.30 NOTE
r-patched-solaris-x86 1.3-2 29.40 NOTE
r-release-linux-x86_64 1.3-2 0.84 9.88 10.72 NOTE
r-release-osx-x86_64-mavericks 1.3-2 NOTE
r-release-windows-ix86+x86_64 1.3-2 5.00 35.00 40.00 NOTE
r-oldrel-windows-ix86+x86_64 1.3-2 8.00 26.00 34.00 OK

Check Details

Version: 1.3-2
Check: DESCRIPTION meta-information
Result: NOTE
    Malformed Description field: should contain one or more complete sentences.
Flavors: r-devel-linux-x86_64-debian-clang, r-devel-linux-x86_64-debian-gcc, r-devel-linux-x86_64-fedora-clang, r-devel-linux-x86_64-fedora-gcc, r-devel-osx-x86_64-clang, r-devel-windows-ix86+x86_64, r-patched-linux-x86_64, r-patched-solaris-sparc, r-patched-solaris-x86, r-release-linux-x86_64, r-release-osx-x86_64-mavericks, r-release-windows-ix86+x86_64

Version: 1.3-2
Check: R code for possible problems
Result: NOTE
    mdr.c: no visible global function definition for ‘combn’
    Undefined global functions or variables:
     combn
    Consider adding
     importFrom("utils", "combn")
    to your NAMESPACE.
Flavors: r-devel-linux-x86_64-debian-clang, r-devel-linux-x86_64-debian-gcc, r-devel-linux-x86_64-fedora-clang, r-devel-linux-x86_64-fedora-gcc, r-devel-windows-ix86+x86_64