CRAN Package Check Results for Package ORMDR

Last updated on 2016-05-31 11:50:28.

Flavor Version Tinstall Tcheck Ttotal Status Flags
r-devel-linux-x86_64-debian-gcc 1.3-2 0.78 9.71 10.49 NOTE
r-devel-linux-x86_64-fedora-clang 1.3-2 17.61 NOTE
r-devel-linux-x86_64-fedora-gcc 1.3-2 16.74 NOTE
r-devel-osx-x86_64-clang 1.3-2 21.60 NOTE
r-devel-windows-ix86+x86_64 1.3-2 5.00 28.00 33.00 NOTE
r-patched-linux-x86_64 1.3-2 0.95 10.53 11.48 NOTE
r-patched-solaris-sparc 1.3-2 107.20 NOTE
r-patched-solaris-x86 1.3-2 24.10 NOTE
r-release-linux-x86_64 1.3-2 0.80 9.74 10.54 NOTE
r-release-osx-x86_64-mavericks 1.3-2 NOTE
r-release-windows-ix86+x86_64 1.3-2 6.00 40.00 46.00 NOTE
r-oldrel-windows-ix86+x86_64 1.3-2 4.00 23.00 27.00 NOTE

Check Details

Version: 1.3-2
Check: DESCRIPTION meta-information
Result: NOTE
    Malformed Description field: should contain one or more complete sentences.
Flavors: r-devel-linux-x86_64-debian-gcc, r-devel-linux-x86_64-fedora-clang, r-devel-linux-x86_64-fedora-gcc, r-devel-osx-x86_64-clang, r-devel-windows-ix86+x86_64, r-patched-linux-x86_64, r-patched-solaris-sparc, r-patched-solaris-x86, r-release-linux-x86_64, r-release-osx-x86_64-mavericks, r-release-windows-ix86+x86_64, r-oldrel-windows-ix86+x86_64

Version: 1.3-2
Check: R code for possible problems
Result: NOTE
    mdr.c: no visible global function definition for ‘combn’
    Undefined global functions or variables:
     combn
    Consider adding
     importFrom("utils", "combn")
    to your NAMESPACE file.
Flavors: r-devel-linux-x86_64-debian-gcc, r-devel-linux-x86_64-fedora-clang, r-devel-linux-x86_64-fedora-gcc, r-devel-osx-x86_64-clang, r-devel-windows-ix86+x86_64, r-patched-linux-x86_64, r-patched-solaris-sparc, r-patched-solaris-x86, r-release-linux-x86_64, r-release-osx-x86_64-mavericks, r-release-windows-ix86+x86_64