CRAN Package Check Results for Package ORMDR

Last updated on 2015-03-06 21:48:27.

Flavor Version Tinstall Tcheck Ttotal Status Flags
r-devel-linux-x86_64-debian-clang 1.3-2 0.85 9.82 10.67 NOTE
r-devel-linux-x86_64-debian-gcc 1.3-2 0.77 9.83 10.60 NOTE
r-devel-linux-x86_64-fedora-clang 1.3-2 20.76 NOTE
r-devel-linux-x86_64-fedora-gcc 1.3-2 19.92 NOTE
r-devel-osx-x86_64-clang 1.3-2 24.30 NOTE
r-devel-windows-ix86+x86_64 1.3-2 7.00 23.00 30.00 NOTE
r-patched-linux-x86_64 1.3-2 0.83 10.69 11.52 OK
r-patched-solaris-sparc 1.3-2 157.70 OK
r-patched-solaris-x86 1.3-2 33.70 OK
r-release-linux-ix86 1.3-2 1.21 18.11 19.32 OK
r-release-linux-x86_64 1.3-2 0.91 10.75 11.66 OK
r-release-osx-x86_64-mavericks 1.3-2 OK
r-release-windows-ix86+x86_64 1.3-2 5.00 22.00 27.00 OK
r-oldrel-windows-ix86+x86_64 1.3-2 4.00 23.00 27.00 OK

Check Details

Version: 1.3-2
Check: DESCRIPTION meta-information
Result: NOTE
    Malformed Description field: should contain one or more complete sentences.
Flavors: r-devel-linux-x86_64-debian-clang, r-devel-linux-x86_64-debian-gcc, r-devel-linux-x86_64-fedora-clang, r-devel-linux-x86_64-fedora-gcc, r-devel-osx-x86_64-clang, r-devel-windows-ix86+x86_64