CRAN Package Check Results for Package ORMDR

Last updated on 2016-12-10 12:53:55.

Flavor Version Tinstall Tcheck Ttotal Status Flags
r-devel-linux-x86_64-debian-clang 1.3-2 1.00 10.97 11.97 NOTE
r-devel-linux-x86_64-debian-gcc 1.3-2 0.95 11.40 12.35 NOTE
r-devel-linux-x86_64-fedora-clang 1.3-2 22.23 NOTE --no-stop-on-test-error
r-devel-linux-x86_64-fedora-gcc 1.3-2 20.12 NOTE --no-stop-on-test-error
r-devel-macos-x86_64-clang 1.3-2 18.50 NOTE --no-stop-on-test-error
r-devel-windows-ix86+x86_64 1.3-2 10.00 41.00 51.00 NOTE
r-patched-linux-x86_64 1.3-2 0.76 9.65 10.41 NOTE
r-patched-solaris-sparc 1.3-2 105.40 NOTE
r-patched-solaris-x86 1.3-2 23.70 NOTE
r-release-linux-x86_64 1.3-2 0.83 9.60 10.43 NOTE
r-release-osx-x86_64-mavericks 1.3-2 NOTE
r-release-windows-ix86+x86_64 1.3-2 4.00 28.00 32.00 NOTE
r-oldrel-windows-ix86+x86_64 1.3-2 5.00 25.00 30.00 NOTE

Check Details

Version: 1.3-2
Check: DESCRIPTION meta-information
Result: NOTE
    Malformed Description field: should contain one or more complete sentences.
Flavors: r-devel-linux-x86_64-debian-clang, r-devel-linux-x86_64-debian-gcc, r-devel-windows-ix86+x86_64, r-patched-linux-x86_64, r-patched-solaris-sparc, r-patched-solaris-x86, r-release-linux-x86_64, r-release-osx-x86_64-mavericks, r-release-windows-ix86+x86_64, r-oldrel-windows-ix86+x86_64

Version: 1.3-2
Check: R code for possible problems
Result: NOTE
    mdr.c: no visible global function definition for ‘combn’
    Undefined global functions or variables:
     combn
    Consider adding
     importFrom("utils", "combn")
    to your NAMESPACE file.
Flavors: r-devel-linux-x86_64-debian-clang, r-devel-linux-x86_64-debian-gcc, r-devel-windows-ix86+x86_64, r-patched-linux-x86_64, r-patched-solaris-sparc, r-patched-solaris-x86, r-release-linux-x86_64, r-release-osx-x86_64-mavericks, r-release-windows-ix86+x86_64

Version: 1.3-2
Flags: --no-stop-on-test-error
Check: DESCRIPTION meta-information
Result: NOTE
    Malformed Description field: should contain one or more complete sentences.
Flavors: r-devel-linux-x86_64-fedora-clang, r-devel-linux-x86_64-fedora-gcc, r-devel-macos-x86_64-clang

Version: 1.3-2
Flags: --no-stop-on-test-error
Check: R code for possible problems
Result: NOTE
    mdr.c: no visible global function definition for ‘combn’
    Undefined global functions or variables:
     combn
    Consider adding
     importFrom("utils", "combn")
    to your NAMESPACE file.
Flavors: r-devel-linux-x86_64-fedora-clang, r-devel-linux-x86_64-fedora-gcc, r-devel-macos-x86_64-clang