CRAN Package Check Results for Package ORMDR

Last updated on 2016-09-27 18:47:56.

Flavor Version Tinstall Tcheck Ttotal Status Flags
r-devel-linux-x86_64-debian-clang 1.3-2 0.88 9.33 10.21 NOTE
r-devel-linux-x86_64-debian-gcc 1.3-2 0.84 9.90 10.74 NOTE
r-devel-linux-x86_64-fedora-clang 1.3-2 18.31 NOTE
r-devel-linux-x86_64-fedora-gcc 1.3-2 17.01 NOTE
r-devel-macos-x86_64-clang 1.3-2 15.98 NOTE
r-devel-windows-ix86+x86_64 1.3-2 6.00 28.00 34.00 NOTE
r-patched-linux-x86_64 1.3-2 0.79 9.65 10.43 NOTE
r-patched-solaris-sparc 1.3-2 105.40 NOTE
r-patched-solaris-x86 1.3-2 23.50 NOTE
r-release-linux-x86_64 1.3-2 0.83 10.29 11.13 NOTE
r-release-osx-x86_64-mavericks 1.3-2 NOTE
r-release-windows-ix86+x86_64 1.3-2 4.00 28.00 32.00 NOTE
r-oldrel-windows-ix86+x86_64 1.3-2 4.00 23.00 27.00 NOTE

Check Details

Version: 1.3-2
Check: DESCRIPTION meta-information
Result: NOTE
    Malformed Description field: should contain one or more complete sentences.
Flavors: r-devel-linux-x86_64-debian-clang, r-devel-linux-x86_64-debian-gcc, r-devel-linux-x86_64-fedora-clang, r-devel-linux-x86_64-fedora-gcc, r-devel-macos-x86_64-clang, r-devel-windows-ix86+x86_64, r-patched-linux-x86_64, r-patched-solaris-sparc, r-patched-solaris-x86, r-release-linux-x86_64, r-release-osx-x86_64-mavericks, r-release-windows-ix86+x86_64, r-oldrel-windows-ix86+x86_64

Version: 1.3-2
Check: R code for possible problems
Result: NOTE
    mdr.c: no visible global function definition for ‘combn’
    Undefined global functions or variables:
     combn
    Consider adding
     importFrom("utils", "combn")
    to your NAMESPACE file.
Flavors: r-devel-linux-x86_64-debian-clang, r-devel-linux-x86_64-debian-gcc, r-devel-linux-x86_64-fedora-clang, r-devel-linux-x86_64-fedora-gcc, r-devel-macos-x86_64-clang, r-devel-windows-ix86+x86_64, r-patched-linux-x86_64, r-patched-solaris-sparc, r-patched-solaris-x86, r-release-linux-x86_64, r-release-osx-x86_64-mavericks, r-release-windows-ix86+x86_64