CRAN Package Check Results for Package ORMDR

Last updated on 2015-04-27 05:47:39.

Flavor Version Tinstall Tcheck Ttotal Status Flags
r-devel-linux-x86_64-debian-clang 1.3-2 0.85 9.94 10.79 NOTE
r-devel-linux-x86_64-debian-gcc 1.3-2 0.78 9.89 10.67 NOTE
r-devel-linux-x86_64-fedora-clang 1.3-2 20.38 NOTE
r-devel-linux-x86_64-fedora-gcc 1.3-2 19.09 NOTE
r-devel-osx-x86_64-clang 1.3-2 23.50 NOTE
r-devel-windows-ix86+x86_64 1.3-2 5.00 23.00 28.00 NOTE
r-patched-linux-x86_64 1.3-2 0.77 9.93 10.70 NOTE
r-patched-solaris-sparc 1.3-2 135.80 NOTE
r-patched-solaris-x86 1.3-2 28.80 NOTE
r-release-linux-x86_64 1.3-2 0.75 9.68 10.43 NOTE
r-release-osx-x86_64-mavericks 1.3-2 NOTE
r-release-osx-x86_64-snowleopard 1.3-2 NOTE
r-release-windows-ix86+x86_64 1.3-2 4.00 23.00 27.00 NOTE
r-oldrel-windows-ix86+x86_64 1.3-2 8.00 26.00 34.00 OK

Check Details

Version: 1.3-2
Check: DESCRIPTION meta-information
Result: NOTE
    Malformed Description field: should contain one or more complete sentences.
Flavors: r-devel-linux-x86_64-debian-clang, r-devel-linux-x86_64-debian-gcc, r-devel-linux-x86_64-fedora-clang, r-devel-linux-x86_64-fedora-gcc, r-devel-osx-x86_64-clang, r-devel-windows-ix86+x86_64, r-patched-solaris-sparc, r-patched-solaris-x86, r-release-osx-x86_64-mavericks, r-release-osx-x86_64-snowleopard, r-release-windows-ix86+x86_64