CRAN Package Check Results for Package OSDR

Last updated on 2020-09-18 19:49:11 CEST.

Flavor Version Tinstall Tcheck Ttotal Status Flags
r-devel-linux-x86_64-debian-clang 1.1.3 1.96 22.05 24.01 OK
r-devel-linux-x86_64-debian-gcc 1.1.3 1.49 17.36 18.85 OK
r-devel-linux-x86_64-fedora-clang 1.1.3 38.83 NOTE
r-devel-linux-x86_64-fedora-gcc 1.1.3 28.87 OK
r-devel-windows-ix86+x86_64 1.1.3 5.00 35.00 40.00 OK
r-patched-linux-x86_64 1.1.3 1.56 21.63 23.19 OK
r-patched-solaris-x86 1.1.3 44.80 OK
r-release-linux-x86_64 1.1.3 1.79 21.92 23.71 OK
r-release-macos-x86_64 1.1.3 OK
r-release-windows-ix86+x86_64 1.1.3 4.00 42.00 46.00 OK
r-oldrel-macos-x86_64 1.1.3 OK
r-oldrel-windows-ix86+x86_64 1.1.3 3.00 41.00 44.00 OK

Check Details

Version: 1.1.3
Check: Rd cross-references
Result: NOTE
    Undeclared package ‘maxmatching’ in Rd xrefs
Flavor: r-devel-linux-x86_64-fedora-clang