Last updated on 2021-04-11 20:47:16 CEST.
Flavor | Version | Tinstall | Tcheck | Ttotal | Status | Flags |
---|---|---|---|---|---|---|
r-devel-linux-x86_64-debian-clang | 0.1.0 | 20.39 | 348.35 | 368.74 | OK | |
r-devel-linux-x86_64-debian-gcc | 0.1.0 | 15.08 | 254.09 | 269.17 | OK | |
r-devel-linux-x86_64-fedora-clang | 0.1.0 | 431.06 | NOTE | |||
r-devel-linux-x86_64-fedora-gcc | 0.1.0 | 455.43 | OK | |||
r-devel-windows-ix86+x86_64 | 0.1.0 | 44.00 | 416.00 | 460.00 | OK | |
r-devel-windows-x86_64-gcc10-UCRT | 0.1.0 | OK | ||||
r-patched-linux-x86_64 | 0.1.0 | 19.09 | 330.76 | 349.85 | OK | |
r-patched-solaris-x86 | 0.1.0 | 557.80 | OK | |||
r-release-linux-x86_64 | 0.1.0 | 18.57 | 332.53 | 351.10 | OK | |
r-release-macos-x86_64 | 0.1.0 | OK | ||||
r-release-windows-ix86+x86_64 | 0.1.0 | 44.00 | 441.00 | 485.00 | OK | |
r-oldrel-macos-x86_64 | 0.1.0 | OK | ||||
r-oldrel-windows-ix86+x86_64 | 0.1.0 | 26.00 | 298.00 | 324.00 | OK |
Version: 0.1.0
Check: Rd cross-references
Result: NOTE
Undeclared package ‘survey’ in Rd xrefs
Flavor: r-devel-linux-x86_64-fedora-clang