CRAN Package Check Results for Package OUwie

Last updated on 2017-05-24 11:50:00.

Flavor Version Tinstall Tcheck Ttotal Status Flags
r-devel-linux-x86_64-debian-clang 1.50 4.18 54.60 58.78 OK
r-devel-linux-x86_64-debian-gcc 1.50 3.96 54.92 58.89 OK
r-devel-linux-x86_64-fedora-clang 1.50 131.57 OK --no-stop-on-test-error
r-devel-linux-x86_64-fedora-gcc 1.50 123.13 OK --no-stop-on-test-error
r-devel-windows-ix86+x86_64 1.50 11.00 114.00 125.00 OK
r-patched-linux-x86_64 1.50 4.09 55.15 59.24 OK
r-patched-solaris-sparc 1.50 744.20 OK
r-patched-solaris-x86 1.50 161.60 OK
r-release-linux-x86_64 1.50 4.00 56.43 60.43 OK
r-release-windows-ix86+x86_64 1.50 12.00 132.00 144.00 OK
r-release-osx-x86_64 1.50 ERROR
r-oldrel-windows-ix86+x86_64 1.50 14.00 122.00 136.00 OK
r-oldrel-osx-x86_64 1.50 OK

Check Details

Version: 1.50
Check: package dependencies
Result: ERROR
    Package required but not available: ‘Rmpfr’
    
    See section ‘The DESCRIPTION file’ in the ‘Writing R Extensions’
    manual.
Flavor: r-release-osx-x86_64