CRAN Package Check Results for Package OUwie

Last updated on 2014-04-17 05:47:14.

Flavor Version Tinstall Tcheck Ttotal Status Flags
r-devel-linux-x86_64-debian-clang 1.42 4.82 56.56 61.38 OK
r-devel-linux-x86_64-debian-gcc 1.42 4.81 55.60 60.41 OK
r-devel-linux-x86_64-fedora-clang 1.42 135.77 OK
r-devel-linux-x86_64-fedora-gcc 1.42 64.34 OK
r-devel-macosx-x86_64-clang 1.42 120.69 OK
r-devel-macosx-x86_64-gcc 1.42 ERROR
r-devel-windows-ix86+x86_64 1.42 14.00 86.00 100.00 OK
r-patched-linux-x86_64 1.42 4.77 56.22 60.99 OK
r-patched-solaris-sparc 1.42 644.90 OK
r-patched-solaris-x86 1.42 136.30 OK
r-release-linux-ix86 1.42 10.00 93.00 103.00 OK
r-release-linux-x86_64 1.42 4.77 55.98 60.76 OK
r-release-macosx-x86_64 1.42 OK
r-release-windows-ix86+x86_64 1.42 13.00 88.00 101.00 OK
r-oldrel-windows-ix86+x86_64 1.42 13.00 84.00 97.00 OK

Check Details

Version: 1.42
Check: package dependencies
Result: ERROR
    Packages required but not available: ‘phytools’ ‘phangorn’
    
    See the information on DESCRIPTION files in the chapter ‘Creating R
    packages’ of the ‘Writing R Extensions’ manual.
Flavor: r-devel-macosx-x86_64-gcc