CRAN Package Check Results for Package OUwie

Last updated on 2015-04-28 17:46:58.

Flavor Version Tinstall Tcheck Ttotal Status Flags
r-devel-linux-x86_64-debian-clang 1.45 3.28 41.40 44.68 OK
r-devel-linux-x86_64-debian-gcc 1.45 3.00 41.07 44.07 OK
r-devel-linux-x86_64-fedora-clang 1.45 93.20 OK
r-devel-linux-x86_64-fedora-gcc 1.45 91.13 OK
r-devel-osx-x86_64-clang 1.45 80.73 OK
r-devel-windows-ix86+x86_64 1.45 9.00 64.00 73.00 OK
r-patched-linux-x86_64 1.45 3.24 42.84 46.08 OK
r-patched-solaris-sparc 1.45 534.10 OK
r-patched-solaris-x86 1.45 130.50 OK
r-release-linux-x86_64 1.45 3.06 41.39 44.45 OK
r-release-osx-x86_64-mavericks 1.45 OK
r-release-osx-x86_64-snowleopard 1.45 ERROR
r-release-windows-ix86+x86_64 1.45 9.00 64.00 73.00 OK
r-oldrel-windows-ix86+x86_64 1.45 15.00 88.00 103.00 OK

Check Details

Version: 1.45
Check: package dependencies
Result: ERROR
    Packages required but not available: ‘phytools’ ‘phangorn’
    
    See section ‘The DESCRIPTION file’ in the ‘Writing R Extensions’
    manual.
Flavor: r-release-osx-x86_64-snowleopard