CRAN Package Check Results for Package OUwie

Last updated on 2016-05-03 23:46:57.

Flavor Version Tinstall Tcheck Ttotal Status Flags
r-devel-linux-x86_64-debian-gcc 1.49 4.11 51.91 56.02 OK
r-devel-linux-x86_64-fedora-clang 1.49 110.70 OK
r-devel-linux-x86_64-fedora-gcc 1.49 102.60 OK
r-devel-osx-x86_64-clang 1.49 122.77 OK
r-devel-windows-ix86+x86_64 1.49 12.00 96.00 108.00 OK
r-patched-linux-x86_64 1.49 4.00 51.65 55.65 OK
r-patched-solaris-sparc 1.49 747.90 OK
r-patched-solaris-x86 1.49 137.30 OK
r-release-linux-x86_64 1.49 4.57 56.56 61.13 OK
r-release-osx-x86_64-mavericks 1.49 OK
r-release-windows-ix86+x86_64 1.49 3.00 1.00 4.00 ERROR
r-oldrel-windows-ix86+x86_64 1.48 32.00 111.00 143.00 ERROR

Check Details

Version: 1.49
Check: whether package can be installed
Result: ERROR
    Installation failed.
Flavor: r-release-windows-ix86+x86_64

Version: 1.48
Check: dependencies in R code
Result: NOTE
    Error in validObject(.Object) :
     invalid class "ObjectsWithPackage" object: superclass "atomicVector" not defined in the environment of the object's class
    Execution halted
Flavor: r-oldrel-windows-ix86+x86_64

Version: 1.48
Check: replacement functions
Result: WARN
    Error in validObject(.Object) :
     invalid class "ObjectsWithPackage" object: superclass "atomicVector" not defined in the environment of the object's class
    Calls: <Anonymous> ... metaNameUndo -> new -> initialize -> initialize -> validObject
    Execution halted
    The argument of a replacement function which corresponds to the right
    hand side must be named 'value'.
Flavor: r-oldrel-windows-ix86+x86_64

Version: 1.48
Check: foreign function calls
Result: NOTE
    Error in validObject(.Object) :
     invalid class "ObjectsWithPackage" object: superclass "atomicVector" not defined in the environment of the object's class
    Calls: <Anonymous> ... metaNameUndo -> new -> initialize -> initialize -> validObject
    Execution halted
    See chapter 'System and foreign language interfaces' in the 'Writing R
    Extensions' manual.
Flavor: r-oldrel-windows-ix86+x86_64

Version: 1.48
Check: R code for possible problems
Result: NOTE
    Error in validObject(.Object) :
     invalid class "ObjectsWithPackage" object: superclass "atomicVector" not defined in the environment of the object's class
    Calls: <Anonymous> ... metaNameUndo -> new -> initialize -> initialize -> validObject
    Execution halted
Flavor: r-oldrel-windows-ix86+x86_64

Version: 1.48
Check: for missing documentation entries
Result: ERROR
    Error in validObject(.Object) :
     invalid class "ObjectsWithPackage" object: superclass "atomicVector" not defined in the environment of the object's class
    Calls: <Anonymous> ... metaNameUndo -> new -> initialize -> initialize -> validObject
    Execution halted
Flavor: r-oldrel-windows-ix86+x86_64