CRAN Package Check Results for Package OUwie

Last updated on 2016-02-10 11:55:22.

Flavor Version Tinstall Tcheck Ttotal Status Flags
r-devel-linux-x86_64-debian-gcc 1.48 3.96 52.38 56.34 OK
r-devel-linux-x86_64-fedora-clang 1.48 112.60 OK
r-devel-linux-x86_64-fedora-gcc 1.48 105.43 OK
r-devel-osx-x86_64-clang 1.48 124.50 OK
r-devel-windows-ix86+x86_64 1.48 16.00 81.00 97.00 OK
r-patched-linux-x86_64 1.48 3.91 54.74 58.65 OK
r-patched-solaris-sparc 1.48 1159.30 OK
r-patched-solaris-x86 1.48 142.40 OK
r-release-linux-x86_64 1.48 4.18 54.98 59.16 OK
r-release-osx-x86_64-mavericks 1.48 OK
r-release-windows-ix86+x86_64 1.48 19.00 91.00 110.00 OK
r-oldrel-windows-ix86+x86_64 1.48 33.00 139.00 172.00 ERROR

Check Details

Version: 1.48
Check: dependencies in R code
Result: NOTE
    Error in validObject(.Object) :
     invalid class "ObjectsWithPackage" object: superclass "atomicVector" not defined in the environment of the object's class
    Execution halted
Flavor: r-oldrel-windows-ix86+x86_64

Version: 1.48
Check: replacement functions
Result: WARN
    Error in validObject(.Object) :
     invalid class "ObjectsWithPackage" object: superclass "atomicVector" not defined in the environment of the object's class
    Calls: <Anonymous> ... metaNameUndo -> new -> initialize -> initialize -> validObject
    Execution halted
    The argument of a replacement function which corresponds to the right
    hand side must be named 'value'.
Flavor: r-oldrel-windows-ix86+x86_64

Version: 1.48
Check: foreign function calls
Result: NOTE
    Error in validObject(.Object) :
     invalid class "ObjectsWithPackage" object: superclass "atomicVector" not defined in the environment of the object's class
    Calls: <Anonymous> ... metaNameUndo -> new -> initialize -> initialize -> validObject
    Execution halted
    See chapter 'System and foreign language interfaces' in the 'Writing R
    Extensions' manual.
Flavor: r-oldrel-windows-ix86+x86_64

Version: 1.48
Check: R code for possible problems
Result: NOTE
    Error in validObject(.Object) :
     invalid class "ObjectsWithPackage" object: superclass "atomicVector" not defined in the environment of the object's class
    Calls: <Anonymous> ... metaNameUndo -> new -> initialize -> initialize -> validObject
    Execution halted
Flavor: r-oldrel-windows-ix86+x86_64

Version: 1.48
Check: for missing documentation entries
Result: ERROR
    Error in validObject(.Object) :
     invalid class "ObjectsWithPackage" object: superclass "atomicVector" not defined in the environment of the object's class
    Calls: <Anonymous> ... metaNameUndo -> new -> initialize -> initialize -> validObject
    Execution halted
Flavor: r-oldrel-windows-ix86+x86_64