CRAN Package Check Results for Package OUwie

Last updated on 2015-08-31 16:51:55.

Flavor Version Tinstall Tcheck Ttotal Status Flags
r-devel-linux-x86_64-debian-clang 1.45 2.89 41.77 44.66 NOTE
r-devel-linux-x86_64-debian-gcc 1.45 2.84 40.23 43.07 NOTE
r-devel-linux-x86_64-fedora-clang 1.45 90.48 NOTE
r-devel-linux-x86_64-fedora-gcc 1.45 85.72 NOTE
r-devel-osx-x86_64-clang 1.45 76.48 OK
r-devel-windows-ix86+x86_64 1.45 13.00 85.00 98.00 NOTE
r-patched-linux-x86_64 1.45 3.05 42.36 45.41 OK
r-patched-solaris-sparc 1.45 564.70 OK
r-patched-solaris-x86 1.45 133.00 OK
r-release-linux-x86_64 1.45 3.18 42.82 46.00 OK
r-release-osx-x86_64-mavericks 1.45 OK
r-release-windows-ix86+x86_64 1.45 13.00 71.00 84.00 OK
r-oldrel-windows-ix86+x86_64 1.45 24.00 108.00 132.00 OK

Check Details

Version: 1.45
Check: R code for possible problems
Result: NOTE
    OUwie.sim: no visible global function definition for ‘rnorm’
    mat.gen: no visible global function definition for ‘reorder’
    Undefined global functions or variables:
     reorder rnorm
    Consider adding
     importFrom("stats", "reorder", "rnorm")
    to your NAMESPACE.
Flavors: r-devel-linux-x86_64-debian-clang, r-devel-linux-x86_64-debian-gcc, r-devel-linux-x86_64-fedora-clang, r-devel-linux-x86_64-fedora-gcc, r-devel-windows-ix86+x86_64