CRAN Package Check Results for Package OUwie

Last updated on 2015-07-29 10:47:50.

Flavor Version Tinstall Tcheck Ttotal Status Flags
r-devel-linux-x86_64-debian-clang 1.45 3.12 42.72 45.84 NOTE
r-devel-linux-x86_64-debian-gcc 1.45 2.96 42.78 45.74 NOTE
r-devel-linux-x86_64-fedora-clang 1.45 94.74 NOTE
r-devel-linux-x86_64-fedora-gcc 1.45 87.44 NOTE
r-devel-osx-x86_64-clang 1.45 84.16 OK
r-devel-windows-ix86+x86_64 1.45 9.00 63.00 72.00 NOTE
r-patched-linux-x86_64 1.45 2.92 41.92 44.84 OK
r-patched-solaris-sparc 1.45 564.70 OK
r-patched-solaris-x86 1.45 131.80 OK
r-release-linux-x86_64 1.45 3.19 41.90 45.09 OK
r-release-osx-x86_64-mavericks 1.45 OK
r-release-windows-ix86+x86_64 1.45 12.00 65.00 77.00 OK
r-oldrel-windows-ix86+x86_64 1.45 21.00 101.00 122.00 OK

Check Details

Version: 1.45
Check: R code for possible problems
Result: NOTE
    OUwie.sim: no visible global function definition for ‘rnorm’
    mat.gen: no visible global function definition for ‘reorder’
    Undefined global functions or variables:
     reorder rnorm
    Consider adding
     importFrom("stats", "reorder", "rnorm")
    to your NAMESPACE.
Flavors: r-devel-linux-x86_64-debian-clang, r-devel-linux-x86_64-debian-gcc, r-devel-linux-x86_64-fedora-clang, r-devel-linux-x86_64-fedora-gcc, r-devel-windows-ix86+x86_64