CRAN Package Check Results for Package OUwie

Last updated on 2017-06-22 15:48:36.

Flavor Version Tinstall Tcheck Ttotal Status Flags
r-devel-linux-x86_64-debian-clang 1.50 3.96 55.90 59.86 OK
r-devel-linux-x86_64-debian-gcc 1.50 4.46 57.10 61.56 OK
r-devel-linux-x86_64-fedora-clang 1.50 129.47 OK
r-devel-linux-x86_64-fedora-gcc 1.50 139.09 OK
r-devel-windows-ix86+x86_64 1.50 14.00 130.00 144.00 OK
r-patched-linux-x86_64 1.50 4.52 56.53 61.05 OK
r-patched-solaris-sparc 1.50 744.20 OK
r-patched-solaris-x86 1.50 163.00 OK
r-release-linux-x86_64 1.50 4.08 55.54 59.62 OK
r-release-windows-ix86+x86_64 1.50 17.00 100.00 117.00 OK
r-release-osx-x86_64 1.50 ERROR
r-oldrel-windows-ix86+x86_64 1.50 15.00 96.00 111.00 OK
r-oldrel-osx-x86_64 1.50 OK

Check Details

Version: 1.50
Check: package dependencies
Result: ERROR
    Package required but not available: ‘Rmpfr’
    
    See section ‘The DESCRIPTION file’ in the ‘Writing R Extensions’
    manual.
Flavor: r-release-osx-x86_64