CRAN Package Check Results for Package OUwie

Last updated on 2015-05-28 03:47:32.

Flavor Version Tinstall Tcheck Ttotal Status Flags
r-devel-linux-x86_64-debian-clang 1.45 3.08 41.55 44.63 OK
r-devel-linux-x86_64-debian-gcc 1.45 3.15 41.06 44.21 OK
r-devel-linux-x86_64-fedora-clang 1.45 92.84 OK
r-devel-linux-x86_64-fedora-gcc 1.45 88.47 OK
r-devel-osx-x86_64-clang 1.45 80.34 OK
r-devel-windows-ix86+x86_64 1.45 9.00 63.00 72.00 OK
r-patched-linux-x86_64 1.45 2.98 40.51 43.49 OK
r-patched-solaris-sparc 1.45 549.90 OK
r-patched-solaris-x86 1.45 123.70 OK
r-release-linux-x86_64 1.45 3.24 41.83 45.07 OK
r-release-osx-x86_64-mavericks 1.45 OK
r-release-osx-x86_64-snowleopard 1.45 ERROR
r-release-windows-ix86+x86_64 1.45 9.00 62.00 71.00 OK
r-oldrel-windows-ix86+x86_64 1.45 17.00 91.00 108.00 OK

Check Details

Version: 1.45
Check: package dependencies
Result: ERROR
    Packages required but not available: ‘phytools’ ‘phangorn’
    
    See section ‘The DESCRIPTION file’ in the ‘Writing R Extensions’
    manual.
Flavor: r-release-osx-x86_64-snowleopard