CRAN Package Check Results for Package OWEA

Last updated on 2022-08-14 02:51:50 CEST.

Flavor Version Tinstall Tcheck Ttotal Status Flags
r-devel-linux-x86_64-debian-clang 0.1.1 3.38 30.71 34.09 NOTE
r-devel-linux-x86_64-debian-gcc 0.1.1 2.26 23.52 25.78 NOTE
r-devel-linux-x86_64-fedora-clang 0.1.1 49.81 NOTE
r-devel-linux-x86_64-fedora-gcc 0.1.1 49.15 NOTE
r-devel-windows-x86_64 0.1.1 14.00 56.00 70.00 NOTE
r-patched-linux-x86_64 0.1.1 3.50 29.63 33.13 NOTE
r-release-linux-x86_64 0.1.1 2.59 29.41 32.00 NOTE
r-release-macos-arm64 0.1.1 19.00 NOTE
r-release-macos-x86_64 0.1.1 30.00 NOTE
r-release-windows-x86_64 0.1.1 12.00 54.00 66.00 NOTE
r-oldrel-macos-arm64 0.1.1 16.00 NOTE
r-oldrel-macos-x86_64 0.1.1 28.00 NOTE
r-oldrel-windows-ix86+x86_64 0.1.1 7.00 45.00 52.00 NOTE

Check Details

Version: 0.1.1
Check: LazyData
Result: NOTE
     'LazyData' is specified without a 'data' directory
Flavors: r-devel-linux-x86_64-debian-clang, r-devel-linux-x86_64-debian-gcc, r-devel-linux-x86_64-fedora-clang, r-devel-linux-x86_64-fedora-gcc, r-devel-windows-x86_64, r-patched-linux-x86_64, r-release-linux-x86_64, r-release-macos-arm64, r-release-macos-x86_64, r-release-windows-x86_64, r-oldrel-macos-arm64, r-oldrel-macos-x86_64, r-oldrel-windows-ix86+x86_64

Version: 0.1.1
Check: HTML version of manual
Result: NOTE
    Found the following HTML validation problems:
    eff.html:65:38: Warning: nested emphasis <code>
    eff.html:71:38: Warning: nested emphasis <code>
Flavors: r-devel-linux-x86_64-debian-clang, r-devel-linux-x86_64-debian-gcc