CRAN Package Check Results for Package OasisR

Last updated on 2019-06-20 04:51:59 CEST.

Flavor Version Tinstall Tcheck Ttotal Status Flags
r-devel-linux-x86_64-debian-clang 3.0.1 8.18 109.93 118.11 OK
r-devel-linux-x86_64-debian-gcc 3.0.1 7.62 89.06 96.68 NOTE
r-devel-linux-x86_64-fedora-clang 3.0.1 139.92 OK
r-devel-linux-x86_64-fedora-gcc 3.0.1 135.68 OK
r-devel-windows-ix86+x86_64 3.0.1 21.00 169.00 190.00 OK
r-patched-linux-x86_64 3.0.1 8.22 108.65 116.87 OK
r-patched-solaris-x86 3.0.1 207.70 OK
r-release-linux-x86_64 3.0.1 7.42 109.77 117.19 OK
r-release-windows-ix86+x86_64 3.0.1 18.00 166.00 184.00 OK
r-release-osx-x86_64 3.0.1 OK
r-oldrel-windows-ix86+x86_64 3.0.0 17.00 124.00 141.00 OK
r-oldrel-osx-x86_64 3.0.1 ERROR

Check Details

Version: 3.0.1
Check: package vignettes
Result: NOTE
    Package vignette with placeholder title ‘Vignette Title’:
     ‘Dimensions_of_segregation.Rmd’
Flavor: r-devel-linux-x86_64-debian-gcc

Version: 3.0.1
Check: package dependencies
Result: ERROR
    Package required and available but unsuitable version: ‘methods’
    
    See section ‘The DESCRIPTION file’ in the ‘Writing R Extensions’
    manual.
Flavor: r-oldrel-osx-x86_64