CRAN Package Check Results for Package OasisR

Last updated on 2019-09-23 11:48:24 CEST.

Flavor Version Tinstall Tcheck Ttotal Status Flags
r-devel-linux-x86_64-debian-clang 3.0.1 8.19 111.62 119.81 NOTE
r-devel-linux-x86_64-debian-gcc 3.0.1 7.47 89.70 97.17 NOTE
r-devel-linux-x86_64-fedora-clang 3.0.1 139.95 OK
r-devel-linux-x86_64-fedora-gcc 3.0.1 139.63 OK
r-devel-windows-ix86+x86_64 3.0.1 24.00 165.00 189.00 NOTE
r-patched-linux-x86_64 3.0.1 7.29 109.60 116.89 OK
r-patched-solaris-x86 3.0.1 188.00 OK
r-release-linux-x86_64 3.0.1 8.66 110.64 119.30 OK
r-release-windows-ix86+x86_64 3.0.1 18.00 162.00 180.00 OK
r-release-osx-x86_64 3.0.1 OK
r-oldrel-windows-ix86+x86_64 3.0.0 17.00 124.00 141.00 OK
r-oldrel-osx-x86_64 3.0.1 ERROR

Check Details

Version: 3.0.1
Check: package vignettes
Result: NOTE
    Package vignette with placeholder title 'Vignette Title':
     'Dimensions_of_segregation.Rmd'
Flavors: r-devel-linux-x86_64-debian-clang, r-devel-linux-x86_64-debian-gcc, r-devel-windows-ix86+x86_64

Version: 3.0.1
Check: package dependencies
Result: ERROR
    Package required and available but unsuitable version: ‘methods’
    
    See section ‘The DESCRIPTION file’ in the ‘Writing R Extensions’
    manual.
Flavor: r-oldrel-osx-x86_64