CRAN Package Check Results for Package Ohmage

Last updated on 2016-06-30 12:52:46.

Flavor Version Tinstall Tcheck Ttotal Status Flags
r-devel-linux-x86_64-debian-gcc 2.11-4 1.31 16.58 17.89 NOTE
r-devel-linux-x86_64-fedora-clang 2.11-4 27.85 NOTE
r-devel-linux-x86_64-fedora-gcc 2.11-4 25.61 NOTE
r-devel-osx-x86_64-clang 2.11-4 24.12 NOTE
r-devel-windows-ix86+x86_64 2.11-4 5.00 34.00 39.00 NOTE
r-patched-linux-x86_64 2.11-4 1.08 16.57 17.66 NOTE
r-patched-solaris-sparc 2.11-4 176.40 NOTE
r-patched-solaris-x86 2.11-4 40.30 NOTE
r-release-linux-x86_64 2.11-4 1.26 17.08 18.34 NOTE
r-release-osx-x86_64-mavericks 2.11-4 NOTE
r-release-windows-ix86+x86_64 2.11-4 4.00 49.00 53.00 NOTE
r-oldrel-windows-ix86+x86_64 2.11-4 4.00 32.00 36.00 NOTE

Check Details

Version: 2.11-4
Check: dependencies in R code
Result: NOTE
    'library' or 'require' call to ‘XML’ in package code.
     Please use :: or requireNamespace() instead.
     See section 'Suggested packages' in the 'Writing R Extensions' manual.
Flavors: r-devel-linux-x86_64-debian-gcc, r-devel-linux-x86_64-fedora-clang, r-devel-linux-x86_64-fedora-gcc, r-devel-osx-x86_64-clang, r-devel-windows-ix86+x86_64, r-patched-linux-x86_64, r-patched-solaris-sparc, r-patched-solaris-x86, r-release-linux-x86_64, r-release-osx-x86_64-mavericks, r-release-windows-ix86+x86_64, r-oldrel-windows-ix86+x86_64

Version: 2.11-4
Check: S3 generic/method consistency
Result: NOTE
    Found the following apparent S3 methods exported but not registered:
     as.vector.multifactor
    See section ‘Registering S3 methods’ in the ‘Writing R Extensions’
    manual.
Flavors: r-devel-linux-x86_64-debian-gcc, r-devel-linux-x86_64-fedora-clang, r-devel-linux-x86_64-fedora-gcc, r-devel-osx-x86_64-clang, r-patched-linux-x86_64, r-patched-solaris-sparc, r-patched-solaris-x86, r-release-linux-x86_64

Version: 2.11-4
Check: R code for possible problems
Result: NOTE
    multifactor: no visible global function definition for ‘na.omit’
    ruuid: no visible global function definition for ‘runif’
    Undefined global functions or variables:
     na.omit runif
    Consider adding
     importFrom("stats", "na.omit", "runif")
    to your NAMESPACE file.
Flavors: r-devel-linux-x86_64-debian-gcc, r-devel-linux-x86_64-fedora-clang, r-devel-linux-x86_64-fedora-gcc, r-devel-osx-x86_64-clang, r-devel-windows-ix86+x86_64, r-patched-linux-x86_64, r-patched-solaris-sparc, r-patched-solaris-x86, r-release-linux-x86_64, r-release-osx-x86_64-mavericks, r-release-windows-ix86+x86_64