CRAN Package Check Results for Package Ohmage

Last updated on 2017-06-23 04:47:13.

Flavor Version Tinstall Tcheck Ttotal Status Flags
r-devel-linux-x86_64-debian-clang 2.11-4 1.30 17.59 18.89 NOTE
r-devel-linux-x86_64-debian-gcc 2.11-4 1.02 17.35 18.37 NOTE
r-devel-linux-x86_64-fedora-clang 2.11-4 32.11 NOTE
r-devel-linux-x86_64-fedora-gcc 2.11-4 32.68 NOTE
r-devel-windows-ix86+x86_64 2.11-4 4.00 35.00 39.00 NOTE
r-patched-linux-x86_64 2.11-4 1.37 17.49 18.85 NOTE
r-patched-solaris-sparc 2.11-4 192.10 NOTE
r-patched-solaris-x86 2.11-4 44.90 NOTE
r-release-linux-x86_64 2.11-4 1.07 17.79 18.86 NOTE
r-release-windows-ix86+x86_64 2.11-4 5.00 45.00 50.00 NOTE
r-release-osx-x86_64 2.11-4 NOTE
r-oldrel-windows-ix86+x86_64 2.11-4 7.00 47.00 54.00 NOTE
r-oldrel-osx-x86_64 2.11-4 NOTE

Check Details

Version: 2.11-4
Check: dependencies in R code
Result: NOTE
    'library' or 'require' call to ‘XML’ in package code.
     Please use :: or requireNamespace() instead.
     See section 'Suggested packages' in the 'Writing R Extensions' manual.
Flavors: r-devel-linux-x86_64-debian-clang, r-devel-linux-x86_64-debian-gcc, r-devel-linux-x86_64-fedora-clang, r-devel-linux-x86_64-fedora-gcc, r-devel-windows-ix86+x86_64, r-patched-linux-x86_64, r-patched-solaris-sparc, r-patched-solaris-x86, r-release-linux-x86_64, r-release-windows-ix86+x86_64, r-release-osx-x86_64, r-oldrel-windows-ix86+x86_64, r-oldrel-osx-x86_64

Version: 2.11-4
Check: S3 generic/method consistency
Result: NOTE
    Found the following apparent S3 methods exported but not registered:
     as.vector.multifactor
    See section ‘Registering S3 methods’ in the ‘Writing R Extensions’
    manual.
Flavors: r-devel-linux-x86_64-debian-clang, r-devel-linux-x86_64-debian-gcc, r-devel-linux-x86_64-fedora-clang, r-devel-linux-x86_64-fedora-gcc, r-patched-linux-x86_64, r-patched-solaris-sparc, r-patched-solaris-x86, r-release-linux-x86_64

Version: 2.11-4
Check: R code for possible problems
Result: NOTE
    multifactor: no visible global function definition for ‘na.omit’
    ruuid: no visible global function definition for ‘runif’
    Undefined global functions or variables:
     na.omit runif
    Consider adding
     importFrom("stats", "na.omit", "runif")
    to your NAMESPACE file.
Flavors: r-devel-linux-x86_64-debian-clang, r-devel-linux-x86_64-debian-gcc, r-devel-linux-x86_64-fedora-clang, r-devel-linux-x86_64-fedora-gcc, r-devel-windows-ix86+x86_64, r-patched-linux-x86_64, r-patched-solaris-sparc, r-patched-solaris-x86, r-release-linux-x86_64, r-release-windows-ix86+x86_64, r-release-osx-x86_64, r-oldrel-windows-ix86+x86_64, r-oldrel-osx-x86_64