CRAN Package Check Results for Package Ohmage

Last updated on 2017-12-17 04:47:11 CET.

Flavor Version Tinstall Tcheck Ttotal Status Flags
r-devel-linux-x86_64-debian-clang 2.11-4 1.35 25.48 26.83 NOTE
r-devel-linux-x86_64-debian-gcc 2.11-4 1.12 21.07 22.19 NOTE
r-devel-linux-x86_64-fedora-clang 2.11-4 31.22 NOTE
r-devel-linux-x86_64-fedora-gcc 2.11-4 30.64 NOTE
r-devel-windows-ix86+x86_64 2.11-4 3.00 40.00 43.00 NOTE
r-patched-linux-x86_64 2.11-4 1.42 25.12 26.54 NOTE
r-patched-solaris-x86 2.11-4 45.40 NOTE
r-release-linux-x86_64 2.11-4 1.48 24.90 26.38 NOTE
r-release-windows-ix86+x86_64 2.11-4 3.00 36.00 39.00 NOTE
r-release-osx-x86_64 2.11-4 NOTE
r-oldrel-windows-ix86+x86_64 2.11-4 8.00 42.00 50.00 NOTE
r-oldrel-osx-x86_64 2.11-4 NOTE

Check Details

Version: 2.11-4
Check: dependencies in R code
Result: NOTE
    'library' or 'require' call to ‘XML’ in package code.
     Please use :: or requireNamespace() instead.
     See section 'Suggested packages' in the 'Writing R Extensions' manual.
Flavors: r-devel-linux-x86_64-debian-clang, r-devel-linux-x86_64-debian-gcc, r-devel-linux-x86_64-fedora-clang, r-devel-linux-x86_64-fedora-gcc, r-devel-windows-ix86+x86_64, r-patched-linux-x86_64, r-patched-solaris-x86, r-release-linux-x86_64, r-release-windows-ix86+x86_64, r-release-osx-x86_64, r-oldrel-windows-ix86+x86_64, r-oldrel-osx-x86_64

Version: 2.11-4
Check: S3 generic/method consistency
Result: NOTE
    Found the following apparent S3 methods exported but not registered:
     as.vector.multifactor
    See section ‘Registering S3 methods’ in the ‘Writing R Extensions’
    manual.
Flavors: r-devel-linux-x86_64-debian-clang, r-devel-linux-x86_64-debian-gcc, r-devel-linux-x86_64-fedora-clang, r-devel-linux-x86_64-fedora-gcc, r-patched-linux-x86_64, r-patched-solaris-x86, r-release-linux-x86_64

Version: 2.11-4
Check: R code for possible problems
Result: NOTE
    multifactor: no visible global function definition for ‘na.omit’
    ruuid: no visible global function definition for ‘runif’
    Undefined global functions or variables:
     na.omit runif
    Consider adding
     importFrom("stats", "na.omit", "runif")
    to your NAMESPACE file.
Flavors: r-devel-linux-x86_64-debian-clang, r-devel-linux-x86_64-debian-gcc, r-devel-linux-x86_64-fedora-clang, r-devel-linux-x86_64-fedora-gcc, r-devel-windows-ix86+x86_64, r-patched-linux-x86_64, r-patched-solaris-x86, r-release-linux-x86_64, r-release-windows-ix86+x86_64, r-release-osx-x86_64, r-oldrel-windows-ix86+x86_64, r-oldrel-osx-x86_64