CRAN Package Check Results for Package Ohmage

Last updated on 2017-04-28 23:52:32.

Flavor Version Tinstall Tcheck Ttotal Status Flags
r-devel-linux-x86_64-debian-clang 2.11-4 1.03 17.33 18.36 NOTE
r-devel-linux-x86_64-debian-gcc 2.11-4 0.99 17.29 18.29 NOTE
r-devel-linux-x86_64-fedora-clang 2.11-4 31.59 NOTE --no-stop-on-test-error
r-devel-linux-x86_64-fedora-gcc 2.11-4 30.38 NOTE --no-stop-on-test-error
r-devel-windows-ix86+x86_64 2.11-4 5.00 53.00 58.00 NOTE
r-patched-linux-x86_64 2.11-4 1.04 17.18 18.22 NOTE
r-patched-solaris-sparc 2.11-4 192.10 NOTE
r-patched-solaris-x86 2.11-4 44.10 NOTE
r-release-linux-x86_64 2.11-4 1.05 18.21 19.26 NOTE
r-release-windows-ix86+x86_64 2.11-4 3.00 35.00 38.00 NOTE
r-release-osx-x86_64 2.11-4 NOTE
r-oldrel-windows-ix86+x86_64 2.11-4 11.00 45.00 56.00 NOTE
r-oldrel-osx-x86_64 2.11-4 NOTE

Check Details

Version: 2.11-4
Check: dependencies in R code
Result: NOTE
    'library' or 'require' call to ‘XML’ in package code.
     Please use :: or requireNamespace() instead.
     See section 'Suggested packages' in the 'Writing R Extensions' manual.
Flavors: r-devel-linux-x86_64-debian-clang, r-devel-linux-x86_64-debian-gcc, r-devel-windows-ix86+x86_64, r-patched-linux-x86_64, r-patched-solaris-sparc, r-patched-solaris-x86, r-release-linux-x86_64, r-release-windows-ix86+x86_64, r-release-osx-x86_64, r-oldrel-windows-ix86+x86_64, r-oldrel-osx-x86_64

Version: 2.11-4
Check: S3 generic/method consistency
Result: NOTE
    Found the following apparent S3 methods exported but not registered:
     as.vector.multifactor
    See section ‘Registering S3 methods’ in the ‘Writing R Extensions’
    manual.
Flavors: r-devel-linux-x86_64-debian-clang, r-devel-linux-x86_64-debian-gcc, r-patched-linux-x86_64, r-patched-solaris-sparc, r-patched-solaris-x86, r-release-linux-x86_64

Version: 2.11-4
Check: R code for possible problems
Result: NOTE
    multifactor: no visible global function definition for ‘na.omit’
    ruuid: no visible global function definition for ‘runif’
    Undefined global functions or variables:
     na.omit runif
    Consider adding
     importFrom("stats", "na.omit", "runif")
    to your NAMESPACE file.
Flavors: r-devel-linux-x86_64-debian-clang, r-devel-linux-x86_64-debian-gcc, r-devel-windows-ix86+x86_64, r-patched-linux-x86_64, r-patched-solaris-sparc, r-patched-solaris-x86, r-release-linux-x86_64, r-release-windows-ix86+x86_64, r-release-osx-x86_64, r-oldrel-windows-ix86+x86_64, r-oldrel-osx-x86_64

Version: 2.11-4
Flags: --no-stop-on-test-error
Check: dependencies in R code
Result: NOTE
    'library' or 'require' call to ‘XML’ in package code.
     Please use :: or requireNamespace() instead.
     See section 'Suggested packages' in the 'Writing R Extensions' manual.
Flavors: r-devel-linux-x86_64-fedora-clang, r-devel-linux-x86_64-fedora-gcc

Version: 2.11-4
Flags: --no-stop-on-test-error
Check: S3 generic/method consistency
Result: NOTE
    Found the following apparent S3 methods exported but not registered:
     as.vector.multifactor
    See section ‘Registering S3 methods’ in the ‘Writing R Extensions’
    manual.
Flavors: r-devel-linux-x86_64-fedora-clang, r-devel-linux-x86_64-fedora-gcc

Version: 2.11-4
Flags: --no-stop-on-test-error
Check: R code for possible problems
Result: NOTE
    multifactor: no visible global function definition for ‘na.omit’
    ruuid: no visible global function definition for ‘runif’
    Undefined global functions or variables:
     na.omit runif
    Consider adding
     importFrom("stats", "na.omit", "runif")
    to your NAMESPACE file.
Flavors: r-devel-linux-x86_64-fedora-clang, r-devel-linux-x86_64-fedora-gcc