CRAN Package Check Results for Package Ohmage

Last updated on 2015-09-01 03:49:05.

Flavor Version Tinstall Tcheck Ttotal Status Flags
r-devel-linux-x86_64-debian-clang 2.11-4 0.90 14.66 15.56 NOTE
r-devel-linux-x86_64-debian-gcc 2.11-4 0.89 14.62 15.51 NOTE
r-devel-linux-x86_64-fedora-clang 2.11-4 30.72 NOTE
r-devel-linux-x86_64-fedora-gcc 2.11-4 28.19 NOTE
r-devel-osx-x86_64-clang 2.11-4 28.95 NOTE
r-devel-windows-ix86+x86_64 2.11-4 4.00 28.00 32.00 NOTE
r-patched-linux-x86_64 2.11-4 1.03 15.02 16.05 NOTE
r-patched-solaris-sparc 2.11-4 205.90 NOTE
r-patched-solaris-x86 2.11-4 45.50 NOTE
r-release-linux-x86_64 2.11-4 1.06 15.40 16.46 NOTE
r-release-osx-x86_64-mavericks 2.11-4 NOTE
r-release-windows-ix86+x86_64 2.11-4 5.00 43.00 48.00 NOTE
r-oldrel-windows-ix86+x86_64 2.11-4 5.00 29.00 34.00 NOTE

Check Details

Version: 2.11-4
Check: dependencies in R code
Result: NOTE
    'library' or 'require' call to ‘XML’ in package code.
     Please use :: or requireNamespace() instead.
     See section 'Suggested packages' in the 'Writing R Extensions' manual.
Flavors: r-devel-linux-x86_64-debian-clang, r-devel-linux-x86_64-debian-gcc, r-devel-linux-x86_64-fedora-clang, r-devel-linux-x86_64-fedora-gcc, r-devel-osx-x86_64-clang, r-devel-windows-ix86+x86_64, r-patched-linux-x86_64, r-patched-solaris-sparc, r-patched-solaris-x86, r-release-linux-x86_64, r-release-osx-x86_64-mavericks, r-release-windows-ix86+x86_64, r-oldrel-windows-ix86+x86_64

Version: 2.11-4
Check: S3 generic/method consistency
Result: NOTE
    Found the following apparent S3 methods exported but not registered:
     as.vector.multifactor
    See section ‘Registering S3 methods’ in the ‘Writing R Extensions’
    manual.
Flavors: r-devel-linux-x86_64-debian-clang, r-devel-linux-x86_64-debian-gcc, r-devel-linux-x86_64-fedora-clang, r-devel-linux-x86_64-fedora-gcc, r-devel-osx-x86_64-clang, r-patched-linux-x86_64, r-patched-solaris-sparc, r-patched-solaris-x86, r-release-linux-x86_64

Version: 2.11-4
Check: R code for possible problems
Result: NOTE
    multifactor: no visible global function definition for ‘na.omit’
    ruuid: no visible global function definition for ‘runif’
    Undefined global functions or variables:
     na.omit runif
    Consider adding
     importFrom("stats", "na.omit", "runif")
    to your NAMESPACE.
Flavors: r-devel-linux-x86_64-debian-clang, r-devel-linux-x86_64-debian-gcc, r-devel-linux-x86_64-fedora-clang, r-devel-linux-x86_64-fedora-gcc, r-devel-windows-ix86+x86_64