CRAN Package Check Results for Package Ohmage

Last updated on 2016-12-04 20:47:11.

Flavor Version Tinstall Tcheck Ttotal Status Flags
r-devel-linux-x86_64-debian-clang 2.11-4 1.07 16.68 17.75 NOTE
r-devel-linux-x86_64-debian-gcc 2.11-4 1.02 16.30 17.31 NOTE
r-devel-linux-x86_64-fedora-clang 2.11-4 34.30 NOTE --no-stop-on-test-error
r-devel-linux-x86_64-fedora-gcc 2.11-4 31.58 NOTE --no-stop-on-test-error
r-devel-macos-x86_64-clang 2.11-4 27.76 NOTE
r-devel-windows-ix86+x86_64 2.11-4 5.00 49.00 54.00 NOTE
r-patched-linux-x86_64 2.11-4 1.00 14.87 15.88 NOTE
r-patched-solaris-sparc 2.11-4 176.40 NOTE
r-patched-solaris-x86 2.11-4 40.70 NOTE
r-release-linux-x86_64 2.11-4 1.10 15.04 16.14 NOTE
r-release-osx-x86_64-mavericks 2.11-4 NOTE
r-release-windows-ix86+x86_64 2.11-4 10.00 61.00 71.00 NOTE
r-oldrel-windows-ix86+x86_64 2.11-4 5.00 40.00 45.00 NOTE

Check Details

Version: 2.11-4
Check: dependencies in R code
Result: NOTE
    'library' or 'require' call to ‘XML’ in package code.
     Please use :: or requireNamespace() instead.
     See section 'Suggested packages' in the 'Writing R Extensions' manual.
Flavors: r-devel-linux-x86_64-debian-clang, r-devel-linux-x86_64-debian-gcc, r-devel-macos-x86_64-clang, r-devel-windows-ix86+x86_64, r-patched-linux-x86_64, r-patched-solaris-sparc, r-patched-solaris-x86, r-release-linux-x86_64, r-release-osx-x86_64-mavericks, r-release-windows-ix86+x86_64, r-oldrel-windows-ix86+x86_64

Version: 2.11-4
Check: S3 generic/method consistency
Result: NOTE
    Found the following apparent S3 methods exported but not registered:
     as.vector.multifactor
    See section ‘Registering S3 methods’ in the ‘Writing R Extensions’
    manual.
Flavors: r-devel-linux-x86_64-debian-clang, r-devel-linux-x86_64-debian-gcc, r-devel-macos-x86_64-clang, r-patched-linux-x86_64, r-patched-solaris-sparc, r-patched-solaris-x86, r-release-linux-x86_64

Version: 2.11-4
Check: R code for possible problems
Result: NOTE
    multifactor: no visible global function definition for ‘na.omit’
    ruuid: no visible global function definition for ‘runif’
    Undefined global functions or variables:
     na.omit runif
    Consider adding
     importFrom("stats", "na.omit", "runif")
    to your NAMESPACE file.
Flavors: r-devel-linux-x86_64-debian-clang, r-devel-linux-x86_64-debian-gcc, r-devel-macos-x86_64-clang, r-devel-windows-ix86+x86_64, r-patched-linux-x86_64, r-patched-solaris-sparc, r-patched-solaris-x86, r-release-linux-x86_64, r-release-osx-x86_64-mavericks, r-release-windows-ix86+x86_64

Version: 2.11-4
Flags: --no-stop-on-test-error
Check: dependencies in R code
Result: NOTE
    'library' or 'require' call to ‘XML’ in package code.
     Please use :: or requireNamespace() instead.
     See section 'Suggested packages' in the 'Writing R Extensions' manual.
Flavors: r-devel-linux-x86_64-fedora-clang, r-devel-linux-x86_64-fedora-gcc

Version: 2.11-4
Flags: --no-stop-on-test-error
Check: S3 generic/method consistency
Result: NOTE
    Found the following apparent S3 methods exported but not registered:
     as.vector.multifactor
    See section ‘Registering S3 methods’ in the ‘Writing R Extensions’
    manual.
Flavors: r-devel-linux-x86_64-fedora-clang, r-devel-linux-x86_64-fedora-gcc

Version: 2.11-4
Flags: --no-stop-on-test-error
Check: R code for possible problems
Result: NOTE
    multifactor: no visible global function definition for ‘na.omit’
    ruuid: no visible global function definition for ‘runif’
    Undefined global functions or variables:
     na.omit runif
    Consider adding
     importFrom("stats", "na.omit", "runif")
    to your NAMESPACE file.
Flavors: r-devel-linux-x86_64-fedora-clang, r-devel-linux-x86_64-fedora-gcc