CRAN Package Check Results for Package Ohmage

Last updated on 2015-04-18 23:50:17.

Flavor Version Tinstall Tcheck Ttotal Status Flags
r-devel-linux-x86_64-debian-clang 2.11-4 1.01 15.48 16.48 NOTE
r-devel-linux-x86_64-debian-gcc 2.11-4 1.06 15.02 16.08 NOTE
r-devel-linux-x86_64-fedora-clang 2.11-4 32.32 NOTE
r-devel-linux-x86_64-fedora-gcc 2.11-4 30.65 NOTE
r-devel-osx-x86_64-clang 2.11-4 33.90 NOTE
r-patched-linux-x86_64 2.11-4 0.99 15.04 16.03 NOTE
r-patched-solaris-sparc 2.11-4 203.60 NOTE
r-patched-solaris-x86 2.11-4 45.50 NOTE
r-release-linux-x86_64 2.11-4 0.98 15.05 16.03 NOTE
r-release-osx-x86_64-mavericks 2.11-4 NOTE
r-release-osx-x86_64-snowleopard 2.11-4 NOTE
r-release-windows-ix86+x86_64 2.11-4 3.00 29.00 32.00 NOTE
r-oldrel-windows-ix86+x86_64 2.11-4 5.00 29.00 34.00 OK

Check Details

Version: 2.11-4
Check: dependencies in R code
Result: NOTE
    'library' or 'require' call to ‘XML’ in package code.
     Please use :: or requireNamespace() instead.
     See section 'Suggested packages' in the 'Writing R Extensions' manual.
Flavors: r-devel-linux-x86_64-debian-clang, r-devel-linux-x86_64-debian-gcc, r-devel-linux-x86_64-fedora-clang, r-devel-linux-x86_64-fedora-gcc, r-devel-osx-x86_64-clang, r-patched-linux-x86_64, r-patched-solaris-sparc, r-patched-solaris-x86, r-release-linux-x86_64, r-release-osx-x86_64-mavericks, r-release-osx-x86_64-snowleopard, r-release-windows-ix86+x86_64

Version: 2.11-4
Check: S3 generic/method consistency
Result: NOTE
    Found the following apparent S3 methods exported but not registered:
     as.vector.multifactor
    See section ‘Registering S3 methods’ in the ‘Writing R Extensions’
    manual.
Flavors: r-devel-linux-x86_64-debian-clang, r-devel-linux-x86_64-debian-gcc, r-devel-linux-x86_64-fedora-clang, r-devel-linux-x86_64-fedora-gcc, r-devel-osx-x86_64-clang, r-patched-linux-x86_64, r-release-linux-x86_64

Version: 2.11-4
Check: package dependencies
Result: NOTE
    Package suggested but not available for checking: ‘XML’
Flavor: r-release-osx-x86_64-snowleopard