CRAN Package Check Results for Package Ohmage

Last updated on 2017-02-23 07:47:51.

Flavor Version Tinstall Tcheck Ttotal Status Flags
r-devel-linux-x86_64-debian-clang 2.11-4 0.96 17.23 18.19 NOTE
r-devel-linux-x86_64-debian-gcc 2.11-4 1.20 17.39 18.59 NOTE
r-devel-linux-x86_64-fedora-clang 2.11-4 31.28 NOTE --no-stop-on-test-error
r-devel-linux-x86_64-fedora-gcc 2.11-4 29.81 NOTE --no-stop-on-test-error
r-devel-macos-x86_64-clang 2.11-4 27.04 NOTE --no-stop-on-test-error
r-devel-windows-ix86+x86_64 2.11-4 8.00 50.00 58.00 NOTE
r-patched-linux-x86_64 2.11-4 1.04 15.20 16.24 NOTE
r-patched-solaris-sparc 2.11-4 182.90 NOTE
r-patched-solaris-x86 2.11-4 40.40 NOTE
r-release-linux-x86_64 2.11-4 0.96 15.77 16.73 NOTE
r-release-osx-x86_64-mavericks 2.11-4 NOTE
r-release-windows-ix86+x86_64 2.11-4 10.00 61.00 71.00 NOTE
r-oldrel-windows-ix86+x86_64 2.11-4 5.00 40.00 45.00 NOTE

Check Details

Version: 2.11-4
Check: dependencies in R code
Result: NOTE
    'library' or 'require' call to ‘XML’ in package code.
     Please use :: or requireNamespace() instead.
     See section 'Suggested packages' in the 'Writing R Extensions' manual.
Flavors: r-devel-linux-x86_64-debian-clang, r-devel-linux-x86_64-debian-gcc, r-devel-windows-ix86+x86_64, r-patched-linux-x86_64, r-patched-solaris-sparc, r-patched-solaris-x86, r-release-linux-x86_64, r-release-osx-x86_64-mavericks, r-release-windows-ix86+x86_64, r-oldrel-windows-ix86+x86_64

Version: 2.11-4
Check: S3 generic/method consistency
Result: NOTE
    Found the following apparent S3 methods exported but not registered:
     as.vector.multifactor
    See section ‘Registering S3 methods’ in the ‘Writing R Extensions’
    manual.
Flavors: r-devel-linux-x86_64-debian-clang, r-devel-linux-x86_64-debian-gcc, r-patched-linux-x86_64, r-patched-solaris-sparc, r-patched-solaris-x86, r-release-linux-x86_64

Version: 2.11-4
Check: R code for possible problems
Result: NOTE
    multifactor: no visible global function definition for ‘na.omit’
    ruuid: no visible global function definition for ‘runif’
    Undefined global functions or variables:
     na.omit runif
    Consider adding
     importFrom("stats", "na.omit", "runif")
    to your NAMESPACE file.
Flavors: r-devel-linux-x86_64-debian-clang, r-devel-linux-x86_64-debian-gcc, r-devel-windows-ix86+x86_64, r-patched-linux-x86_64, r-patched-solaris-sparc, r-patched-solaris-x86, r-release-linux-x86_64, r-release-osx-x86_64-mavericks, r-release-windows-ix86+x86_64

Version: 2.11-4
Flags: --no-stop-on-test-error
Check: dependencies in R code
Result: NOTE
    'library' or 'require' call to ‘XML’ in package code.
     Please use :: or requireNamespace() instead.
     See section 'Suggested packages' in the 'Writing R Extensions' manual.
Flavors: r-devel-linux-x86_64-fedora-clang, r-devel-linux-x86_64-fedora-gcc, r-devel-macos-x86_64-clang

Version: 2.11-4
Flags: --no-stop-on-test-error
Check: S3 generic/method consistency
Result: NOTE
    Found the following apparent S3 methods exported but not registered:
     as.vector.multifactor
    See section ‘Registering S3 methods’ in the ‘Writing R Extensions’
    manual.
Flavors: r-devel-linux-x86_64-fedora-clang, r-devel-linux-x86_64-fedora-gcc, r-devel-macos-x86_64-clang

Version: 2.11-4
Flags: --no-stop-on-test-error
Check: R code for possible problems
Result: NOTE
    multifactor: no visible global function definition for ‘na.omit’
    ruuid: no visible global function definition for ‘runif’
    Undefined global functions or variables:
     na.omit runif
    Consider adding
     importFrom("stats", "na.omit", "runif")
    to your NAMESPACE file.
Flavors: r-devel-linux-x86_64-fedora-clang, r-devel-linux-x86_64-fedora-gcc, r-devel-macos-x86_64-clang