CRAN Package Check Results for Package Ohmage

Last updated on 2014-08-29 21:47:44.

Flavor Version Tinstall Tcheck Ttotal Status Flags
r-devel-linux-x86_64-debian-gcc 2.11-3 1.16 16.23 17.40 NOTE
r-patched-linux-x86_64 2.11-3 1.22 17.10 18.32 OK
r-release-linux-ix86 2.11-3 1.69 23.38 25.07 OK
r-release-linux-x86_64 2.11-3 1.25 17.11 18.36 OK
r-release-osx-x86_64-mavericks 2.11-3 OK
r-release-osx-x86_64-snowleopard 2.11-3 OK
r-release-windows-ix86+x86_64 2.11-3 5.00 43.00 48.00 OK
r-oldrel-windows-ix86+x86_64 2.11-3 7.00 30.00 37.00 OK

Check Details

Version: 2.11-3
Check: R code for possible problems
Result: NOTE
    loadtest: no visible global function definition for ‘xmlParse’
    loadtest: no visible global function definition for ‘xmlValue’
    loadtest: no visible global function definition for ‘getNodeSet’
    loadtest.wipe: no visible global function definition for ‘xmlParse’
    loadtest.wipe: no visible global function definition for ‘xmlValue’
    loadtest.wipe: no visible global function definition for ‘getNodeSet’
    oh.campaign.read: no visible global function definition for
     ‘xmlTreeParse’
    setXmlValues: no visible global function definition for ‘xmlParse’
    setXmlValues: no visible global function definition for ‘getNodeSet’
    setXmlValues: no visible global function definition for ‘xmlValue’
    setXmlValues: no visible global function definition for ‘xmlValue<-’
    setXmlValues: no visible global function definition for ‘saveXML’
Flavor: r-devel-linux-x86_64-debian-gcc