CRAN Package Check Results for Package Ohmage

Last updated on 2015-03-31 03:48:36.

Flavor Version Tinstall Tcheck Ttotal Status Flags
r-devel-linux-x86_64-debian-clang 2.11-4 1.10 15.49 16.59 NOTE
r-devel-linux-x86_64-debian-gcc 2.11-4 0.98 15.01 16.00 NOTE
r-devel-linux-x86_64-fedora-clang 2.11-4 32.38 NOTE
r-devel-linux-x86_64-fedora-gcc 2.11-4 29.97 NOTE
r-devel-osx-x86_64-clang 2.11-4 37.33 NOTE
r-prerel-windows-ix86+x86_64 2.11-4 5.00 27.00 32.00 NOTE
r-prerel-linux-x86_64 2.11-4 1.04 15.18 16.22 NOTE
r-prerel-solaris-sparc 2.11-4 203.60 NOTE
r-prerel-solaris-x86 2.11-4 45.20 NOTE
r-release-linux-x86_64 2.11-4 1.24 17.89 19.13 NOTE
r-release-osx-x86_64-mavericks 2.11-4 OK
r-release-osx-x86_64-snowleopard 2.11-4 OK
r-release-windows-ix86+x86_64 2.11-4 5.00 29.00 34.00 NOTE
r-oldrel-windows-ix86+x86_64 2.11-4 5.00 29.00 34.00 OK

Check Details

Version: 2.11-4
Check: dependencies in R code
Result: NOTE
    'library' or 'require' call to ‘XML’ in package code.
     Please use :: or requireNamespace() instead.
     See section 'Suggested packages' in the 'Writing R Extensions' manual.
Flavors: r-devel-linux-x86_64-debian-clang, r-devel-linux-x86_64-debian-gcc, r-devel-linux-x86_64-fedora-clang, r-devel-linux-x86_64-fedora-gcc, r-devel-osx-x86_64-clang, r-prerel-windows-ix86+x86_64, r-prerel-linux-x86_64, r-prerel-solaris-sparc, r-prerel-solaris-x86, r-release-linux-x86_64, r-release-windows-ix86+x86_64

Version: 2.11-4
Check: S3 generic/method consistency
Result: NOTE
    Found the following apparent S3 methods exported but not registered:
     as.vector.multifactor
    See section ‘Registering S3 methods’ in the ‘Writing R Extensions’
    manual.
Flavors: r-devel-linux-x86_64-debian-clang, r-devel-linux-x86_64-debian-gcc, r-devel-linux-x86_64-fedora-clang, r-devel-linux-x86_64-fedora-gcc, r-devel-osx-x86_64-clang, r-prerel-linux-x86_64