CRAN Package Check Results for Package Ohmage

Last updated on 2015-02-28 19:51:13.

Flavor Version Tinstall Tcheck Ttotal Status Flags
r-devel-linux-x86_64-debian-clang 2.11-4 1.34 15.41 16.75 NOTE
r-devel-linux-x86_64-debian-gcc 2.11-4 1.00 14.85 15.85 NOTE
r-devel-linux-x86_64-fedora-clang 2.11-4 32.58 NOTE
r-devel-linux-x86_64-fedora-gcc 2.11-4 29.85 NOTE
r-devel-osx-x86_64-clang 2.11-4 35.65 NOTE
r-devel-windows-ix86+x86_64 2.11-4 4.00 27.00 31.00 NOTE
r-patched-linux-x86_64 2.11-4 1.17 18.33 19.50 NOTE
r-patched-solaris-sparc 2.11-4 247.20 NOTE
r-patched-solaris-x86 2.11-4 53.60 NOTE
r-release-linux-ix86 2.11-4 1.53 23.97 25.50 OK
r-release-linux-x86_64 2.11-4 1.17 18.29 19.46 OK
r-release-osx-x86_64-mavericks 2.11-4 OK
r-release-osx-x86_64-snowleopard 2.11-4 OK
r-release-windows-ix86+x86_64 2.11-4 5.00 28.00 33.00 OK
r-oldrel-windows-ix86+x86_64 2.11-4 4.00 28.00 32.00 OK

Check Details

Version: 2.11-4
Check: dependencies in R code
Result: NOTE
    'library' or 'require' call to ‘XML’ in package code.
     Please use :: or requireNamespace() instead.
     See section 'Suggested packages' in the 'Writing R Extensions' manual.
Flavors: r-devel-linux-x86_64-debian-clang, r-devel-linux-x86_64-debian-gcc, r-devel-linux-x86_64-fedora-clang, r-devel-linux-x86_64-fedora-gcc, r-devel-osx-x86_64-clang, r-devel-windows-ix86+x86_64, r-patched-linux-x86_64, r-patched-solaris-sparc, r-patched-solaris-x86

Version: 2.11-4
Check: S3 generic/method consistency
Result: NOTE
    Found the following apparent S3 methods exported but not registered:
     as.vector.multifactor
    See section ‘Registering S3 methods’ in the ‘Writing R Extensions’
    manual.
Flavors: r-devel-linux-x86_64-debian-clang, r-devel-linux-x86_64-debian-gcc, r-devel-linux-x86_64-fedora-clang, r-devel-linux-x86_64-fedora-gcc, r-devel-osx-x86_64-clang