CRAN Package Check Results for Package Ohmage

Last updated on 2014-04-24 19:54:03.

Flavor Version Tinstall Tcheck Ttotal Status Flags
r-devel-linux-x86_64-debian-clang 2.11-3 1.29 17.48 18.76 OK
r-devel-linux-x86_64-debian-gcc 2.11-3 1.36 17.50 18.86 OK
r-devel-linux-x86_64-fedora-clang 2.11-3 38.11 OK
r-devel-linux-x86_64-fedora-gcc 2.11-3 35.66 OK
r-devel-osx-x86_64-clang 2.11-3 37.89 OK
r-devel-osx-x86_64-gcc 2.11-3 NOTE
r-devel-windows-ix86+x86_64 2.11-3 5.00 28.00 33.00 OK
r-patched-linux-x86_64 2.11-3 1.23 17.52 18.75 OK
r-patched-solaris-sparc 2.11-3 213.00 OK
r-patched-solaris-x86 2.11-3 51.30 OK
r-release-linux-ix86 2.11-3 2.00 33.00 35.00 OK
r-release-linux-x86_64 2.11-3 1.26 17.96 19.22 OK
r-release-osx-x86_64-mavericks 2.11-3 WARN
r-release-osx-x86_64-snowleopard 2.11-3 OK
r-release-windows-ix86+x86_64 2.11-3 8.00 36.00 44.00 OK
r-oldrel-windows-ix86+x86_64 2.11-3 4.00 30.00 34.00 OK

Check Details

Version: 2.11-3
Check: package dependencies
Result: NOTE
    Package suggested but not available for checking: ‘XML’
Flavor: r-devel-osx-x86_64-gcc

Version: 2.11-3
Check: R code for possible problems
Result: NOTE
    loadtest: no visible global function definition for ‘xmlParse’
    loadtest: no visible global function definition for ‘xmlValue’
    loadtest: no visible global function definition for ‘getNodeSet’
    loadtest.wipe: no visible global function definition for ‘xmlParse’
    loadtest.wipe: no visible global function definition for ‘xmlValue’
    loadtest.wipe: no visible global function definition for ‘getNodeSet’
    oh.campaign.read: no visible global function definition for
     ‘xmlTreeParse’
    setXmlValues: no visible global function definition for ‘xmlParse’
    setXmlValues: no visible global function definition for ‘getNodeSet’
    setXmlValues: no visible global function definition for ‘xmlValue’
    setXmlValues: no visible global function definition for ‘xmlValue<-’
    setXmlValues: no visible global function definition for ‘saveXML’
Flavor: r-devel-osx-x86_64-gcc

Version: 2.11-3
Check: PDF version of manual
Result: WARNING
    LaTeX errors when creating PDF version.
    This typically indicates Rd problems.
    LaTeX errors found:
    ! LaTeX Error: File `upquote.sty' not found.
    
    Type X to quit or <RETURN> to proceed,
    or enter new name. (Default extension: sty)
    
    6477c94/Rd2.tex:8: ==> Fatal error occurred, no output PDF file produced!
Flavor: r-release-osx-x86_64-mavericks