CRAN Package Check Results for Package OmicKriging

Last updated on 2019-03-24 04:47:09 CET.

Flavor Version Tinstall Tcheck Ttotal Status Flags
r-devel-linux-x86_64-debian-clang 1.4.0 6.05 59.33 65.38 OK
r-devel-linux-x86_64-debian-gcc 1.4.0 6.11 48.93 55.04 OK
r-devel-linux-x86_64-fedora-clang 1.4.0 80.47 OK
r-devel-linux-x86_64-fedora-gcc 1.4.0 78.30 OK
r-devel-windows-ix86+x86_64 1.4.0 24.00 108.00 132.00 OK
r-patched-linux-x86_64 1.4.0 4.39 57.09 61.48 OK
r-patched-solaris-x86 1.4.0 126.60 OK
r-release-linux-x86_64 1.4.0 0.64 2.12 2.76 ERROR
r-release-windows-ix86+x86_64 1.4.0 9.00 79.00 88.00 OK
r-release-osx-x86_64 1.4.0 OK
r-oldrel-windows-ix86+x86_64 1.4.0 9.00 106.00 115.00 OK
r-oldrel-osx-x86_64 1.4.0 OK

Check Details

Version: 1.4.0
Check: whether package can be installed
Result: ERROR
    Installation failed.
Flavor: r-release-linux-x86_64