Last updated on 2022-07-04 11:51:12 CEST.
Flavor | Version | Tinstall | Tcheck | Ttotal | Status | Flags |
---|---|---|---|---|---|---|
r-devel-linux-x86_64-debian-clang | 1.4.0 | 7.82 | 75.45 | 83.27 | OK | |
r-devel-linux-x86_64-debian-gcc | 1.4.0 | 7.20 | 57.97 | 65.17 | OK | |
r-devel-linux-x86_64-fedora-clang | 1.4.0 | 112.11 | WARN | |||
r-devel-linux-x86_64-fedora-gcc | 1.4.0 | 111.05 | WARN | |||
r-devel-windows-x86_64 | 1.4.0 | 26.00 | 117.00 | 143.00 | OK | |
r-patched-linux-x86_64 | 1.4.0 | 7.35 | 73.66 | 81.01 | OK | |
r-release-linux-x86_64 | 1.4.0 | 8.40 | 75.26 | 83.66 | OK | |
r-release-macos-arm64 | 1.4.0 | 39.00 | OK | |||
r-release-macos-x86_64 | 1.4.0 | 56.00 | OK | |||
r-release-windows-x86_64 | 1.4.0 | 12.00 | 119.00 | 131.00 | OK | |
r-oldrel-macos-arm64 | 1.4.0 | 46.00 | OK | |||
r-oldrel-macos-x86_64 | 1.4.0 | 74.00 | OK | |||
r-oldrel-windows-ix86+x86_64 | 1.4.0 | 18.00 | 107.00 | 125.00 | OK |
Version: 1.4.0
Check: package dependencies
Result: WARN
Requires (indirectly) orphaned package: ‘gtools’
Flavors: r-devel-linux-x86_64-fedora-clang, r-devel-linux-x86_64-fedora-gcc