CRAN Package Check Results for Package OmicsPLS

Last updated on 2025-01-21 23:50:34 CET.

Flavor Version Tinstall Tcheck Ttotal Status Flags
r-devel-linux-x86_64-debian-clang 2.0.2 12.01 98.49 110.50 NOTE
r-devel-linux-x86_64-debian-gcc 2.0.2 8.32 69.79 78.11 NOTE
r-devel-linux-x86_64-fedora-clang 2.0.2 176.63 OK
r-devel-linux-x86_64-fedora-gcc 2.0.2 174.23 OK
r-devel-windows-x86_64 2.0.2 12.00 110.00 122.00 NOTE
r-patched-linux-x86_64 2.0.2 17.79 91.66 109.45 OK
r-release-linux-x86_64 2.0.2 11.59 90.82 102.41 OK
r-release-macos-arm64 2.0.2 49.00 OK
r-release-macos-x86_64 2.0.2 86.00 OK
r-release-windows-x86_64 2.0.2 12.00 111.00 123.00 OK
r-oldrel-macos-arm64 2.0.2 59.00 OK
r-oldrel-macos-x86_64 2.0.2 96.00 OK
r-oldrel-windows-x86_64 2.0.2 16.00 139.00 155.00 OK

Check Details

Version: 2.0.2
Check: Rd cross-references
Result: NOTE Found the following Rd file(s) with Rd \link{} targets missing package anchors: OmicsPLS.Rd: softImpute impute_matrix.Rd: softImpute Please provide package anchors for all Rd \link{} targets not in the package itself and the base packages. Flavors: r-devel-linux-x86_64-debian-clang, r-devel-linux-x86_64-debian-gcc, r-devel-windows-x86_64