CRAN Package Check Results for Package Omisc

Last updated on 2021-12-02 19:53:18 CET.

Flavor Version Tinstall Tcheck Ttotal Status Flags
r-devel-linux-x86_64-debian-clang 0.1.4 4.35 54.25 58.60 NOTE
r-devel-linux-x86_64-debian-gcc 0.1.4 2.75 41.34 44.09 NOTE
r-devel-linux-x86_64-fedora-clang 0.1.4 81.02 NOTE
r-devel-linux-x86_64-fedora-gcc 0.1.4 68.49 NOTE
r-devel-windows-x86_64-new-UL 0.1.4 12.00 96.00 108.00 NOTE
r-devel-windows-x86_64-new-TK 0.1.4 NOTE
r-devel-windows-x86_64-old 0.1.4 6.00 61.00 67.00 NOTE
r-patched-linux-x86_64 0.1.4 4.30 52.13 56.43 NOTE
r-patched-solaris-x86 0.1.4 101.40 NOTE
r-release-linux-x86_64 0.1.4 3.69 52.63 56.32 NOTE
r-release-macos-arm64 0.1.4 NOTE
r-release-macos-x86_64 0.1.4 NOTE
r-release-windows-ix86+x86_64 0.1.4 8.00 82.00 90.00 NOTE
r-oldrel-macos-x86_64 0.1.4 NOTE
r-oldrel-windows-ix86+x86_64 0.1.4 8.00 81.00 89.00 OK

Check Details

Version: 0.1.4
Check: LazyData
Result: NOTE
     'LazyData' is specified without a 'data' directory
Flavors: r-devel-linux-x86_64-debian-clang, r-devel-linux-x86_64-debian-gcc, r-devel-linux-x86_64-fedora-clang, r-devel-linux-x86_64-fedora-gcc, r-devel-windows-x86_64-new-UL, r-devel-windows-x86_64-new-TK, r-devel-windows-x86_64-old, r-patched-linux-x86_64, r-patched-solaris-x86, r-release-linux-x86_64, r-release-macos-arm64, r-release-macos-x86_64, r-release-windows-ix86+x86_64

Version: 0.1.4
Check: dependencies in R code
Result: NOTE
    Namespace in Imports field not imported from: ‘base’
     All declared Imports should be used.
Flavors: r-devel-linux-x86_64-fedora-clang, r-devel-linux-x86_64-fedora-gcc, r-devel-windows-x86_64-new-TK, r-patched-solaris-x86, r-release-macos-arm64, r-release-macos-x86_64, r-oldrel-macos-x86_64