CRAN Package Check Results for Package Oncotree

Last updated on 2015-08-29 06:47:47.

Flavor Version Tinstall Tcheck Ttotal Status Flags
r-devel-linux-x86_64-debian-clang 0.3.3 0.80 27.95 28.76 NOTE
r-devel-linux-x86_64-debian-gcc 0.3.3 0.60 26.74 27.34 NOTE
r-devel-linux-x86_64-fedora-clang 0.3.3 57.00 NOTE
r-devel-linux-x86_64-fedora-gcc 0.3.3 51.31 NOTE
r-devel-osx-x86_64-clang 0.3.3 51.93 OK
r-devel-windows-ix86+x86_64 0.3.3 4.00 48.00 52.00 NOTE
r-patched-linux-x86_64 0.3.3 0.62 27.43 28.05 OK
r-patched-solaris-sparc 0.3.3 366.30 OK
r-patched-solaris-x86 0.3.3 65.50 OK
r-release-linux-x86_64 0.3.3 0.62 26.78 27.40 OK
r-release-osx-x86_64-mavericks 0.3.3 OK
r-release-windows-ix86+x86_64 0.3.3 4.00 64.00 68.00 OK
r-oldrel-windows-ix86+x86_64 0.3.3 5.00 51.00 56.00 OK

Check Details

Version: 0.3.3
Check: R code for possible problems
Result: NOTE
    generate.data: no visible global function definition for ‘rbinom’
    least.common.ancestor: no visible global function definition for
     ‘na.omit’
    oncotree.fit : estimate.error.rates: no visible global function
     definition for ‘optim’
    plot.boottree: no visible global function definition for ‘par’
    plot.boottree: no visible global function definition for
     ‘dev.interactive’
    plot.boottree: no visible global function definition for ‘mtext’
    plot.oncotree: no visible global function definition for ‘par’
    plot.oncotree: no visible global function definition for ‘xinch’
    plot.oncotree: no visible global function definition for ‘yinch’
    plot.oncotree: no visible global function definition for ‘lines’
    plot.oncotree: no visible global function definition for ‘rect’
    plot.oncotree: no visible global function definition for ‘strwidth’
    plot.oncotree: no visible global function definition for ‘strheight’
    plot.oncotree: no visible global function definition for ‘text’
    Undefined global functions or variables:
     dev.interactive lines mtext na.omit optim par rbinom rect strheight
     strwidth text xinch yinch
    Consider adding
     importFrom("grDevices", "dev.interactive")
     importFrom("graphics", "lines", "mtext", "par", "rect", "strheight",
     "strwidth", "text", "xinch", "yinch")
     importFrom("stats", "na.omit", "optim", "rbinom")
    to your NAMESPACE.
Flavors: r-devel-linux-x86_64-debian-clang, r-devel-linux-x86_64-debian-gcc, r-devel-linux-x86_64-fedora-clang, r-devel-linux-x86_64-fedora-gcc, r-devel-windows-ix86+x86_64