CRAN Package Check Results for Package Oncotree

Last updated on 2015-07-05 15:46:38.

Flavor Version Tinstall Tcheck Ttotal Status Flags
r-devel-linux-x86_64-debian-clang 0.3.3 0.61 26.90 27.51 NOTE
r-devel-linux-x86_64-debian-gcc 0.3.3 0.60 26.40 27.00 NOTE
r-devel-linux-x86_64-fedora-clang 0.3.3 54.38 NOTE
r-devel-linux-x86_64-fedora-gcc 0.3.3 53.02 NOTE
r-devel-osx-x86_64-clang 0.3.3 53.18 OK
r-devel-windows-ix86+x86_64 0.3.3 3.00 45.00 48.00 NOTE
r-patched-linux-x86_64 0.3.3 0.75 27.79 28.54 OK
r-patched-solaris-sparc 0.3.3 355.60 OK
r-patched-solaris-x86 0.3.3 65.80 OK
r-release-linux-x86_64 0.3.3 0.79 28.03 28.82 OK
r-release-osx-x86_64-mavericks 0.3.3 OK
r-release-windows-ix86+x86_64 0.3.3 4.00 46.00 50.00 OK
r-oldrel-windows-ix86+x86_64 0.3.3 5.00 48.00 53.00 OK

Check Details

Version: 0.3.3
Check: R code for possible problems
Result: NOTE
    generate.data: no visible global function definition for ‘rbinom’
    least.common.ancestor: no visible global function definition for
     ‘na.omit’
    oncotree.fit : estimate.error.rates: no visible global function
     definition for ‘optim’
    plot.boottree: no visible global function definition for ‘par’
    plot.boottree: no visible global function definition for
     ‘dev.interactive’
    plot.boottree: no visible global function definition for ‘mtext’
    plot.oncotree: no visible global function definition for ‘par’
    plot.oncotree: no visible global function definition for ‘xinch’
    plot.oncotree: no visible global function definition for ‘yinch’
    plot.oncotree: no visible global function definition for ‘lines’
    plot.oncotree: no visible global function definition for ‘rect’
    plot.oncotree: no visible global function definition for ‘strwidth’
    plot.oncotree: no visible global function definition for ‘strheight’
    plot.oncotree: no visible global function definition for ‘text’
    Undefined global functions or variables:
     dev.interactive lines mtext na.omit optim par rbinom rect strheight
     strwidth text xinch yinch
Flavors: r-devel-linux-x86_64-debian-clang, r-devel-linux-x86_64-debian-gcc, r-devel-linux-x86_64-fedora-clang, r-devel-linux-x86_64-fedora-gcc, r-devel-windows-ix86+x86_64