CRAN Package Check Results for Package Oncotree

Last updated on 2014-04-24 03:47:49.

Flavor Version Tinstall Tcheck Ttotal Status Flags
r-devel-linux-x86_64-debian-clang 0.3.3 0.78 31.29 32.07 OK
r-devel-linux-x86_64-debian-gcc 0.3.3 0.78 30.27 31.04 OK
r-devel-linux-x86_64-fedora-clang 0.3.3 63.60 OK
r-devel-linux-x86_64-fedora-gcc 0.3.3 59.85 OK
r-devel-osx-x86_64-clang 0.3.3 56.70 OK
r-devel-osx-x86_64-gcc 0.3.3 OK
r-devel-windows-ix86+x86_64 0.3.3 2.00 47.00 49.00 OK
r-patched-linux-x86_64 0.3.3 0.72 30.05 30.77 OK
r-patched-solaris-sparc 0.3.3 365.70 OK
r-patched-solaris-x86 0.3.3 73.70 OK
r-release-linux-ix86 0.3.3 1.00 53.00 54.00 OK
r-release-linux-x86_64 0.3.3 0.77 31.24 32.02 OK
r-release-osx-x86_64-mavericks 0.3.3 WARN
r-release-osx-x86_64-snowleopard 0.3.3 OK
r-release-windows-ix86+x86_64 0.3.3 3.00 46.00 49.00 OK
r-oldrel-windows-ix86+x86_64 0.3.3 3.00 45.00 48.00 OK

Check Details

Version: 0.3.3
Check: PDF version of manual
Result: WARNING
    LaTeX errors when creating PDF version.
    This typically indicates Rd problems.
    LaTeX errors found:
    ! LaTeX Error: File `upquote.sty' not found.
    
    Type X to quit or <RETURN> to proceed,
    or enter new name. (Default extension: sty)
    
    1c94cbb9/Rd2.tex:8: ==> Fatal error occurred, no output PDF file produced!
Flavor: r-release-osx-x86_64-mavericks