CRAN Package Check Results for Package OpasnetUtils

Last updated on 2015-09-03 18:47:14.

Flavor Version Tinstall Tcheck Ttotal Status Flags
r-devel-linux-x86_64-debian-clang 1.2.0 2.49 33.20 35.69 NOTE
r-devel-linux-x86_64-debian-gcc 1.2.0 2.66 32.60 35.27 NOTE
r-devel-linux-x86_64-fedora-clang 1.2.0 70.04 NOTE
r-devel-linux-x86_64-fedora-gcc 1.2.0 67.88 NOTE
r-devel-osx-x86_64-clang 1.2.0 60.19 OK
r-devel-windows-ix86+x86_64 1.2.0 13.00 50.00 63.00 NOTE
r-patched-linux-x86_64 1.2.0 2.75 34.15 36.90 OK
r-patched-solaris-sparc 1.2.0 468.90 OK
r-patched-solaris-x86 1.2.0 106.30 OK
r-release-linux-x86_64 1.2.0 2.62 34.21 36.83 OK
r-release-osx-x86_64-mavericks 1.2.0 OK
r-release-windows-ix86+x86_64 1.2.0 12.00 54.00 66.00 OK
r-oldrel-windows-ix86+x86_64 1.2.0 22.00 103.00 125.00 OK

Check Details

Version: 1.2.0
Check: R code for possible problems
Result: NOTE
    ComputeDependencies: no visible global function definition for ‘find’
    Fetch: no visible global function definition for ‘find’
    Q0.025: no visible global function definition for ‘quantile’
    Q0.975: no visible global function definition for ‘quantile’
    interpf: no visible global function definition for ‘qnorm’
    interpf: no visible global function definition for ‘rnorm’
    interpf: no visible global function definition for ‘runif’
    oapply: no visible global function definition for ‘aggregate’
    odebug: no visible global function definition for ‘combn’
    odebug: no visible global function definition for ‘aov’
    odebug: no visible global function definition for ‘as.formula’
    opasnet.csv: no visible global function definition for ‘read.table’
    opbase.locations: no visible global function definition for ‘URLencode’
    opbase.parse_locations: no visible global function definition for
     ‘URLencode’
    opbase.parse_range: no visible global function definition for
     ‘URLencode’
    rdirichlet: no visible global function definition for ‘rgamma’
    tidy: no visible global function definition for ‘reshape’
    Undefined global functions or variables:
     URLencode aggregate aov as.formula combn find qnorm quantile
     read.table reshape rgamma rnorm runif
    Consider adding
     importFrom("stats", "aggregate", "aov", "as.formula", "qnorm",
     "quantile", "reshape", "rgamma", "rnorm", "runif")
     importFrom("utils", "URLencode", "combn", "find", "read.table")
    to your NAMESPACE.
Flavors: r-devel-linux-x86_64-debian-clang, r-devel-linux-x86_64-debian-gcc, r-devel-linux-x86_64-fedora-clang, r-devel-linux-x86_64-fedora-gcc, r-devel-windows-ix86+x86_64