CRAN Package Check Results for Package OpasnetUtils

Last updated on 2014-11-25 23:46:51.

Flavor Version Tinstall Tcheck Ttotal Status Flags
r-devel-linux-x86_64-debian-clang 1.1.0 4.04 59.83 63.87 OK
r-devel-linux-x86_64-debian-gcc 1.1.0 3.71 59.04 62.76 OK
r-devel-linux-x86_64-fedora-clang 1.1.0 109.75 OK
r-devel-linux-x86_64-fedora-gcc 1.1.0 100.51 OK
r-devel-osx-x86_64-clang 1.1.0 110.14 OK
r-devel-windows-ix86+x86_64 1.1.0 12.00 83.00 95.00 OK
r-patched-linux-x86_64 1.1.0 4.49 59.59 64.08 OK
r-patched-solaris-sparc 1.1.0 567.40 OK
r-patched-solaris-x86 1.1.0 139.20 OK
r-release-linux-ix86 1.1.0 4.67 68.65 73.32 OK
r-release-linux-x86_64 1.1.0 4.04 60.44 64.48 OK
r-release-osx-x86_64-mavericks 1.1.0 ERROR
r-release-osx-x86_64-snowleopard 1.1.0 OK
r-release-windows-ix86+x86_64 1.1.0 11.00 89.00 100.00 OK
r-oldrel-windows-ix86+x86_64 1.1.0 12.00 92.00 104.00 OK

Check Details

Version: 1.1.0
Check: package dependencies
Result: ERROR
    Package required but not available: ‘rgdal’
    
    See the information on DESCRIPTION files in the chapter ‘Creating R
    packages’ of the ‘Writing R Extensions’ manual.
Flavor: r-release-osx-x86_64-mavericks