CRAN Package Check Results for Package OpasnetUtils

Last updated on 2015-06-30 15:47:16.

Flavor Version Tinstall Tcheck Ttotal Status Flags
r-devel-linux-x86_64-debian-clang 1.2.0 2.89 35.62 38.52 NOTE
r-devel-linux-x86_64-debian-gcc 1.2.0 2.51 32.97 35.48 NOTE
r-devel-linux-x86_64-fedora-clang 1.2.0 76.18 NOTE
r-devel-linux-x86_64-fedora-gcc 1.2.0 72.20 OK
r-devel-osx-x86_64-clang 1.2.0 67.05 OK
r-devel-windows-ix86+x86_64 1.2.0 8.00 52.00 60.00 NOTE
r-patched-linux-x86_64 1.2.0 2.53 33.14 35.67 OK
r-patched-solaris-sparc 1.2.0 410.00 OK
r-patched-solaris-x86 1.2.0 106.30 OK
r-release-linux-x86_64 1.2.0 2.77 34.34 37.12 OK
r-release-osx-x86_64-mavericks 1.2.0 OK
r-release-windows-ix86+x86_64 1.2.0 12.00 52.00 64.00 OK
r-oldrel-windows-ix86+x86_64 1.2.0 13.00 84.00 97.00 OK

Check Details

Version: 1.2.0
Check: R code for possible problems
Result: NOTE
    ComputeDependencies: no visible global function definition for ‘find’
    Fetch: no visible global function definition for ‘find’
    Q0.025: no visible global function definition for ‘quantile’
    Q0.975: no visible global function definition for ‘quantile’
    interpf: no visible global function definition for ‘qnorm’
    interpf: no visible global function definition for ‘rnorm’
    interpf: no visible global function definition for ‘runif’
    oapply: no visible global function definition for ‘aggregate’
    odebug: no visible global function definition for ‘combn’
    odebug: no visible global function definition for ‘aov’
    odebug: no visible global function definition for ‘as.formula’
    opasnet.csv: no visible global function definition for ‘read.table’
    opbase.locations: no visible global function definition for ‘URLencode’
    opbase.parse_locations: no visible global function definition for
     ‘URLencode’
    opbase.parse_range: no visible global function definition for
     ‘URLencode’
    rdirichlet: no visible global function definition for ‘rgamma’
    tidy: no visible global function definition for ‘reshape’
Flavors: r-devel-linux-x86_64-debian-clang, r-devel-linux-x86_64-debian-gcc, r-devel-linux-x86_64-fedora-clang, r-devel-windows-ix86+x86_64