CRAN Package Check Results for Package OpasnetUtils

Last updated on 2014-04-24 17:49:48.

Flavor Version Tinstall Tcheck Ttotal Status Flags
r-devel-linux-x86_64-debian-clang 1.0.0 2.80 50.70 53.50 OK
r-devel-linux-x86_64-debian-gcc 1.0.0 2.79 49.54 52.33 OK
r-devel-linux-x86_64-fedora-clang 1.0.0 73.61 NOTE
r-devel-linux-x86_64-fedora-gcc 1.0.0 70.38 NOTE
r-devel-osx-x86_64-clang 1.0.0 84.12 OK
r-devel-osx-x86_64-gcc 1.0.0 OK
r-devel-windows-ix86+x86_64 1.0.0 2.00 1.00 3.00 ERROR
r-patched-linux-x86_64 1.0.0 2.76 49.56 52.32 OK
r-patched-solaris-sparc 1.0.0 416.10 OK
r-patched-solaris-x86 1.0.0 87.20 OK
r-release-linux-ix86 1.0.0 5.00 91.00 96.00 OK
r-release-linux-x86_64 1.0.0 2.80 49.41 52.21 OK
r-release-osx-x86_64-mavericks 1.0.0 OK
r-release-osx-x86_64-snowleopard 1.0.0 OK
r-release-windows-ix86+x86_64 1.0.0 2.00 1.00 3.00 ERROR
r-oldrel-windows-ix86+x86_64 1.0.0 3.00 1.00 4.00 ERROR

Check Details

Version: 1.0.0
Check: top-level files
Result: NOTE
    Non-standard file/directory found at top level:
     ‘INSTALLATION’
Flavors: r-devel-linux-x86_64-fedora-clang, r-devel-linux-x86_64-fedora-gcc

Version: 1.0.0
Check: whether package can be installed
Result: ERROR
    Installation failed.
    See 'd:/Rcompile/CRANpkg/local/3.2/OpasnetUtils.Rcheck/00install.out' for details.
Flavor: r-devel-windows-ix86+x86_64

Version: 1.0.0
Check: whether package can be installed
Result: ERROR
    Installation failed.
    See 'd:/Rcompile/CRANpkg/local/3.1/OpasnetUtils.Rcheck/00install.out' for details.
Flavor: r-release-windows-ix86+x86_64

Version: 1.0.0
Check: whether package can be installed
Result: ERROR
    Installation failed.
    See 'd:/Rcompile/CRANpkg/local/3.0/OpasnetUtils.Rcheck/00install.out' for details.
Flavor: r-oldrel-windows-ix86+x86_64