CRAN Package Check Results for Package OpasnetUtils

Last updated on 2014-07-23 19:49:19.

Flavor Version Tinstall Tcheck Ttotal Status Flags
r-devel-linux-x86_64-debian-clang 1.0.0 2.83 47.17 50.00 OK
r-devel-linux-x86_64-debian-gcc 1.0.0 2.66 46.68 49.34 OK
r-devel-linux-x86_64-fedora-clang 1.0.0 74.76 NOTE
r-devel-linux-x86_64-fedora-gcc 1.0.0 69.46 NOTE
r-devel-osx-x86_64-clang 1.0.0 79.38 OK
r-devel-windows-ix86+x86_64 1.0.0 7.00 67.00 74.00 OK
r-patched-linux-x86_64 1.0.0 2.71 47.29 50.00 OK
r-patched-solaris-sparc 1.0.0 393.70 OK
r-patched-solaris-x86 1.0.0 87.70 OK
r-release-linux-ix86 1.0.0 3.30 57.36 60.66 OK
r-release-linux-x86_64 1.0.0 2.97 47.61 50.58 OK
r-release-osx-x86_64-mavericks 1.0.0 OK
r-release-osx-x86_64-snowleopard 1.0.0 OK
r-release-windows-ix86+x86_64 1.0.0 9.00 71.00 80.00 OK
r-oldrel-windows-ix86+x86_64 1.0.0 9.00 66.00 75.00 OK

Check Details

Version: 1.0.0
Check: top-level files
Result: NOTE
    Non-standard file/directory found at top level:
     ‘INSTALLATION’
Flavors: r-devel-linux-x86_64-fedora-clang, r-devel-linux-x86_64-fedora-gcc