CRAN Package Check Results for Package OpasnetUtils

Last updated on 2014-08-01 05:48:29.

Flavor Version Tinstall Tcheck Ttotal Status Flags
r-devel-linux-x86_64-debian-clang 1.0.0 2.67 47.49 50.16 OK
r-devel-linux-x86_64-debian-gcc 1.0.0 2.69 47.20 49.89 OK
r-devel-linux-x86_64-fedora-clang 1.0.0 73.83 NOTE
r-devel-linux-x86_64-fedora-gcc 1.0.0 69.44 NOTE
r-devel-osx-x86_64-clang 1.0.0 78.85 OK
r-devel-windows-ix86+x86_64 1.0.0 9.00 72.00 81.00 OK
r-patched-linux-x86_64 1.0.0 2.77 47.60 50.38 OK
r-patched-solaris-sparc 1.0.0 439.60 OK
r-patched-solaris-x86 1.0.0 88.60 OK
r-release-linux-ix86 1.0.0 3.26 55.04 58.30 OK
r-release-linux-x86_64 1.0.0 2.86 47.12 49.98 OK
r-release-osx-x86_64-mavericks 1.0.0 OK
r-release-osx-x86_64-snowleopard 1.0.0 OK
r-release-windows-ix86+x86_64 1.0.0 13.00 93.00 106.00 OK
r-oldrel-windows-ix86+x86_64 1.0.0 13.00 73.00 86.00 OK

Check Details

Version: 1.0.0
Check: top-level files
Result: NOTE
    Non-standard file/directory found at top level:
     INSTALLATION
Flavors: r-devel-linux-x86_64-fedora-clang, r-devel-linux-x86_64-fedora-gcc