CRAN Package Check Results for Package OpasnetUtils

Last updated on 2014-10-21 19:47:44.

Flavor Version Tinstall Tcheck Ttotal Status Flags
r-devel-linux-x86_64-debian-clang 1.1.0 3.70 126.38 130.08 OK
r-devel-linux-x86_64-debian-gcc 1.1.0 3.78 60.87 64.65 OK
r-devel-linux-x86_64-fedora-clang 1.1.0 105.17 OK
r-devel-linux-x86_64-fedora-gcc 1.1.0 97.45 OK
r-devel-osx-x86_64-clang 1.1.0 105.81 OK
r-devel-windows-ix86+x86_64 1.1.0 12.00 83.00 95.00 OK
r-patched-linux-x86_64 1.1.0 3.80 61.61 65.41 OK
r-patched-solaris-sparc 1.1.0 567.40 OK
r-patched-solaris-x86 1.1.0 140.80 OK
r-release-linux-ix86 1.1.0 4.90 71.26 76.16 OK
r-release-linux-x86_64 1.1.0 4.04 60.98 65.02 OK
r-release-osx-x86_64-mavericks 1.1.0 ERROR
r-release-osx-x86_64-snowleopard 1.1.0 OK
r-release-windows-ix86+x86_64 1.1.0 15.00 85.00 100.00 OK
r-oldrel-windows-ix86+x86_64 1.1.0 14.00 89.00 103.00 OK

Check Details

Version: 1.1.0
Check: package dependencies
Result: ERROR
    Package required but not available: ‘rgdal’
    
    See the information on DESCRIPTION files in the chapter ‘Creating R
    packages’ of the ‘Writing R Extensions’ manual.
Flavor: r-release-osx-x86_64-mavericks