CRAN Package Check Results for Package OpasnetUtils

Last updated on 2014-09-21 21:47:43.

Flavor Version Tinstall Tcheck Ttotal Status Flags
r-devel-linux-x86_64-debian-clang 1.1.0 3.70 60.61 64.32 OK
r-devel-linux-x86_64-debian-gcc 1.1.0 3.70 59.01 62.71 OK
r-devel-linux-x86_64-fedora-clang 1.1.0 103.54 OK
r-devel-linux-x86_64-fedora-gcc 1.1.0 100.75 OK
r-devel-osx-x86_64-clang 1.1.0 101.68 OK
r-devel-windows-ix86+x86_64 1.1.0 12.00 86.00 98.00 OK
r-patched-linux-x86_64 1.1.0 4.11 66.56 70.67 OK
r-patched-solaris-sparc 1.1.0 567.40 OK
r-patched-solaris-x86 1.1.0 135.30 OK
r-release-linux-ix86 1.1.0 4.79 74.56 79.35 OK
r-release-linux-x86_64 1.1.0 3.96 64.63 68.59 OK
r-release-osx-x86_64-mavericks 1.1.0 ERROR
r-release-osx-x86_64-snowleopard 1.1.0 OK
r-release-windows-ix86+x86_64 1.1.0 13.00 95.00 108.00 OK
r-oldrel-windows-ix86+x86_64 1.1.0 12.00 87.00 99.00 OK

Check Details

Version: 1.1.0
Check: package dependencies
Result: ERROR
    Package required but not available: ‘rgdal’
    
    See the information on DESCRIPTION files in the chapter ‘Creating R
    packages’ of the ‘Writing R Extensions’ manual.
Flavor: r-release-osx-x86_64-mavericks