CRAN Package Check Results for Package OpasnetUtils

Last updated on 2014-12-22 14:48:46.

Flavor Version Tinstall Tcheck Ttotal Status Flags
r-devel-linux-x86_64-debian-clang 1.1.0 4.02 60.90 64.92 OK
r-devel-linux-x86_64-debian-gcc 1.1.0 3.72 58.59 62.31 OK
r-devel-linux-x86_64-fedora-clang 1.1.0 109.06 OK
r-devel-linux-x86_64-fedora-gcc 1.1.0 106.30 OK
r-devel-osx-x86_64-clang 1.1.0 107.56 OK
r-devel-windows-ix86+x86_64 1.1.0 12.00 88.00 100.00 OK
r-patched-linux-x86_64 1.1.0 4.00 62.79 66.79 OK
r-patched-solaris-sparc 1.1.0 616.90 OK
r-patched-solaris-x86 1.1.0 142.00 OK
r-release-linux-ix86 1.1.0 4.80 82.69 87.49 OK
r-release-linux-x86_64 1.1.0 3.98 61.34 65.32 OK
r-release-osx-x86_64-mavericks 1.1.0 ERROR
r-release-osx-x86_64-snowleopard 1.1.0 OK
r-release-windows-ix86+x86_64 1.1.0 14.00 94.00 108.00 OK
r-oldrel-windows-ix86+x86_64 1.1.0 15.00 97.00 112.00 OK

Check Details

Version: 1.1.0
Check: package dependencies
Result: ERROR
    Package required but not available: ‘rgdal’
    
    See the information on DESCRIPTION files in the chapter ‘Creating R
    packages’ of the ‘Writing R Extensions’ manual.
Flavor: r-release-osx-x86_64-mavericks