CRAN Package Check Results for Package OpasnetUtils

Last updated on 2015-02-28 02:48:51.

Flavor Version Tinstall Tcheck Ttotal Status Flags
r-devel-linux-x86_64-debian-clang 1.1.0 2.44 49.16 51.60 NOTE
r-devel-linux-x86_64-debian-gcc 1.1.0 2.38 48.65 51.03 NOTE
r-devel-linux-x86_64-fedora-clang 1.1.0 80.02 NOTE
r-devel-linux-x86_64-fedora-gcc 1.1.0 69.67 NOTE
r-devel-osx-x86_64-clang 1.1.0 92.31 NOTE
r-devel-windows-ix86+x86_64 1.1.0 12.00 65.00 77.00 NOTE
r-patched-linux-x86_64 1.1.0 4.04 63.47 67.51 OK
r-patched-solaris-sparc 1.1.0 617.00 OK
r-patched-solaris-x86 OK
r-release-linux-ix86 1.1.0 4.72 71.01 75.73 OK
r-release-linux-x86_64 1.1.0 4.06 63.00 67.06 OK
r-release-osx-x86_64-mavericks 1.1.0 ERROR
r-release-osx-x86_64-snowleopard 1.1.0 OK
r-release-windows-ix86+x86_64 1.1.0 15.00 91.00 106.00 OK
r-oldrel-windows-ix86+x86_64 1.1.0 11.00 89.00 100.00 OK

Check Details

Version: 1.1.0
Check: DESCRIPTION meta-information
Result: NOTE
    Malformed Title field: should not end in a period.
Flavors: r-devel-linux-x86_64-debian-clang, r-devel-linux-x86_64-debian-gcc, r-devel-linux-x86_64-fedora-clang, r-devel-linux-x86_64-fedora-gcc, r-devel-osx-x86_64-clang, r-devel-windows-ix86+x86_64

Version: 1.1.0
Check: package dependencies
Result: ERROR
    Package required but not available: ‘rgdal’
    
    See section ‘The DESCRIPTION file’ in the ‘Writing R Extensions’
    manual.
Flavor: r-release-osx-x86_64-mavericks