CRAN Package Check Results for Package OpasnetUtils

Last updated on 2015-05-26 04:47:04.

Flavor Version Tinstall Tcheck Ttotal Status Flags
r-devel-linux-x86_64-debian-clang 1.1.0 2.51 48.86 51.37 NOTE
r-devel-linux-x86_64-debian-gcc 1.1.0 2.46 48.07 50.53 NOTE
r-devel-linux-x86_64-fedora-clang 1.1.0 76.56 NOTE
r-devel-linux-x86_64-fedora-gcc 1.1.0 73.40 NOTE
r-devel-osx-x86_64-clang 1.1.0 76.59 NOTE
r-devel-windows-ix86+x86_64 1.1.0 8.00 67.00 75.00 NOTE
r-patched-linux-x86_64 1.1.0 2.46 47.76 50.22 NOTE
r-patched-solaris-sparc 1.1.0 471.60 NOTE
r-patched-solaris-x86 1.1.0 107.80 NOTE
r-release-linux-x86_64 1.1.0 2.50 48.01 50.51 NOTE
r-release-osx-x86_64-mavericks 1.1.0 NOTE
r-release-osx-x86_64-snowleopard 1.1.0 ERROR
r-release-windows-ix86+x86_64 1.1.0 9.00 70.00 79.00 NOTE
r-oldrel-windows-ix86+x86_64 1.1.0 14.00 96.00 110.00 OK

Check Details

Version: 1.1.0
Check: DESCRIPTION meta-information
Result: NOTE
    Malformed Title field: should not end in a period.
Flavors: r-devel-linux-x86_64-debian-clang, r-devel-linux-x86_64-debian-gcc, r-devel-linux-x86_64-fedora-clang, r-devel-linux-x86_64-fedora-gcc, r-devel-osx-x86_64-clang, r-devel-windows-ix86+x86_64, r-patched-linux-x86_64, r-patched-solaris-sparc, r-patched-solaris-x86, r-release-linux-x86_64, r-release-osx-x86_64-mavericks, r-release-windows-ix86+x86_64

Version: 1.1.0
Check: package dependencies
Result: ERROR
    Package required but not available: ‘ggplot2’
    
    See section ‘The DESCRIPTION file’ in the ‘Writing R Extensions’
    manual.
Flavor: r-release-osx-x86_64-snowleopard