CRAN Package Check Results for Package OpenCL

Last updated on 2017-12-15 08:48:52 CET.

Flavor Version Tinstall Tcheck Ttotal Status Flags
r-devel-linux-x86_64-debian-clang 0.1-3 1.57 11.16 12.73 FAIL --no-examples --no-tests --no-vignettes
r-devel-linux-x86_64-debian-gcc 0.1-3 1.43 12.42 13.85 NOTE --no-examples --no-tests --no-vignettes
r-devel-linux-x86_64-fedora-clang 0.1-3 18.17 NOTE --install=fake
r-devel-linux-x86_64-fedora-gcc 0.1-3 17.35 NOTE --install=fake
r-patched-linux-x86_64 0.1-3 1.72 13.11 14.83 NOTE --no-examples --no-tests --no-vignettes
r-release-linux-x86_64 0.1-3 1.82 13.18 15.00 NOTE --no-examples --no-tests --no-vignettes
r-release-osx-x86_64 0.1-3 ERROR
r-oldrel-windows-ix86+x86_64 0.1-3 1.00 3.00 4.00 ERROR
r-oldrel-osx-x86_64 0.1-3 ERROR

Additional issues

rchk

Check Details

Version: 0.1-3
Flags: --no-examples --no-tests --no-vignettes
Check: DESCRIPTION meta-information
Result: NOTE
    Deprecated license: BSD
Flavors: r-devel-linux-x86_64-debian-clang, r-devel-linux-x86_64-debian-gcc, r-patched-linux-x86_64, r-release-linux-x86_64

Version: 0.1-3
Flags: --no-examples --no-tests --no-vignettes
Check: top-level files
Result: NOTE
    File
     LICENSE
    is not mentioned in the DESCRIPTION file.
Flavors: r-devel-linux-x86_64-debian-clang, r-devel-linux-x86_64-debian-gcc, r-patched-linux-x86_64, r-release-linux-x86_64

Version: 0.1-3
Flags: --no-examples --no-tests --no-vignettes
Check: S3 generic/method consistency
Result: NOTE
    Found the following apparent S3 methods exported but not registered:
     [.clFloat [<-.clFloat as.character.clFloat as.double.clFloat
     as.integer.clFloat length.clFloat length<-.clFloat oclInfo.clDeviceID
     oclInfo.clPlatformID oclInfo.list print.clFloat
    See section ‘Registering S3 methods’ in the ‘Writing R Extensions’
    manual.
Flavors: r-devel-linux-x86_64-debian-clang, r-devel-linux-x86_64-debian-gcc, r-patched-linux-x86_64, r-release-linux-x86_64

Version: 0.1-3
Flags: --no-examples --no-tests --no-vignettes
Check: pragmas in C/C++ headers and code
Result: FAIL
    
Flavor: r-devel-linux-x86_64-debian-clang

Version: 0.1-3
Flags: --no-examples --no-tests --no-vignettes
Check: compiled code
Result: NOTE
    File ‘OpenCL/libs/OpenCL.so’:
     Found no calls to: ‘R_registerRoutines’, ‘R_useDynamicSymbols’
    
    It is good practice to register native routines and to disable symbol
    search.
    
    See ‘Writing portable packages’ in the ‘Writing R Extensions’ manual.
Flavors: r-devel-linux-x86_64-debian-gcc, r-patched-linux-x86_64, r-release-linux-x86_64

Version: 0.1-3
Flags: --install=fake
Check: DESCRIPTION meta-information
Result: NOTE
    Deprecated license: BSD
Flavors: r-devel-linux-x86_64-fedora-clang, r-devel-linux-x86_64-fedora-gcc

Version: 0.1-3
Flags: --install=fake
Check: top-level files
Result: NOTE
    File
     LICENSE
    is not mentioned in the DESCRIPTION file.
Flavors: r-devel-linux-x86_64-fedora-clang, r-devel-linux-x86_64-fedora-gcc

Version: 0.1-3
Flags: --install=fake
Check: S3 generic/method consistency
Result: NOTE
    Found the following apparent S3 methods exported but not registered:
     [.clFloat [<-.clFloat as.character.clFloat as.double.clFloat
     as.integer.clFloat length.clFloat length<-.clFloat oclInfo.clDeviceID
     oclInfo.clPlatformID oclInfo.list print.clFloat
    See section ‘Registering S3 methods’ in the ‘Writing R Extensions’
    manual.
Flavors: r-devel-linux-x86_64-fedora-clang, r-devel-linux-x86_64-fedora-gcc

Version: 0.1-3
Check: whether package can be installed
Result: ERROR
    Installation failed.
Flavors: r-release-osx-x86_64, r-oldrel-windows-ix86+x86_64, r-oldrel-osx-x86_64