CRAN Package Check Results for Package OpenCL

Last updated on 2016-05-26 03:48:35.

Flavor Version Tinstall Tcheck Ttotal Status Flags
r-devel-linux-x86_64-debian-gcc 0.1-3 1.29 8.93 10.23 NOTE --no-examples --no-tests --no-vignettes
r-devel-linux-x86_64-fedora-clang 0.1-3 17.00 NOTE
r-devel-linux-x86_64-fedora-gcc 0.1-3 16.19 NOTE
r-devel-osx-x86_64-clang 0.1-3 19.98 NOTE
r-patched-linux-x86_64 0.1-3 1.22 8.27 9.50 NOTE --no-examples --no-tests --no-vignettes
r-release-linux-x86_64 0.1-3 1.32 8.79 10.11 NOTE --no-examples --no-tests --no-vignettes
r-release-osx-x86_64-mavericks 0.1-3 ERROR
r-release-windows-ix86+x86_64 0.1-3 1.00 3.00 4.00 ERROR

Check Details

Version: 0.1-3
Flags: --no-examples --no-tests --no-vignettes
Check: DESCRIPTION meta-information
Result: NOTE
    Deprecated license: BSD
Flavors: r-devel-linux-x86_64-debian-gcc, r-patched-linux-x86_64, r-release-linux-x86_64

Version: 0.1-3
Flags: --no-examples --no-tests --no-vignettes
Check: top-level files
Result: NOTE
    File
     LICENSE
    is not mentioned in the DESCRIPTION file.
Flavors: r-devel-linux-x86_64-debian-gcc, r-patched-linux-x86_64, r-release-linux-x86_64

Version: 0.1-3
Flags: --no-examples --no-tests --no-vignettes
Check: S3 generic/method consistency
Result: NOTE
    Found the following apparent S3 methods exported but not registered:
     as.character.clFloat as.double.clFloat as.integer.clFloat
     length.clFloat length<-.clFloat oclInfo.clDeviceID
     oclInfo.clPlatformID oclInfo.list print.clFloat
    See section ‘Registering S3 methods’ in the ‘Writing R Extensions’
    manual.
Flavors: r-devel-linux-x86_64-debian-gcc, r-patched-linux-x86_64, r-release-linux-x86_64

Version: 0.1-3
Check: DESCRIPTION meta-information
Result: NOTE
    Deprecated license: BSD
Flavors: r-devel-linux-x86_64-fedora-clang, r-devel-linux-x86_64-fedora-gcc, r-devel-osx-x86_64-clang

Version: 0.1-3
Check: top-level files
Result: NOTE
    File
     LICENSE
    is not mentioned in the DESCRIPTION file.
Flavors: r-devel-linux-x86_64-fedora-clang, r-devel-linux-x86_64-fedora-gcc, r-devel-osx-x86_64-clang

Version: 0.1-3
Check: S3 generic/method consistency
Result: NOTE
    Found the following apparent S3 methods exported but not registered:
     as.character.clFloat as.double.clFloat as.integer.clFloat
     length.clFloat length<-.clFloat oclInfo.clDeviceID
     oclInfo.clPlatformID oclInfo.list print.clFloat
    See section ‘Registering S3 methods’ in the ‘Writing R Extensions’
    manual.
Flavors: r-devel-linux-x86_64-fedora-clang, r-devel-linux-x86_64-fedora-gcc, r-devel-osx-x86_64-clang

Version: 0.1-3
Check: whether package can be installed
Result: ERROR
    Installation failed.
    See ‘/Builds/CRAN-QA-Simon/packages/mavericks-x86_64/results/3.3/OpenCL.Rcheck/00install.out’ for details.
    * DONE
    Status: 1 ERROR
Flavor: r-release-osx-x86_64-mavericks

Version: 0.1-3
Check: whether package can be installed
Result: ERROR
    Installation failed.
Flavor: r-release-windows-ix86+x86_64