CRAN Package Check Results for Package OpenMx

Last updated on 2022-01-24 07:49:56 CET.

Flavor Version Tinstall Tcheck Ttotal Status Flags
r-devel-linux-x86_64-debian-clang 2.20.0 1738.83 948.65 2687.48 WARN
r-devel-linux-x86_64-debian-gcc 2.20.0 1001.50 613.42 1614.92 NOTE
r-devel-linux-x86_64-fedora-clang 2.20.0 3368.69 WARN
r-devel-linux-x86_64-fedora-gcc 2.20.0 2839.22 NOTE
r-devel-windows-x86_64-new-UL 2.20.0 1460.00 943.00 2403.00 NOTE
r-devel-windows-x86_64-new-TK 2.20.0 NOTE
r-patched-linux-x86_64 2.20.0 1178.72 808.19 1986.91 NOTE
r-release-linux-x86_64 2.20.0 1152.21 816.98 1969.19 NOTE
r-release-macos-arm64 2.20.0 WARN
r-release-macos-x86_64 2.20.0 WARN
r-release-windows-ix86+x86_64 2.20.0 2560.00 1095.00 3655.00 NOTE
r-oldrel-macos-x86_64 2.19.8 NOTE
r-oldrel-windows-ix86+x86_64 2.20.0 2572.00 1119.00 3691.00 NOTE

Additional issues

clang-ASAN gcc-ASAN M1mac M1mac rchk valgrind

Check Details

Version: 2.20.0
Check: whether package can be installed
Result: WARN
    Found the following significant warnings:
     ./omxRFitFunction.h:27:15: warning: 'init' overrides a member function but is not marked 'override' [-Winconsistent-missing-override]
     ./RAMInternal.h:399:15: warning: 'init' overrides a member function but is not marked 'override' [-Winconsistent-missing-override]
     ./RAMInternal.h:400:15: warning: 'compute' overrides a member function but is not marked 'override' [-Winconsistent-missing-override]
     ./RAMInternal.h:401:21: warning: 'getComponent' overrides a member function but is not marked 'override' [-Winconsistent-missing-override]
     ./RAMInternal.h:402:15: warning: 'populateAttr' overrides a member function but is not marked 'override' [-Winconsistent-missing-override]
     ./RAMInternal.h:403:43: warning: 'getDataColumnNames' overrides a member function but is not marked 'override' [-Winconsistent-missing-override]
     ./RAMInternal.h:407:50: warning: 'getDataColumns' overrides a member function but is not marked 'override' [-Winconsistent-missing-override]
     ./RAMInternal.h:413:45: warning: 'getThresholdInfo' overrides a member function but is not marked 'override' [-Winconsistent-missing-override]
     ./RAMInternal.h:418:15: warning: 'invalidateCache' overrides a member function but is not marked 'override' [-Winconsistent-missing-override]
     ./RAMInternal.h:419:15: warning: 'generateData' overrides a member function but is not marked 'override' [-Winconsistent-missing-override]
     ./RAMInternal.h:421:15: warning: 'getExogenousPredictors' overrides a member function but is not marked 'override' [-Winconsistent-missing-override]
     FellnerFitFunction.cpp:40:16: warning: 'init' overrides a member function but is not marked 'override' [-Winconsistent-missing-override]
     fitMultigroup.cpp:30:15: warning: 'init' overrides a member function but is not marked 'override' [-Winconsistent-missing-override]
     fitMultigroup.cpp:32:15: warning: 'addOutput' overrides a member function but is not marked 'override' [-Winconsistent-missing-override]
     ./omxFIMLFitFunction.h:119:15: warning: 'init' overrides a member function but is not marked 'override' [-Winconsistent-missing-override]
     ./omxFIMLFitFunction.h:121:15: warning: 'populateAttr' overrides a member function but is not marked 'override' [-Winconsistent-missing-override]
     ./omxFIMLFitFunction.h:122:15: warning: 'invalidateCache' overrides a member function but is not marked 'override' [-Winconsistent-missing-override]
     ./omxGREMLExpectation.h:30:16: warning: 'init' overrides a member function but is not marked 'override' [-Winconsistent-missing-override]
     ./omxGREMLExpectation.h:31:16: warning: 'connectToData' overrides a member function but is not marked 'override' [-Winconsistent-missing-override]
     ./omxGREMLExpectation.h:32:16: warning: 'compute' overrides a member function but is not marked 'override' [-Winconsistent-missing-override]
     ./omxGREMLExpectation.h:33:16: warning: 'populateAttr' overrides a member function but is not marked 'override' [-Winconsistent-missing-override]
     ./omxGREMLExpectation.h:34:22: warning: 'getComponent' overrides a member function but is not marked 'override' [-Winconsistent-missing-override]
     ./omxGREMLExpectation.h:35:15: warning: 'usesDataColumnNames' overrides a member function but is not marked 'override' [-Winconsistent-missing-override]
Flavors: r-devel-linux-x86_64-debian-clang, r-devel-linux-x86_64-fedora-clang, r-release-macos-arm64, r-release-macos-x86_64

Version: 2.20.0
Check: for GNU extensions in Makefiles
Result: NOTE
    GNU make is a SystemRequirements.
Flavors: r-devel-linux-x86_64-debian-clang, r-devel-linux-x86_64-debian-gcc, r-devel-linux-x86_64-fedora-clang, r-devel-linux-x86_64-fedora-gcc, r-devel-windows-x86_64-new-UL, r-devel-windows-x86_64-new-TK, r-patched-linux-x86_64, r-release-linux-x86_64, r-release-macos-arm64, r-release-macos-x86_64, r-release-windows-ix86+x86_64, r-oldrel-windows-ix86+x86_64

Version: 2.20.0
Check: installed package size
Result: NOTE
     installed size is 203.8Mb
     sub-directories of 1Mb or more:
     R 2.6Mb
     libs 193.0Mb
     models 4.8Mb
Flavors: r-devel-linux-x86_64-fedora-clang, r-devel-windows-x86_64-new-UL, r-release-macos-arm64, r-release-macos-x86_64, r-release-windows-ix86+x86_64, r-oldrel-windows-ix86+x86_64

Version: 2.20.0
Check: package dependencies
Result: NOTE
    Package suggested but not available for checking: 'lme4'
Flavor: r-devel-windows-x86_64-new-TK

Version: 2.19.8
Check: installed package size
Result: NOTE
     installed size is 196.7Mb
     sub-directories of 1Mb or more:
     R 2.6Mb
     libs 186.4Mb
     models 4.7Mb
Flavor: r-oldrel-macos-x86_64

Version: 2.19.8
Check: for GNU extensions in Makefiles
Result: NOTE
    GNU make is a SystemRequirements.
Flavor: r-oldrel-macos-x86_64