CRAN Package Check Results for Package OpenRepGrid

Last updated on 2015-02-28 19:51:13.

Flavor Version Tinstall Tcheck Ttotal Status Flags
r-devel-linux-x86_64-debian-clang 0.1.9 3.35 46.26 49.62 NOTE
r-devel-linux-x86_64-debian-gcc 0.1.9 3.23 45.32 48.54 NOTE
r-devel-linux-x86_64-fedora-clang 0.1.9 92.08 NOTE
r-devel-linux-x86_64-fedora-gcc 0.1.9 84.96 NOTE
r-devel-osx-x86_64-clang 0.1.9 93.35 NOTE
r-devel-windows-ix86+x86_64 0.1.9 18.00 66.00 84.00 NOTE
r-patched-linux-x86_64 0.1.9 3.95 52.96 56.92 OK
r-patched-solaris-sparc 0.1.9 635.70 OK
r-patched-solaris-x86 0.1.9 155.20 OK
r-release-linux-ix86 0.1.9 4.89 65.18 70.08 OK
r-release-linux-x86_64 0.1.9 3.92 52.60 56.52 OK
r-release-osx-x86_64-mavericks 0.1.9 OK
r-release-osx-x86_64-snowleopard 0.1.9 OK
r-release-windows-ix86+x86_64 0.1.9 14.00 81.00 95.00 OK
r-oldrel-windows-ix86+x86_64 0.1.9 16.00 79.00 95.00 OK

Check Details

Version: 0.1.9
Check: DESCRIPTION meta-information
Result: NOTE
    Malformed Description field: should contain one or more complete sentences.
Flavors: r-devel-linux-x86_64-debian-clang, r-devel-linux-x86_64-debian-gcc, r-devel-linux-x86_64-fedora-clang, r-devel-linux-x86_64-fedora-gcc, r-devel-osx-x86_64-clang, r-devel-windows-ix86+x86_64