CRAN Package Check Results for Package OpenRepGrid

Last updated on 2015-04-27 06:46:43.

Flavor Version Tinstall Tcheck Ttotal Status Flags
r-devel-linux-x86_64-debian-clang 0.1.9 3.43 45.26 48.69 NOTE
r-devel-linux-x86_64-debian-gcc 0.1.9 3.52 44.31 47.82 NOTE
r-devel-linux-x86_64-fedora-clang 0.1.9 94.82 NOTE
r-devel-linux-x86_64-fedora-gcc 0.1.9 91.62 NOTE
r-devel-osx-x86_64-clang 0.1.9 87.09 NOTE
r-devel-windows-ix86+x86_64 0.1.9 13.00 68.00 81.00 NOTE
r-patched-linux-x86_64 0.1.9 3.86 44.82 48.68 NOTE
r-patched-solaris-sparc 0.1.9 576.30 NOTE
r-patched-solaris-x86 0.1.9 124.20 NOTE
r-release-linux-x86_64 0.1.9 3.30 44.19 47.49 NOTE
r-release-osx-x86_64-mavericks 0.1.9 NOTE
r-release-osx-x86_64-snowleopard 0.1.9 ERROR
r-release-windows-ix86+x86_64 0.1.9 13.00 73.00 86.00 NOTE
r-oldrel-windows-ix86+x86_64 0.1.9 10.00 73.00 83.00 OK

Check Details

Version: 0.1.9
Check: DESCRIPTION meta-information
Result: NOTE
    Malformed Description field: should contain one or more complete sentences.
Flavors: r-devel-linux-x86_64-debian-clang, r-devel-linux-x86_64-debian-gcc, r-devel-linux-x86_64-fedora-clang, r-devel-linux-x86_64-fedora-gcc, r-devel-osx-x86_64-clang, r-devel-windows-ix86+x86_64, r-patched-solaris-sparc, r-patched-solaris-x86, r-release-osx-x86_64-mavericks, r-release-windows-ix86+x86_64

Version: 0.1.9
Check: package dependencies
Result: ERROR
    Package required but not available: ‘XML’
    
    See section ‘The DESCRIPTION file’ in the ‘Writing R Extensions’
    manual.
Flavor: r-release-osx-x86_64-snowleopard