CRAN Package Check Results for Package OpenRepGrid

Last updated on 2014-07-23 04:48:28.

Flavor Version Tinstall Tcheck Ttotal Status Flags
r-devel-linux-x86_64-debian-clang 0.1.8 6.25 73.10 79.34 NOTE
r-devel-linux-x86_64-debian-gcc 0.1.8 6.09 72.29 78.38 NOTE
r-devel-linux-x86_64-fedora-clang 0.1.8 178.52 NOTE
r-devel-linux-x86_64-fedora-gcc 0.1.8 168.46 NOTE
r-devel-osx-x86_64-clang 0.1.8 172.01 NOTE
r-devel-windows-ix86+x86_64 0.1.8 16.00 106.00 122.00 NOTE
r-patched-linux-x86_64 0.1.8 6.10 72.62 78.72 NOTE
r-patched-solaris-sparc 0.1.8 914.40 NOTE
r-patched-solaris-x86 0.1.8 226.90 NOTE
r-release-linux-ix86 0.1.8 7.63 90.11 97.74 NOTE
r-release-linux-x86_64 0.1.8 6.13 74.12 80.25 NOTE
r-release-osx-x86_64-mavericks 0.1.8 NOTE
r-release-osx-x86_64-snowleopard 0.1.8 NOTE
r-release-windows-ix86+x86_64 0.1.8 18.00 109.00 127.00 NOTE
r-oldrel-windows-ix86+x86_64 0.1.8 18.00 102.00 120.00 NOTE

Check Details

Version: 0.1.8
Check: package dependencies
Result: NOTE
    Depends: includes the non-default packages:
     ‘grid’ ‘colorspace’ ‘plyr’ ‘abind’ ‘rgl’ ‘GPArotation’ ‘psych’ ‘XML’
     ‘tcltk’ ‘xlsx’ ‘pvclust’
    Adding so many packages to the search path is excessive and importing
    selectively is preferable.
Flavors: r-devel-linux-x86_64-debian-clang, r-devel-linux-x86_64-debian-gcc, r-devel-linux-x86_64-fedora-clang, r-devel-linux-x86_64-fedora-gcc, r-devel-osx-x86_64-clang, r-devel-windows-ix86+x86_64, r-patched-linux-x86_64, r-patched-solaris-sparc, r-patched-solaris-x86, r-release-linux-ix86, r-release-linux-x86_64, r-release-osx-x86_64-mavericks, r-release-osx-x86_64-snowleopard, r-release-windows-ix86+x86_64

Version: 0.1.8
Check: dependencies in R code
Result: NOTE
    'library' or 'require' calls to packages already attached by Depends:
     ‘colorspace’ ‘grid’ ‘tcltk’
     Please remove these calls from your code.
    Packages in Depends field not imported from:
     ‘GPArotation’ ‘XML’ ‘abind’ ‘colorspace’ ‘methods’ ‘plyr’ ‘psych’
     ‘pvclust’ ‘rgl’ ‘xlsx’
     These packages need to be imported from (in the NAMESPACE file)
     for when this namespace is loaded but not attached.
    Unexported object imported by a ':::' call: ‘plyr:::list_to_dataframe’
     See the note in ?`:::` about the use of this operator.
    See the information on DESCRIPTION files in the chapter ‘Creating R
    packages’ of the ‘Writing R Extensions’ manual.
Flavors: r-devel-linux-x86_64-debian-clang, r-devel-linux-x86_64-debian-gcc, r-devel-linux-x86_64-fedora-clang, r-devel-linux-x86_64-fedora-gcc, r-devel-osx-x86_64-clang, r-devel-windows-ix86+x86_64, r-patched-linux-x86_64, r-patched-solaris-sparc, r-patched-solaris-x86, r-release-linux-ix86, r-release-linux-x86_64, r-release-osx-x86_64-mavericks, r-release-windows-ix86+x86_64, r-oldrel-windows-ix86+x86_64

Version: 0.1.8
Check: dependencies in R code
Result: NOTE
    'library' or 'require' calls to packages already attached by Depends:
     'colorspace' 'grid' 'tcltk'
     Please remove these calls from your code.
    Unexported object imported by a ':::' call: 'plyr:::list_to_dataframe'
     See the note in ?`:::` about the use of this operator.
    See the information on DESCRIPTION files in the chapter 'Creating R
    packages' of the 'Writing R Extensions' manual.
Flavor: r-release-osx-x86_64-snowleopard