CRAN Package Check Results for Package OpenRepGrid

Last updated on 2016-08-30 19:47:36.

Flavor Version Tinstall Tcheck Ttotal Status Flags
r-devel-linux-x86_64-debian-clang 0.1.9 3.30 52.63 55.93 NOTE
r-devel-linux-x86_64-debian-gcc 0.1.9 3.39 52.11 55.50 NOTE
r-devel-linux-x86_64-fedora-clang 0.1.9 86.34 NOTE
r-devel-linux-x86_64-fedora-gcc 0.1.9 82.37 NOTE
r-devel-osx-x86_64-clang 0.1.9 77.16 NOTE
r-devel-windows-ix86+x86_64 0.1.9 22.00 102.00 124.00 NOTE
r-patched-linux-x86_64 0.1.9 3.70 51.54 55.24 NOTE
r-patched-solaris-sparc 0.1.9 547.80 NOTE
r-patched-solaris-x86 0.1.9 116.10 NOTE
r-release-linux-x86_64 0.1.9 3.56 53.05 56.61 NOTE
r-release-osx-x86_64-mavericks 0.1.9 WARN
r-release-windows-ix86+x86_64 0.1.9 17.00 86.00 103.00 NOTE
r-oldrel-windows-ix86+x86_64 0.1.9 24.00 113.00 137.00 NOTE

Check Details

Version: 0.1.9
Check: DESCRIPTION meta-information
Result: NOTE
    Malformed Description field: should contain one or more complete sentences.
Flavors: r-devel-linux-x86_64-debian-clang, r-devel-linux-x86_64-debian-gcc, r-devel-linux-x86_64-fedora-clang, r-devel-linux-x86_64-fedora-gcc, r-devel-osx-x86_64-clang, r-devel-windows-ix86+x86_64, r-patched-linux-x86_64, r-patched-solaris-sparc, r-patched-solaris-x86, r-release-linux-x86_64, r-release-osx-x86_64-mavericks, r-release-windows-ix86+x86_64, r-oldrel-windows-ix86+x86_64

Version: 0.1.9
Check: R code for possible problems
Result: NOTE
    addVarianceExplainedToBiplot2d: no visible global function definition
     for ‘grey’
    addVarianceExplainedToBiplot2d: no visible global function definition
     for ‘strheight’
    addVarianceExplainedToBiplot2d: no visible global function definition
     for ‘text’
    apply_pb: no visible global function definition for ‘txtProgressBar’
    apply_pb : wrapper: no visible global function definition for
     ‘setTxtProgressBar’
    baseSplitStringInt: no visible global function definition for
     ‘strwidth’
    bertin1: no visible global function definition for ‘grey’
    bertin2: no visible global function definition for ‘grey’
    bertin2: no visible global function definition for ‘modifyList’
    bertin2 : bertinCell: no visible global function definition for
     ‘modifyList’
    bertin2PlusLegend: no visible global function definition for ‘grey’
    bertinBase: no visible global function definition for ‘grey’
    bertinBase : makeMain: no visible global function definition for ‘rect’
    bertinBase : makeMain: no visible global function definition for ‘text’
    bertinBase : makeElements: no visible global function definition for
     ‘segments’
    bertinBase : makeElements: no visible global function definition for
     ‘text’
    bertinBase : makeConstructs: no visible global function definition for
     ‘par’
    bertinBase : makeConstructs: no visible global function definition for
     ‘text’
    bertinBase : colorRow: no visible global function definition for ‘par’
    bertinBase : colorRow: no visible global function definition for
     ‘plot.new’
    bertinBase : colorRow: no visible global function definition for ‘rect’
    bertinBase : colorRow: no visible global function definition for ‘text’
    bertinBase : colorColumn: no visible global function definition for
     ‘par’
    bertinBase : colorColumn: no visible global function definition for
     ‘plot.new’
    bertinBase : colorColumn: no visible global function definition for
     ‘rect’
    bertinBase : colorColumn: no visible global function definition for
     ‘text’
    bertinBase : colorColumn: no visible global function definition for
     ‘segments’
    bertinBase : renewColumn: no visible global function definition for
     ‘segments’
    bertinBase : renewColumn: no visible global function definition for
     ‘rect’
    bertinBase : renewColumn: no visible global function definition for
     ‘text’
    bertinBase : renewRow: no visible global function definition for ‘rect’
    bertinBase : renewRow: no visible global function definition for ‘text’
    bertinBase: no visible global function definition for ‘par’
    bertinBase: no visible global function definition for ‘plot.new’
    bertinCluster: no visible global function definition for ‘grey’
    bertinCluster: no visible global function definition for ‘dist’
    bertinCluster: no visible global function definition for ‘hclust’
    bertinCluster: no visible global function definition for
     ‘as.dendrogram’
    bertinCluster: no visible global function definition for
     ‘order.dendrogram’
    bertinCluster: no visible global function definition for ‘plot.new’
    bertinCluster: no visible global function definition for ‘par’
    bertinCluster: no visible global function definition for ‘axis’
    biplot2d: no visible global function definition for ‘grey’
    biplot3d: no visible global function definition for ‘grey’
    biplot3dBase2: no visible global function definition for ‘grey’
    biplotDraw: no visible global function definition for ‘grey’
    biplotDraw: no visible global function definition for ‘par’
    biplotDraw: no visible global function definition for ‘plot.new’
    biplotDraw: no visible global function definition for ‘plot.window’
    biplotDraw: no visible global function definition for ‘segments’
    biplotDraw: no visible global function definition for ‘rect’
    biplotDraw: no visible global function definition for ‘text’
    biplotDraw: no visible global function definition for ‘points’
    biplotDraw: no visible global function definition for ‘strheight’
    biplotSimple: no visible global function definition for ‘grey’
    biplotSimple: no visible global function definition for ‘par’
    biplotSimple: no visible global function definition for ‘abline’
    biplotSimple: no visible global function definition for ‘arrows’
    biplotSimple: no visible global function definition for ‘text’
    biplotSimple: no visible global function definition for ‘points’
    calcRectanglesCoordsForLabels: no visible global function definition
     for ‘strheight’
    calcRectanglesCoordsForLabels: no visible global function definition
     for ‘strwidth’
    cluster: no visible global function definition for ‘dist’
    cluster: no visible global function definition for ‘hclust’
    cluster: no visible global function definition for ‘as.dendrogram’
    cluster: no visible global function definition for ‘order.dendrogram’
    cluster: no visible global function definition for ‘par’
    cluster: no visible global function definition for ‘layout’
    constructCellGrob: no visible global function definition for
     ‘modifyList’
    constructCellGrob: no visible global function definition for ‘grey’
    constructCor: no visible global function definition for ‘cor’
    constructPcaLoadings: no visible global function definition for
     ‘loadings’
    covpop: no visible global function definition for ‘cov’
    distance: no visible global function definition for ‘dist’
    distanceHartmann: no visible global function definition for ‘quantile’
    distanceNormalized: no visible global function definition for ‘sd’
    distanceNormalized: no visible global function definition for
     ‘quantile’
    distanceNormalized: no visible global function definition for
     ‘modifyList’
    elementCor: no visible global function definition for ‘cor’
    ellipse: no visible global function definition for ‘lines’
    errbar: no visible global function definition for ‘par’
    errbar: no visible global function definition for ‘strwidth’
    errbar: no visible global function definition for ‘axis’
    errbar: no visible global function definition for ‘points’
    errbar: no visible global function definition for ‘segments’
    errbar: no visible global function definition for ‘abline’
    errbar: no visible global function definition for ‘lines’
    getDistributionParameters: no visible global function definition for
     ‘quantile’
    getSlaterPaperPars: no visible binding for global variable ‘sd’
    gmLegend2: no visible global function definition for ‘grey’
    gmRandomColor: no visible global function definition for ‘runif’
    gmRandomColor : pal: no visible global function definition for ‘rect’
    gmTextBox: no visible global function definition for ‘grey’
    guessDataSource: no visible global function definition for ‘tail’
    indexConflict1: no visible global function definition for ‘combn’
    indexConflict2: no visible global function definition for ‘combn’
    indexConflict3: no visible global function definition for ‘dist’
    indexConflict3 : conflictAttributedByConstructForElement: no visible
     global function definition for ‘sd’
    indexConflict3 : conflictAttributedByElementForConstruct: no visible
     global function definition for ‘sd’
    indexConflict3Out1: no visible global function definition for
     ‘chisq.test’
    indexDilemmaInternal: no visible global function definition for ‘combn’
    indexDilemmaShowCorrelationDistribution : histDensity: no visible
     global function definition for ‘hist’
    indexDilemmaShowCorrelationDistribution : histDensity: no visible
     global function definition for ‘grey’
    indexDilemmaShowCorrelationDistribution : histDensity: no visible
     global function definition for ‘density’
    indexDilemmaShowCorrelationDistribution : histDensity: no visible
     global function definition for ‘lines’
    indexDilemmaShowCorrelationDistribution : histDensity: no visible
     global function definition for ‘quantile’
    indexDilemmaShowCorrelationDistribution : histDensity: no visible
     global function definition for ‘abline’
    indexDilemmaShowCorrelationDistribution : histDensity: no visible
     global function definition for ‘text’
    indexDilemmaShowCorrelationDistribution: no visible global function
     definition for ‘layout’
    indexDilemmaShowCorrelationDistribution: no visible global function
     definition for ‘par’
    indexPvaff2: no visible global function definition for ‘princomp’
    lapply_pb: no visible global function definition for ‘txtProgressBar’
    lapply_pb : wrapper: no visible global function definition for
     ‘setTxtProgressBar’
    makeStandardRangeColorRamp: no visible global function definition for
     ‘colorRamp’
    makeStandardRangeColorRamp : <anonymous>: no visible global function
     definition for ‘rgb’
    modifyConstruct: no visible global function definition for ‘modifyList’
    modifyElement: no visible global function definition for ‘modifyList’
    normal.ppplot: no visible global function definition for ‘sd’
    normal.ppplot: no visible global function definition for ‘pnorm’
    normal.ppplot: no visible global function definition for ‘ppoints’
    normal.ppplot: no visible global function definition for ‘cor’
    normal.ppplot: no visible global function definition for ‘title’
    normal.ppplot: no visible global function definition for ‘abline’
    normalize: no visible binding for global variable ‘sd’
    onAir: no visible global function definition for ‘browseURL’
    optimal.boxcox: no visible global function definition for ‘par’
    optimal.boxcox: no visible global function definition for ‘points’
    optimal.boxcox: no visible global function definition for ‘text’
    optimal.boxcox: no visible global function definition for ‘title’
    pointLabel: no visible global function definition for
     ‘as.graphicsAnnot’
    pointLabel: no visible global function definition for ‘par’
    pointLabel: no visible global function definition for ‘xy.coords’
    pointLabel: no visible global function definition for ‘strwidth’
    pointLabel: no visible global function definition for ‘strheight’
    pointLabel : GA : mutate: no visible global function definition for
     ‘runif’
    pointLabel : SANN: no visible global function definition for ‘runif’
    pointLabel: no visible global function definition for ‘text’
    prepareBiplotData: no visible global function definition for ‘grey’
    print.constructPca: no visible global function definition for
     ‘loadings’
    rglDrawConstructLabels: no visible global function definition for
     ‘grey’
    rglDrawConstructPoints: no visible global function definition for
     ‘grey’
    sapply_pb: no visible global function definition for ‘txtProgressBar’
    sapply_pb : wrapper: no visible global function definition for
     ‘setTxtProgressBar’
    saveAsTxt: no visible global function definition for ‘write.table’
    settings: no visible global function definition for ‘na.omit’
    settings: no visible global function definition for ‘modifyList’
    simulateSlaterAndHartmannDistribution: no visible global function
     definition for ‘sd’
    slaterStandardization: no visible global function definition for ‘dist’
    stepChart: no visible global function definition for ‘hist’
    stepChart: no visible global function definition for ‘points’
    Undefined global functions or variables:
     abline arrows as.dendrogram as.graphicsAnnot axis browseURL
     chisq.test colorRamp combn cor cov density dist grey hclust hist
     layout lines loadings modifyList na.omit order.dendrogram par
     plot.new plot.window pnorm points ppoints princomp quantile rect rgb
     runif sd segments setTxtProgressBar strheight strwidth tail text
     title txtProgressBar write.table xy.coords
    Consider adding
     importFrom("grDevices", "as.graphicsAnnot", "colorRamp", "grey", "rgb",
     "xy.coords")
     importFrom("graphics", "abline", "arrows", "axis", "hist", "layout",
     "lines", "par", "plot.new", "plot.window", "points", "rect",
     "segments", "strheight", "strwidth", "text", "title")
     importFrom("stats", "as.dendrogram", "chisq.test", "cor", "cov",
     "density", "dist", "hclust", "loadings", "na.omit",
     "order.dendrogram", "pnorm", "ppoints", "princomp",
     "quantile", "runif", "sd")
     importFrom("utils", "browseURL", "combn", "modifyList",
     "setTxtProgressBar", "tail", "txtProgressBar",
     "write.table")
    to your NAMESPACE file.
Flavors: r-devel-linux-x86_64-debian-clang, r-devel-linux-x86_64-debian-gcc, r-devel-linux-x86_64-fedora-clang, r-devel-linux-x86_64-fedora-gcc, r-devel-osx-x86_64-clang, r-devel-windows-ix86+x86_64, r-patched-linux-x86_64, r-patched-solaris-sparc, r-patched-solaris-x86, r-release-linux-x86_64, r-release-windows-ix86+x86_64

Version: 0.1.9
Check: whether package can be installed
Result: WARN
    Found the following significant warnings:
     Warning: 'rgl_init' failed, running with rgl.useNULL = TRUE
Flavor: r-release-osx-x86_64-mavericks

Version: 0.1.9
Check: dependencies in R code
Result: NOTE
    Invalid MIT-MAGIC-COOKIE-1 keyInvalid MIT-MAGIC-COOKIE-1 key
Flavor: r-release-osx-x86_64-mavericks

Version: 0.1.9
Check: S3 generic/method consistency
Result: WARN
    Invalid MIT-MAGIC-COOKIE-1 keyInvalid MIT-MAGIC-COOKIE-1 key
    See section ‘Generic functions and methods’ in the ‘Writing R
    Extensions’ manual.
Flavor: r-release-osx-x86_64-mavericks

Version: 0.1.9
Check: replacement functions
Result: WARN
    Invalid MIT-MAGIC-COOKIE-1 keyInvalid MIT-MAGIC-COOKIE-1 key
    The argument of a replacement function which corresponds to the right
    hand side must be named ‘value’.
Flavor: r-release-osx-x86_64-mavericks

Version: 0.1.9
Check: foreign function calls
Result: NOTE
    Invalid MIT-MAGIC-COOKIE-1 keyInvalid MIT-MAGIC-COOKIE-1 key
    See chapter ‘System and foreign language interfaces’ in the ‘Writing R
    Extensions’ manual.
Flavor: r-release-osx-x86_64-mavericks

Version: 0.1.9
Check: R code for possible problems
Result: NOTE
    Invalid MIT-MAGIC-COOKIE-1 keyInvalid MIT-MAGIC-COOKIE-1 keyaddVarianceExplainedToBiplot2d: no visible global function definition
     for ‘grey’
    addVarianceExplainedToBiplot2d: no visible global function definition
     for ‘strheight’
    addVarianceExplainedToBiplot2d: no visible global function definition
     for ‘text’
    apply_pb: no visible global function definition for ‘txtProgressBar’
    apply_pb : wrapper: no visible global function definition for
     ‘setTxtProgressBar’
    baseSplitStringInt: no visible global function definition for
     ‘strwidth’
    bertin1: no visible global function definition for ‘grey’
    bertin2: no visible global function definition for ‘grey’
    bertin2: no visible global function definition for ‘modifyList’
    bertin2 : bertinCell: no visible global function definition for
     ‘modifyList’
    bertin2PlusLegend: no visible global function definition for ‘grey’
    bertinBase: no visible global function definition for ‘grey’
    bertinBase : makeMain: no visible global function definition for ‘rect’
    bertinBase : makeMain: no visible global function definition for ‘text’
    bertinBase : makeElements: no visible global function definition for
     ‘segments’
    bertinBase : makeElements: no visible global function definition for
     ‘text’
    bertinBase : makeConstructs: no visible global function definition for
     ‘par’
    bertinBase : makeConstructs: no visible global function definition for
     ‘text’
    bertinBase : colorRow: no visible global function definition for ‘par’
    bertinBase : colorRow: no visible global function definition for
     ‘plot.new’
    bertinBase : colorRow: no visible global function definition for ‘rect’
    bertinBase : colorRow: no visible global function definition for ‘text’
    bertinBase : colorColumn: no visible global function definition for
     ‘par’
    bertinBase : colorColumn: no visible global function definition for
     ‘plot.new’
    bertinBase : colorColumn: no visible global function definition for
     ‘rect’
    bertinBase : colorColumn: no visible global function definition for
     ‘text’
    bertinBase : colorColumn: no visible global function definition for
     ‘segments’
    bertinBase : renewColumn: no visible global function definition for
     ‘segments’
    bertinBase : renewColumn: no visible global function definition for
     ‘rect’
    bertinBase : renewColumn: no visible global function definition for
     ‘text’
    bertinBase : renewRow: no visible global function definition for ‘rect’
    bertinBase : renewRow: no visible global function definition for ‘text’
    bertinBase: no visible global function definition for ‘par’
    bertinBase: no visible global function definition for ‘plot.new’
    bertinCluster: no visible global function definition for ‘grey’
    bertinCluster: no visible global function definition for ‘dist’
    bertinCluster: no visible global function definition for ‘hclust’
    bertinCluster: no visible global function definition for
     ‘as.dendrogram’
    bertinCluster: no visible global function definition for
     ‘order.dendrogram’
    bertinCluster: no visible global function definition for ‘plot.new’
    bertinCluster: no visible global function definition for ‘par’
    bertinCluster: no visible global function definition for ‘axis’
    biplot2d: no visible global function definition for ‘grey’
    biplot3d: no visible global function definition for ‘grey’
    biplot3dBase2: no visible global function definition for ‘grey’
    biplotDraw: no visible global function definition for ‘grey’
    biplotDraw: no visible global function definition for ‘par’
    biplotDraw: no visible global function definition for ‘plot.new’
    biplotDraw: no visible global function definition for ‘plot.window’
    biplotDraw: no visible global function definition for ‘segments’
    biplotDraw: no visible global function definition for ‘rect’
    biplotDraw: no visible global function definition for ‘text’
    biplotDraw: no visible global function definition for ‘points’
    biplotDraw: no visible global function definition for ‘strheight’
    biplotSimple: no visible global function definition for ‘grey’
    biplotSimple: no visible global function definition for ‘par’
    biplotSimple: no visible global function definition for ‘abline’
    biplotSimple: no visible global function definition for ‘arrows’
    biplotSimple: no visible global function definition for ‘text’
    biplotSimple: no visible global function definition for ‘points’
    calcRectanglesCoordsForLabels: no visible global function definition
     for ‘strheight’
    calcRectanglesCoordsForLabels: no visible global function definition
     for ‘strwidth’
    cluster: no visible global function definition for ‘dist’
    cluster: no visible global function definition for ‘hclust’
    cluster: no visible global function definition for ‘as.dendrogram’
    cluster: no visible global function definition for ‘order.dendrogram’
    cluster: no visible global function definition for ‘par’
    cluster: no visible global function definition for ‘layout’
    constructCellGrob: no visible global function definition for
     ‘modifyList’
    constructCellGrob: no visible global function definition for ‘grey’
    constructCor: no visible global function definition for ‘cor’
    constructPcaLoadings: no visible global function definition for
     ‘loadings’
    covpop: no visible global function definition for ‘cov’
    distance: no visible global function definition for ‘dist’
    distanceHartmann: no visible global function definition for ‘quantile’
    distanceNormalized: no visible global function definition for ‘sd’
    distanceNormalized: no visible global function definition for
     ‘quantile’
    distanceNormalized: no visible global function definition for
     ‘modifyList’
    elementCor: no visible global function definition for ‘cor’
    ellipse: no visible global function definition for ‘lines’
    errbar: no visible global function definition for ‘par’
    errbar: no visible global function definition for ‘strwidth’
    errbar: no visible global function definition for ‘axis’
    errbar: no visible global function definition for ‘points’
    errbar: no visible global function definition for ‘segments’
    errbar: no visible global function definition for ‘abline’
    errbar: no visible global function definition for ‘lines’
    getDistributionParameters: no visible global function definition for
     ‘quantile’
    getSlaterPaperPars: no visible binding for global variable ‘sd’
    gmLegend2: no visible global function definition for ‘grey’
    gmRandomColor: no visible global function definition for ‘runif’
    gmRandomColor : pal: no visible global function definition for ‘rect’
    gmTextBox: no visible global function definition for ‘grey’
    guessDataSource: no visible global function definition for ‘tail’
    indexConflict1: no visible global function definition for ‘combn’
    indexConflict2: no visible global function definition for ‘combn’
    indexConflict3: no visible global function definition for ‘dist’
    indexConflict3 : conflictAttributedByConstructForElement: no visible
     global function definition for ‘sd’
    indexConflict3 : conflictAttributedByElementForConstruct: no visible
     global function definition for ‘sd’
    indexConflict3Out1: no visible global function definition for
     ‘chisq.test’
    indexDilemmaInternal: no visible global function definition for ‘combn’
    indexDilemmaShowCorrelationDistribution : histDensity: no visible
     global function definition for ‘hist’
    indexDilemmaShowCorrelationDistribution : histDensity: no visible
     global function definition for ‘grey’
    indexDilemmaShowCorrelationDistribution : histDensity: no visible
     global function definition for ‘density’
    indexDilemmaShowCorrelationDistribution : histDensity: no visible
     global function definition for ‘lines’
    indexDilemmaShowCorrelationDistribution : histDensity: no visible
     global function definition for ‘quantile’
    indexDilemmaShowCorrelationDistribution : histDensity: no visible
     global function definition for ‘abline’
    indexDilemmaShowCorrelationDistribution : histDensity: no visible
     global function definition for ‘text’
    indexDilemmaShowCorrelationDistribution: no visible global function
     definition for ‘layout’
    indexDilemmaShowCorrelationDistribution: no visible global function
     definition for ‘par’
    indexPvaff2: no visible global function definition for ‘princomp’
    lapply_pb: no visible global function definition for ‘txtProgressBar’
    lapply_pb : wrapper: no visible global function definition for
     ‘setTxtProgressBar’
    makeStandardRangeColorRamp: no visible global function definition for
     ‘colorRamp’
    makeStandardRangeColorRamp : <anonymous>: no visible global function
     definition for ‘rgb’
    modifyConstruct: no visible global function definition for ‘modifyList’
    modifyElement: no visible global function definition for ‘modifyList’
    normal.ppplot: no visible global function definition for ‘sd’
    normal.ppplot: no visible global function definition for ‘pnorm’
    normal.ppplot: no visible global function definition for ‘ppoints’
    normal.ppplot: no visible global function definition for ‘cor’
    normal.ppplot: no visible global function definition for ‘title’
    normal.ppplot: no visible global function definition for ‘abline’
    normalize: no visible binding for global variable ‘sd’
    onAir: no visible global function definition for ‘browseURL’
    optimal.boxcox: no visible global function definition for ‘par’
    optimal.boxcox: no visible global function definition for ‘points’
    optimal.boxcox: no visible global function definition for ‘text’
    optimal.boxcox: no visible global function definition for ‘title’
    pointLabel: no visible global function definition for
     ‘as.graphicsAnnot’
    pointLabel: no visible global function definition for ‘par’
    pointLabel: no visible global function definition for ‘xy.coords’
    pointLabel: no visible global function definition for ‘strwidth’
    pointLabel: no visible global function definition for ‘strheight’
    pointLabel : GA : mutate: no visible global function definition for
     ‘runif’
    pointLabel : SANN: no visible global function definition for ‘runif’
    pointLabel: no visible global function definition for ‘text’
    prepareBiplotData: no visible global function definition for ‘grey’
    print.constructPca: no visible global function definition for
     ‘loadings’
    rglDrawConstructLabels: no visible global function definition for
     ‘grey’
    rglDrawConstructPoints: no visible global function definition for
     ‘grey’
    sapply_pb: no visible global function definition for ‘txtProgressBar’
    sapply_pb : wrapper: no visible global function definition for
     ‘setTxtProgressBar’
    saveAsTxt: no visible global function definition for ‘write.table’
    settings: no visible global function definition for ‘na.omit’
    settings: no visible global function definition for ‘modifyList’
    simulateSlaterAndHartmannDistribution: no visible global function
     definition for ‘sd’
    slaterStandardization: no visible global function definition for ‘dist’
    stepChart: no visible global function definition for ‘hist’
    stepChart: no visible global function definition for ‘points’
    Undefined global functions or variables:
     abline arrows as.dendrogram as.graphicsAnnot axis browseURL
     chisq.test colorRamp combn cor cov density dist grey hclust hist
     layout lines loadings modifyList na.omit order.dendrogram par
     plot.new plot.window pnorm points ppoints princomp quantile rect rgb
     runif sd segments setTxtProgressBar strheight strwidth tail text
     title txtProgressBar write.table xy.coords
    Consider adding
     importFrom("grDevices", "as.graphicsAnnot", "colorRamp", "grey", "rgb",
     "xy.coords")
     importFrom("graphics", "abline", "arrows", "axis", "hist", "layout",
     "lines", "par", "plot.new", "plot.window", "points", "rect",
     "segments", "strheight", "strwidth", "text", "title")
     importFrom("stats", "as.dendrogram", "chisq.test", "cor", "cov",
     "density", "dist", "hclust", "loadings", "na.omit",
     "order.dendrogram", "pnorm", "ppoints", "princomp",
     "quantile", "runif", "sd")
     importFrom("utils", "browseURL", "combn", "modifyList",
     "setTxtProgressBar", "tail", "txtProgressBar",
     "write.table")
    to your NAMESPACE file.
Flavor: r-release-osx-x86_64-mavericks

Version: 0.1.9
Check: for missing documentation entries
Result: WARN
    Invalid MIT-MAGIC-COOKIE-1 keyInvalid MIT-MAGIC-COOKIE-1 key
    All user-level objects in a package should have documentation entries.
    See chapter ‘Writing R documentation files’ in the ‘Writing R
    Extensions’ manual.
Flavor: r-release-osx-x86_64-mavericks

Version: 0.1.9
Check: for code/documentation mismatches
Result: WARN
    Invalid MIT-MAGIC-COOKIE-1 keyInvalid MIT-MAGIC-COOKIE-1 key
    Invalid MIT-MAGIC-COOKIE-1 keyInvalid MIT-MAGIC-COOKIE-1 key
    Invalid MIT-MAGIC-COOKIE-1 keyInvalid MIT-MAGIC-COOKIE-1 key
Flavor: r-release-osx-x86_64-mavericks

Version: 0.1.9
Check: Rd \usage sections
Result: NOTE
    Invalid MIT-MAGIC-COOKIE-1 keyInvalid MIT-MAGIC-COOKIE-1 key
    The \usage entries for S3 methods should use the \method markup and not
    their full name.
    See chapter ‘Writing R documentation files’ in the ‘Writing R
    Extensions’ manual.
Flavor: r-release-osx-x86_64-mavericks

Version: 0.1.9
Check: data for non-ASCII characters
Result: NOTE
     Invalid MIT-MAGIC-COOKIE-1 keyInvalid MIT-MAGIC-COOKIE-1 key
Flavor: r-release-osx-x86_64-mavericks