CRAN Package Check Results for Package OpenRepGrid

Last updated on 2015-05-25 23:47:30.

Flavor Version Tinstall Tcheck Ttotal Status Flags
r-devel-linux-x86_64-debian-clang 0.1.9 3.28 45.75 49.04 NOTE
r-devel-linux-x86_64-debian-gcc 0.1.9 3.30 43.98 47.28 NOTE
r-devel-linux-x86_64-fedora-clang 0.1.9 94.01 NOTE
r-devel-linux-x86_64-fedora-gcc 0.1.9 90.31 NOTE
r-devel-osx-x86_64-clang 0.1.9 88.73 NOTE
r-devel-windows-ix86+x86_64 0.1.9 11.00 67.00 78.00 NOTE
r-patched-linux-x86_64 0.1.9 3.33 44.56 47.89 NOTE
r-patched-solaris-sparc 0.1.9 576.30 NOTE
r-patched-solaris-x86 0.1.9 130.60 NOTE
r-release-linux-x86_64 0.1.9 3.26 44.17 47.43 NOTE
r-release-osx-x86_64-mavericks 0.1.9 NOTE
r-release-osx-x86_64-snowleopard 0.1.9 ERROR
r-release-windows-ix86+x86_64 0.1.9 11.00 74.00 85.00 NOTE
r-oldrel-windows-ix86+x86_64 0.1.9 14.00 88.00 102.00 OK

Check Details

Version: 0.1.9
Check: DESCRIPTION meta-information
Result: NOTE
    Malformed Description field: should contain one or more complete sentences.
Flavors: r-devel-linux-x86_64-debian-clang, r-devel-linux-x86_64-debian-gcc, r-devel-linux-x86_64-fedora-clang, r-devel-linux-x86_64-fedora-gcc, r-devel-osx-x86_64-clang, r-devel-windows-ix86+x86_64, r-patched-linux-x86_64, r-patched-solaris-sparc, r-patched-solaris-x86, r-release-linux-x86_64, r-release-osx-x86_64-mavericks, r-release-windows-ix86+x86_64

Version: 0.1.9
Check: package dependencies
Result: ERROR
    Package required but not available: ‘XML’
    
    See section ‘The DESCRIPTION file’ in the ‘Writing R Extensions’
    manual.
Flavor: r-release-osx-x86_64-snowleopard