CRAN Package Check Results for Package OpenRepGrid

Last updated on 2014-08-20 12:46:43.

Flavor Version Tinstall Tcheck Ttotal Status Flags
r-devel-linux-x86_64-debian-clang 0.1.8 6.18 72.64 78.82 NOTE
r-devel-linux-x86_64-debian-gcc 0.1.8 6.22 71.98 78.20 NOTE
r-devel-linux-x86_64-fedora-clang 0.1.8 170.00 NOTE
r-devel-linux-x86_64-fedora-gcc 0.1.8 168.28 NOTE
r-devel-osx-x86_64-clang 0.1.8 158.46 NOTE
r-devel-windows-ix86+x86_64 0.1.8 17.00 107.00 124.00 NOTE
r-patched-linux-x86_64 0.1.8 5.98 73.89 79.88 NOTE
r-patched-solaris-sparc 0.1.8 965.50 NOTE
r-patched-solaris-x86 0.1.8 226.50 NOTE
r-release-linux-ix86 0.1.8 7.68 91.02 98.70 NOTE
r-release-linux-x86_64 0.1.8 6.14 73.74 79.88 NOTE
r-release-osx-x86_64-mavericks 0.1.8 NOTE
r-release-osx-x86_64-snowleopard 0.1.8 NOTE
r-release-windows-ix86+x86_64 0.1.8 16.00 107.00 123.00 NOTE
r-oldrel-windows-ix86+x86_64 0.1.8 19.00 104.00 123.00 NOTE

Check Details

Version: 0.1.8
Check: package dependencies
Result: NOTE
    Depends: includes the non-default packages:
     ‘grid’ ‘colorspace’ ‘plyr’ ‘abind’ ‘rgl’ ‘GPArotation’ ‘psych’ ‘XML’
     ‘tcltk’ ‘xlsx’ ‘pvclust’
    Adding so many packages to the search path is excessive and importing
    selectively is preferable.
Flavors: r-devel-linux-x86_64-debian-clang, r-devel-linux-x86_64-debian-gcc, r-devel-linux-x86_64-fedora-clang, r-devel-linux-x86_64-fedora-gcc, r-devel-osx-x86_64-clang, r-devel-windows-ix86+x86_64, r-patched-linux-x86_64, r-patched-solaris-sparc, r-patched-solaris-x86, r-release-linux-ix86, r-release-linux-x86_64, r-release-osx-x86_64-mavericks, r-release-osx-x86_64-snowleopard, r-release-windows-ix86+x86_64

Version: 0.1.8
Check: dependencies in R code
Result: NOTE
    'library' or 'require' calls to packages already attached by Depends:
     ‘colorspace’ ‘grid’ ‘tcltk’
     Please remove these calls from your code.
    Packages in Depends field not imported from:
     ‘GPArotation’ ‘XML’ ‘abind’ ‘colorspace’ ‘grid’ ‘methods’ ‘plyr’
     ‘psych’ ‘pvclust’ ‘rgl’ ‘tcltk’ ‘xlsx’
     These packages need to be imported from (in the NAMESPACE file)
     for when this namespace is loaded but not attached.
    Unexported object imported by a ':::' call: ‘plyr:::list_to_dataframe’
     See the note in ?`:::` about the use of this operator.
    See the information on DESCRIPTION files in the chapter ‘Creating R
    packages’ of the ‘Writing R Extensions’ manual.
Flavors: r-devel-linux-x86_64-debian-clang, r-devel-linux-x86_64-debian-gcc, r-devel-linux-x86_64-fedora-clang, r-devel-linux-x86_64-fedora-gcc, r-devel-osx-x86_64-clang, r-devel-windows-ix86+x86_64, r-patched-linux-x86_64, r-patched-solaris-sparc, r-patched-solaris-x86

Version: 0.1.8
Check: R code for possible problems
Result: NOTE
    alignByLoadings: no visible global function definition for ‘principal’
    bertin1: no visible global function definition for ‘unit’
    bertin1 : bertinCell: no visible global function definition for ‘gTree’
    bertin1 : bertinCell: no visible global function definition for ‘gList’
    bertin1 : bertinCell: no visible global function definition for
     ‘rectGrob’
    bertin1 : bertinCell: no visible global function definition for ‘gpar’
    bertin1 : bertinCell: no visible global function definition for
     ‘textGrob’
    bertin1: no visible global function definition for ‘frameGrob’
    bertin1: no visible global function definition for ‘grid.layout’
    bertin1: no visible global function definition for ‘placeGrob’
    bertin1: no visible global function definition for ‘textGrob’
    bertin1: no visible global function definition for ‘gpar’
    bertin1: no visible global function definition for ‘rectGrob’
    bertin1: no visible global function definition for ‘viewport’
    bertin1: no visible global function definition for ‘grid.draw’
    bertin2: no visible global function definition for ‘unit’
    bertin2: no visible global function definition for ‘gpar’
    bertin2 : bertinCell: no visible global function definition for ‘gpar’
    bertin2 : bertinCell: no visible global function definition for
     ‘textGrob’
    bertin2 : bertinCell: no visible global function definition for
     ‘nullGrob’
    bertin2 : bertinCell: no visible global function definition for ‘gTree’
    bertin2 : bertinCell: no visible global function definition for ‘gList’
    bertin2 : bertinCell: no visible global function definition for
     ‘rectGrob’
    bertin2: no visible global function definition for ‘frameGrob’
    bertin2: no visible global function definition for ‘grid.layout’
    bertin2: no visible global function definition for ‘placeGrob’
    bertin2: no visible global function definition for ‘unit.c’
    bertin2: no visible global function definition for ‘grid.draw’
    bertin2PlusLegend: no visible global function definition for ‘unit’
    bertin2PlusLegend: no visible global function definition for ‘gpar’
    bertin2PlusLegend: no visible global function definition for
     ‘frameGrob’
    bertin2PlusLegend: no visible global function definition for
     ‘grid.layout’
    bertin2PlusLegend: no visible global function definition for
     ‘placeGrob’
    bertin2PlusLegend: no visible global function definition for ‘unit.c’
    bertin2PlusLegend: no visible global function definition for
     ‘grid.draw’
    bind: no visible global function definition for ‘abind’
    biplot3dBase2: no visible global function definition for ‘open3d’
    biplot3dBase2: no visible global function definition for ‘par3d’
    biplot3dBase2: no visible global function definition for ‘view3d’
    biplot3dBase2: no visible global function definition for ‘rgl.bg’
    biplot3dBase2: no visible global function definition for ‘segments3d’
    biplot3dBase2: no visible global function definition for ‘spheres3d’
    biplot3dBase2: no visible global function definition for ‘grid3d’
    clusterBoot: no visible global function definition for ‘pvclust’
    constructCellGrob: no visible global function definition for ‘gpar’
    constructCellGrob: no visible global function definition for ‘gTree’
    constructCellGrob: no visible global function definition for ‘gList’
    constructCellGrob: no visible global function definition for ‘rectGrob’
    constructPca: no visible global function definition for ‘principal’
    drawDetails.gmSplitTextGrob: no visible global function definition for
     ‘grid.text’
    getDistributionParameters: no visible global function definition for
     ‘describe’
    gmArrowIndicator: no visible global function definition for ‘grid.draw’
    gmArrowIndicatorGrob: no visible global function definition for
     ‘viewport’
    gmArrowIndicatorGrob: no visible global function definition for
     ‘vpStack’
    gmArrowIndicatorGrob: no visible global function definition for
     ‘circleGrob’
    gmArrowIndicatorGrob: no visible global function definition for ‘unit’
    gmArrowIndicatorGrob: no visible global function definition for ‘gpar’
    gmArrowIndicatorGrob: no visible global function definition for
     ‘nullGrob’
    gmArrowIndicatorGrob: no visible global function definition for ‘gTree’
    gmArrowIndicatorGrob: no visible global function definition for ‘gList’
    gmArrowIndicatorGrob: no visible global function definition for
     ‘linesGrob’
    gmGetHexLuminanceValues: no visible global function definition for
     ‘hex2RGB’
    gmLegend: no visible global function definition for ‘unit’
    gmLegend: no visible global function definition for ‘gpar’
    gmLegend: no visible global function definition for ‘is.unit’
    gmLegend: no visible global function definition for ‘grid.layout’
    gmLegend: no visible global function definition for ‘unit.c’
    gmLegend: no visible global function definition for ‘unit.pmax’
    gmLegend: no visible global function definition for ‘frameGrob’
    gmLegend: no visible global function definition for ‘placeGrob’
    gmLegend: no visible global function definition for ‘rectGrob’
    gmLegend: no visible global function definition for ‘pointsGrob’
    gmLegend: no visible global function definition for ‘textGrob’
    gmLegend: no visible global function definition for ‘pushViewport’
    gmLegend: no visible global function definition for ‘viewport’
    gmLegend: no visible global function definition for ‘grobWidth’
    gmLegend: no visible global function definition for ‘grid.draw’
    gmLegend: no visible global function definition for ‘popViewport’
    gmLegend2: no visible global function definition for ‘unit’
    gmLegend2 : labelCell: no visible global function definition for
     ‘gTree’
    gmLegend2 : labelCell: no visible global function definition for
     ‘gList’
    gmLegend2 : labelCell: no visible global function definition for ‘unit’
    gmLegend2 : labelCell: no visible global function definition for ‘gpar’
    gmLegend2 : symbolCell: no visible global function definition for
     ‘gTree’
    gmLegend2 : symbolCell: no visible global function definition for
     ‘gList’
    gmLegend2 : symbolCell: no visible global function definition for
     ‘rectGrob’
    gmLegend2 : symbolCell: no visible global function definition for
     ‘gpar’
    gmLegend2 : backgroundCell: no visible global function definition for
     ‘gpar’
    gmLegend2 : backgroundCell: no visible global function definition for
     ‘gTree’
    gmLegend2 : backgroundCell: no visible global function definition for
     ‘gList’
    gmLegend2 : backgroundCell: no visible global function definition for
     ‘rectGrob’
    gmLegend2: no visible global function definition for ‘grid.layout’
    gmLegend2: no visible global function definition for ‘frameGrob’
    gmLegend2: no visible global function definition for ‘rectGrob’
    gmLegend2: no visible global function definition for ‘gpar’
    gmLegend2: no visible global function definition for ‘packGrob’
    gmMakeVpBorders: no visible global function definition for ‘grid.lines’
    gmMakeVpBorders: no visible global function definition for ‘gpar’
    gmRandomColor: no visible global function definition for ‘hex’
    gmRandomColor: no visible global function definition for ‘HSV’
    gmSelectColorByValue: no visible global function definition for
     ‘diverge_hcl’
    gmShowPalette: no visible global function definition for ‘grid.layout’
    gmShowPalette: no visible global function definition for ‘frameGrob’
    gmShowPalette: no visible global function definition for ‘placeGrob’
    gmShowPalette: no visible global function definition for ‘rectGrob’
    gmShowPalette: no visible global function definition for ‘gpar’
    gmShowPalette: no visible global function definition for ‘grid.draw’
    gmSplitString: no visible global function definition for ‘unit’
    gmSplitString: no visible global function definition for ‘stringWidth’
    gmSplitString: no visible global function definition for
     ‘convertHeight’
    gmSplitString: no visible global function definition for ‘convertWidth’
    gmSplitTextBox: no visible global function definition for ‘unit’
    gmSplitTextBox: no visible global function definition for ‘gpar’
    gmSplitTextBox: no visible global function definition for ‘grid.draw’
    gmSplitTextGrob: no visible global function definition for ‘unit’
    gmSplitTextGrob: no visible global function definition for ‘gpar’
    gmSplitTextGrob: no visible global function definition for ‘is.unit’
    gmSplitTextGrob: no visible global function definition for ‘grob’
    gmTextBox: no visible global function definition for ‘viewport’
    gmTextBox: no visible global function definition for ‘gpar’
    gmTextBox: no visible global function definition for ‘pushViewport’
    gmTextBox: no visible global function definition for ‘grid.rect’
    gmTextBox: no visible global function definition for ‘grid.text’
    gmTextBox: no visible global function definition for ‘popViewport’
    gmTextBox: no visible global function definition for ‘grid.layout’
    home: no visible global function definition for ‘par3d’
    home: no visible global function definition for ‘view3d’
    importExcel: no visible global function definition for
     ‘tk_choose.files’
    importExcelInternal: no visible global function definition for
     ‘read.xlsx’
    importGridcor: no visible global function definition for
     ‘tk_choose.files’
    importGridstat: no visible global function definition for
     ‘tk_choose.files’
    importGridsuite: no visible global function definition for
     ‘tk_choose.files’
    importGridsuiteInternal: no visible global function definition for
     ‘xmlTreeParse’
    importGridsuiteInternal: no visible global function definition for
     ‘xmlRoot’
    importGridsuiteInternal: no visible global function definition for
     ‘xmlChildren’
    importGridsuiteInternal: no visible global function definition for
     ‘xmlValue’
    importGridsuiteInternal: no visible binding for global variable
     ‘xmlValue’
    importGridsuiteInternal : <anonymous>: no visible global function
     definition for ‘xmlValue’
    importGridsuiteInternal : <anonymous>: no visible global function
     definition for ‘xmlChildren’
    importGridsuiteInternal: no visible global function definition for
     ‘xmlAttrs’
    importScivesco: no visible global function definition for
     ‘tk_choose.files’
    importScivescoInternal: no visible global function definition for
     ‘xmlTreeParse’
    importScivescoInternal: no visible global function definition for
     ‘xmlRoot’
    importScivescoInternal: no visible global function definition for
     ‘xmlChildren’
    importScivescoInternal: no visible global function definition for
     ‘xmlAttrs’
    importScivescoInternal: no visible global function definition for
     ‘xmlValue’
    importScivescoInternal : getElementIdAndName: no visible global
     function definition for ‘xmlAttrs’
    importScivescoInternal : getElementIdAndName: no visible global
     function definition for ‘xmlChildren’
    importScivescoInternal : getElementIdAndName: no visible global
     function definition for ‘xmlValue’
    importScivescoInternal : getEmergentPole: no visible global function
     definition for ‘xmlValue’
    importScivescoInternal : getEmergentPole: no visible global function
     definition for ‘xmlChildren’
    importScivescoInternal : getContrastPole: no visible global function
     definition for ‘xmlValue’
    importScivescoInternal : getContrastPole: no visible global function
     definition for ‘xmlChildren’
    importScivescoInternal : getRatingsFromTurn: no visible global function
     definition for ‘xmlChildren’
    importScivescoInternal : getRatingsFromTurn: no visible binding for
     global variable ‘xmlAttrs’
    importTxt: no visible global function definition for ‘tk_choose.files’
    indexConflict1: no visible global function definition for ‘fisherz’
    indexConflict2: no visible global function definition for ‘fisherz’
    loadgrid: no visible global function definition for ‘tk_choose.files’
    r.makeNewConstructRow: no visible global function definition for
     ‘abind’
    r.makeNewElementColumn: no visible global function definition for
     ‘abind’
    rglDrawConstructLabels: no visible global function definition for
     ‘texts3d’
    rglDrawConstructPoints: no visible global function definition for
     ‘spheres3d’
    rglDrawElementLabels: no visible global function definition for
     ‘texts3d’
    rglDrawElementPoints: no visible global function definition for
     ‘spheres3d’
    rglDrawStandardAxes: no visible global function definition for
     ‘lines3d’
    rglDrawStandardAxes: no visible global function definition for ‘text3d’
    rglDrawStandardAxes: no visible global function definition for
     ‘spheres3d’
    rglDrawStandardEllipses: no visible global function definition for
     ‘lines3d’
    saveAsTxt: no visible global function definition for ‘tclvalue’
    saveAsTxt: no visible global function definition for ‘tkgetSaveFile’
    settingsLoad: no visible global function definition for
     ‘tk_choose.files’
    settingsSave: no visible global function definition for ‘tclvalue’
    settingsSave: no visible binding for global variable ‘tcl’
    statsConstructs: no visible global function definition for ‘describe’
    statsDiscrepancy: no visible global function definition for ‘describe’
    statsElements: no visible global function definition for ‘describe’
Flavors: r-devel-linux-x86_64-fedora-clang, r-devel-linux-x86_64-fedora-gcc, r-devel-osx-x86_64-clang

Version: 0.1.8
Check: dependencies in R code
Result: NOTE
    'library' or 'require' calls to packages already attached by Depends:
     ‘colorspace’ ‘grid’ ‘tcltk’
     Please remove these calls from your code.
    Packages in Depends field not imported from:
     ‘GPArotation’ ‘XML’ ‘abind’ ‘colorspace’ ‘methods’ ‘plyr’ ‘psych’
     ‘pvclust’ ‘rgl’ ‘xlsx’
     These packages need to be imported from (in the NAMESPACE file)
     for when this namespace is loaded but not attached.
    Unexported object imported by a ':::' call: ‘plyr:::list_to_dataframe’
     See the note in ?`:::` about the use of this operator.
    See the information on DESCRIPTION files in the chapter ‘Creating R
    packages’ of the ‘Writing R Extensions’ manual.
Flavors: r-release-linux-ix86, r-release-linux-x86_64, r-release-osx-x86_64-mavericks, r-release-windows-ix86+x86_64, r-oldrel-windows-ix86+x86_64

Version: 0.1.8
Check: dependencies in R code
Result: NOTE
    'library' or 'require' calls to packages already attached by Depends:
     'colorspace' 'grid' 'tcltk'
     Please remove these calls from your code.
    Unexported object imported by a ':::' call: 'plyr:::list_to_dataframe'
     See the note in ?`:::` about the use of this operator.
    See the information on DESCRIPTION files in the chapter 'Creating R
    packages' of the 'Writing R Extensions' manual.
Flavor: r-release-osx-x86_64-snowleopard