CRAN Package Check Results for Package OpenRepGrid

Last updated on 2015-03-28 14:48:57.

Flavor Version Tinstall Tcheck Ttotal Status Flags
r-devel-linux-x86_64-debian-clang 0.1.9 3.32 44.77 48.09 NOTE
r-devel-linux-x86_64-debian-gcc 0.1.9 3.28 44.54 47.83 NOTE
r-devel-linux-x86_64-fedora-clang 0.1.9 93.13 NOTE
r-devel-linux-x86_64-fedora-gcc 0.1.9 87.57 NOTE
r-devel-osx-x86_64-clang 0.1.9 94.13 NOTE
r-prerel-windows-ix86+x86_64 0.1.9 16.00 88.00 104.00 NOTE
r-prerel-linux-x86_64 0.1.9 3.38 43.97 47.35 NOTE
r-prerel-solaris-sparc 0.1.9 576.30 NOTE
r-prerel-solaris-x86 0.1.9 129.50 NOTE
r-release-linux-x86_64 0.1.9 4.03 53.49 57.52 OK
r-release-osx-x86_64-mavericks 0.1.9 OK
r-release-osx-x86_64-snowleopard 0.1.9 OK
r-release-windows-ix86+x86_64 0.1.9 15.00 78.00 93.00 OK
r-oldrel-windows-ix86+x86_64 0.1.9 12.00 112.00 124.00 OK

Check Details

Version: 0.1.9
Check: DESCRIPTION meta-information
Result: NOTE
    Malformed Description field: should contain one or more complete sentences.
Flavors: r-devel-linux-x86_64-debian-clang, r-devel-linux-x86_64-debian-gcc, r-devel-linux-x86_64-fedora-clang, r-devel-linux-x86_64-fedora-gcc, r-devel-osx-x86_64-clang, r-prerel-windows-ix86+x86_64, r-prerel-linux-x86_64, r-prerel-solaris-sparc, r-prerel-solaris-x86