CRAN Package Check Results for Package OpenRepGrid.ic

Last updated on 2020-09-29 05:50:16 CEST.

Flavor Version Tinstall Tcheck Ttotal Status Flags
r-devel-linux-x86_64-debian-clang 0.3.1 5.88 58.76 64.64 OK
r-devel-linux-x86_64-debian-gcc 0.3.1 5.07 44.16 49.23 OK
r-devel-linux-x86_64-fedora-clang 0.3.1 87.10 NOTE
r-devel-linux-x86_64-fedora-gcc 0.3.1 79.57 NOTE
r-devel-windows-ix86+x86_64 0.3.1 15.00 79.00 94.00 OK
r-patched-linux-x86_64 0.3.1 6.31 55.48 61.79 OK
r-patched-solaris-x86 0.3.1 125.70 NOTE
r-release-linux-x86_64 0.3.1 6.31 55.03 61.34 OK
r-release-macos-x86_64 0.3.1 NOTE
r-release-windows-ix86+x86_64 0.3.1 15.00 81.00 96.00 OK
r-oldrel-macos-x86_64 0.3.1 NOTE
r-oldrel-windows-ix86+x86_64 0.3.1 12.00 77.00 89.00 OK

Check Details

Version: 0.3.1
Check: package dependencies
Result: NOTE
    Imports includes 22 non-default packages.
    Importing from so many packages makes the package vulnerable to any of
    them becoming unavailable. Move as many as possible to Suggests and
    use conditionally.
Flavor: r-devel-linux-x86_64-fedora-clang

Version: 0.3.1
Check: dependencies in R code
Result: NOTE
    Namespaces in Imports field not imported from:
     ‘formattable’ ‘rintrojs’ ‘scales’ ‘shinyBS’ ‘shinyFeedback’
     ‘shinyWidgets’ ‘shinycssloaders’ ‘shinydashboard’
     ‘shinydashboardPlus’ ‘shinyjs’ ‘shinythemes’ ‘splines’ ‘testthat’
     ‘tidyverse’
     All declared Imports should be used.
Flavors: r-devel-linux-x86_64-fedora-clang, r-devel-linux-x86_64-fedora-gcc, r-patched-solaris-x86, r-release-macos-x86_64, r-oldrel-macos-x86_64