CRAN Package Check Results for Package OpenStreetMap

Last updated on 2014-12-19 17:50:28.

Flavor Version Tinstall Tcheck Ttotal Status Flags
r-devel-linux-x86_64-debian-clang 0.3.1 4.24 49.41 53.65 NOTE
r-devel-linux-x86_64-debian-gcc 0.3.1 4.26 48.02 52.28 NOTE
r-devel-linux-x86_64-fedora-clang 0.3.1 126.07 NOTE
r-devel-linux-x86_64-fedora-gcc 0.3.1 116.55 NOTE
r-devel-osx-x86_64-clang 0.3.1 104.56 NOTE
r-devel-windows-ix86+x86_64 0.3.1 13.00 70.00 83.00 NOTE
r-patched-linux-x86_64 0.3.1 5.00 50.03 55.04 NOTE
r-patched-solaris-sparc 0.3.1 686.70 NOTE
r-patched-solaris-x86 0.3.1 172.30 NOTE
r-release-linux-ix86 0.3.1 5.07 56.91 61.98 NOTE
r-release-linux-x86_64 0.3.1 4.42 51.32 55.74 NOTE
r-release-osx-x86_64-mavericks 0.3.1 ERROR
r-release-windows-ix86+x86_64 0.3.1 13.00 74.00 87.00 NOTE
r-oldrel-windows-ix86+x86_64 0.3.1 13.00 72.00 85.00 NOTE

Check Details

Version: 0.3.1
Check: DESCRIPTION meta-information
Result: NOTE
    Package listed in more than one of Depends, Imports, Suggests, Enhances:
     ‘rJava’
    A package should be listed in only one of these fields.
Flavors: r-devel-linux-x86_64-debian-clang, r-devel-linux-x86_64-debian-gcc, r-devel-linux-x86_64-fedora-clang, r-devel-linux-x86_64-fedora-gcc, r-devel-osx-x86_64-clang, r-devel-windows-ix86+x86_64, r-patched-linux-x86_64, r-patched-solaris-sparc, r-patched-solaris-x86, r-release-linux-ix86, r-release-linux-x86_64, r-release-windows-ix86+x86_64, r-oldrel-windows-ix86+x86_64

Version: 0.3.1
Check: top-level files
Result: NOTE
    Non-standard file/directory found at top level:
     ‘javasrc’
Flavors: r-devel-linux-x86_64-debian-clang, r-devel-linux-x86_64-debian-gcc, r-devel-linux-x86_64-fedora-clang, r-devel-linux-x86_64-fedora-gcc, r-patched-linux-x86_64, r-release-linux-x86_64

Version: 0.3.1
Check: dependencies in R code
Result: NOTE
    Packages in Depends field not imported from:
     ‘methods’ ‘raster’ ‘rgdal’
     These packages need to be imported from (in the NAMESPACE file)
     for when this namespace is loaded but not attached.
    See the information on DESCRIPTION files in the chapter ‘Creating R
    packages’ of the ‘Writing R Extensions’ manual.
Flavors: r-devel-linux-x86_64-debian-clang, r-devel-linux-x86_64-debian-gcc, r-devel-linux-x86_64-fedora-clang, r-devel-linux-x86_64-fedora-gcc, r-devel-osx-x86_64-clang, r-devel-windows-ix86+x86_64, r-patched-linux-x86_64, r-patched-solaris-sparc, r-patched-solaris-x86, r-release-linux-ix86, r-release-linux-x86_64, r-release-windows-ix86+x86_64, r-oldrel-windows-ix86+x86_64

Version: 0.3.1
Check: R code for possible problems
Result: NOTE
    .mergeTiles: no visible global function definition for ‘raster’
    .mergeTiles: no visible global function definition for ‘extent’
    .mergeTiles: no visible global function definition for ‘crop’
    .mergeTiles: no visible global function definition for ‘values’
    autoplot.OpenStreetMap: no visible global function definition for
     ‘ggplot’
    autoplot.OpenStreetMap: no visible global function definition for ‘aes’
    autoplot.OpenStreetMap: no visible global function definition for
     ‘expand_limits’
    autoplot.OpenStreetMap: no visible global function definition for
     ‘scale_x_continuous’
    autoplot.OpenStreetMap: no visible global function definition for
     ‘scale_y_continuous’
    autoplot.OpenStreetMap: no visible global function definition for
     ‘coord_equal’
    autoplot.osmtile: no visible global function definition for
     ‘annotation_raster’
    autoplot.osmtile: no visible global function definition for ‘ggplot’
    autoplot.osmtile: no visible global function definition for ‘aes’
    autoplot.osmtile: no visible global function definition for
     ‘expand_limits’
    longlat: no visible global function definition for ‘CRS’
    openproj: no visible global function definition for ‘raster’
    openproj: no visible global function definition for ‘projectRaster’
    openproj: no visible global function definition for ‘values’
    openproj: no visible global function definition for ‘extent’
    openproj: no visible global function definition for ‘CRS’
    osm: no visible global function definition for ‘CRS’
    projectMercator: no visible global function definition for
     ‘coordinates<-’
    projectMercator: no visible global function definition for
     ‘proj4string<-’
    projectMercator: no visible global function definition for ‘CRS’
    projectMercator: no visible global function definition for
     ‘spTransform’
    projectMercator: no visible global function definition for
     ‘coordinates’
    raster,OpenStreetMap: no visible global function definition for
     ‘raster’
    raster,OpenStreetMap: no visible global function definition for
     ‘extent’
    raster,OpenStreetMap: no visible global function definition for ‘crop’
    raster,osmtile: no visible global function definition for ‘raster’
    raster,osmtile: no visible global function definition for
     ‘projection<-’
Flavors: r-devel-linux-x86_64-debian-clang, r-devel-linux-x86_64-debian-gcc, r-devel-linux-x86_64-fedora-clang, r-devel-linux-x86_64-fedora-gcc, r-devel-osx-x86_64-clang, r-devel-windows-ix86+x86_64, r-patched-linux-x86_64, r-patched-solaris-sparc, r-patched-solaris-x86, r-release-linux-ix86, r-release-linux-x86_64, r-release-windows-ix86+x86_64

Version: 0.3.1
Check: Rd line widths
Result: NOTE
    Rd file 'openmap.Rd':
     \usage lines wider than 90 characters:
     type = c("osm", "osm-bw", "maptoolkit-topo", "waze", "mapquest", "mapquest-aerial", "bing", "stamen-toner", "stamen-terrain", "stam ... [TRUNCATED]
    
    Rd file 'openproj.Rd':
     \examples lines wider than 100 characters:
     "+proj=robin +lon_0=0 +x_0=0 +y_0=0 +ellps=WGS84 +datum=WGS84 +units=m +no_defs")
    
    These lines will be truncated in the PDF manual.
Flavors: r-devel-linux-x86_64-debian-clang, r-devel-linux-x86_64-debian-gcc, r-devel-linux-x86_64-fedora-clang, r-devel-linux-x86_64-fedora-gcc, r-patched-linux-x86_64, r-release-linux-x86_64

Version: 0.3.1
Check: package dependencies
Result: ERROR
    Package required but not available: ‘rgdal’
    
    See the information on DESCRIPTION files in the chapter ‘Creating R
    packages’ of the ‘Writing R Extensions’ manual.
Flavor: r-release-osx-x86_64-mavericks