CRAN Package Check Results for Package OpenStreetMap

Last updated on 2014-04-24 21:47:45.

Flavor Version Tinstall Tcheck Ttotal Status Flags
r-devel-linux-x86_64-debian-clang 0.3.1 4.58 54.18 58.77 NOTE
r-devel-linux-x86_64-debian-gcc 0.3.1 4.59 54.01 58.60 NOTE
r-devel-linux-x86_64-fedora-clang 0.3.1 127.78 NOTE
r-devel-linux-x86_64-fedora-gcc 0.3.1 124.60 NOTE
r-devel-osx-x86_64-clang 0.3.1 104.76 NOTE
r-devel-osx-x86_64-gcc 0.3.1 ERROR
r-devel-windows-ix86+x86_64 0.3.1 12.00 71.00 83.00 NOTE
r-patched-linux-x86_64 0.3.1 4.94 53.60 58.53 NOTE
r-patched-solaris-sparc 0.3.1 691.90 NOTE
r-patched-solaris-x86 0.3.1 170.20 NOTE
r-release-linux-ix86 0.3.1 7.00 82.00 89.00 NOTE
r-release-linux-x86_64 0.3.1 4.60 53.77 58.38 NOTE
r-release-osx-x86_64-mavericks 0.3.1 ERROR
r-release-windows-ix86+x86_64 0.3.1 12.00 76.00 88.00 NOTE
r-oldrel-windows-ix86+x86_64 0.3.1 11.00 65.00 76.00 NOTE

Check Details

Version: 0.3.1
Check: DESCRIPTION meta-information
Result: NOTE
    Package listed in more than one of Depends, Imports, Suggests, Enhances:
     ‘rJava’
    A package should be listed in only one of these fields.
Flavors: r-devel-linux-x86_64-debian-clang, r-devel-linux-x86_64-debian-gcc, r-devel-linux-x86_64-fedora-clang, r-devel-linux-x86_64-fedora-gcc, r-devel-osx-x86_64-clang, r-devel-windows-ix86+x86_64, r-patched-linux-x86_64, r-patched-solaris-sparc, r-patched-solaris-x86, r-release-linux-ix86, r-release-linux-x86_64, r-release-windows-ix86+x86_64, r-oldrel-windows-ix86+x86_64

Version: 0.3.1
Check: dependencies in R code
Result: NOTE
    Packages in Depends field not imported from:
     ‘methods’ ‘raster’ ‘rgdal’
     These packages need to be imported from (in the NAMESPACE file)
     for when this namespace is loaded but not attached.
    See the information on DESCRIPTION files in the chapter ‘Creating R
    packages’ of the ‘Writing R Extensions’ manual.
Flavors: r-devel-linux-x86_64-debian-clang, r-devel-linux-x86_64-debian-gcc, r-devel-linux-x86_64-fedora-clang, r-devel-linux-x86_64-fedora-gcc, r-devel-osx-x86_64-clang, r-devel-windows-ix86+x86_64, r-patched-linux-x86_64, r-patched-solaris-sparc, r-patched-solaris-x86, r-release-linux-ix86, r-release-linux-x86_64, r-release-windows-ix86+x86_64, r-oldrel-windows-ix86+x86_64

Version: 0.3.1
Check: top-level files
Result: NOTE
    Non-standard file/directory found at top level:
     ‘javasrc’
Flavors: r-devel-linux-x86_64-fedora-clang, r-devel-linux-x86_64-fedora-gcc

Version: 0.3.1
Check: Rd line widths
Result: NOTE
    Rd file 'openmap.Rd':
     \usage lines wider than 90 characters:
     type = c("osm", "osm-bw", "maptoolkit-topo", "waze", "mapquest", "mapquest-aerial", "bing", "stamen-toner", "stamen-terrain", "stam ... [TRUNCATED]
    
    Rd file 'openproj.Rd':
     \examples lines wider than 100 characters:
     "+proj=robin +lon_0=0 +x_0=0 +y_0=0 +ellps=WGS84 +datum=WGS84 +units=m +no_defs")
    
    These lines will be truncated in the PDF manual.
Flavors: r-devel-linux-x86_64-fedora-clang, r-devel-linux-x86_64-fedora-gcc

Version: 0.3.1
Check: package dependencies
Result: ERROR
    Package required but not available: ‘raster’
    
    Packages suggested but not available for checking: ‘ggplot2’ ‘maptools’
    
    See the information on DESCRIPTION files in the chapter ‘Creating R
    packages’ of the ‘Writing R Extensions’ manual.
Flavor: r-devel-osx-x86_64-gcc

Version: 0.3.1
Check: package dependencies
Result: ERROR
    Package required but not available: ‘rgdal’
    
    Package suggested but not available for checking: ‘maptools’
    
    See the information on DESCRIPTION files in the chapter ‘Creating R
    packages’ of the ‘Writing R Extensions’ manual.
Flavor: r-release-osx-x86_64-mavericks