CRAN Package Check Results for Package OpenStreetMap

Last updated on 2015-04-28 06:46:41.

Flavor Version Tinstall Tcheck Ttotal Status Flags
r-devel-linux-x86_64-debian-clang 0.3.1 3.54 38.80 42.34 NOTE
r-devel-linux-x86_64-debian-gcc 0.3.1 3.85 37.70 41.56 NOTE
r-devel-linux-x86_64-fedora-clang 0.3.1 90.06 NOTE
r-devel-linux-x86_64-fedora-gcc 0.3.1 88.47 NOTE
r-devel-osx-x86_64-clang 0.3.1 74.42 NOTE
r-devel-windows-ix86+x86_64 0.3.1 10.00 51.00 61.00 NOTE
r-patched-linux-x86_64 0.3.1 3.58 37.98 41.55 NOTE
r-patched-solaris-sparc 0.3.1 537.50 NOTE
r-patched-solaris-x86 0.3.1 126.50 NOTE
r-release-linux-x86_64 0.3.1 3.48 37.62 41.09 NOTE
r-release-osx-x86_64-mavericks 0.3.1 ERROR
r-release-osx-x86_64-snowleopard 0.3.1 ERROR
r-release-windows-ix86+x86_64 0.3.1 14.00 80.00 94.00 NOTE
r-oldrel-windows-ix86+x86_64 0.3.1 10.00 65.00 75.00 NOTE

Check Details

Version: 0.3.1
Check: DESCRIPTION meta-information
Result: NOTE
    Package listed in more than one of Depends, Imports, Suggests, Enhances:
     ‘rJava’
    A package should be listed in only one of these fields.
Flavors: r-devel-linux-x86_64-debian-clang, r-devel-linux-x86_64-debian-gcc, r-devel-linux-x86_64-fedora-clang, r-devel-linux-x86_64-fedora-gcc, r-devel-osx-x86_64-clang, r-devel-windows-ix86+x86_64, r-patched-solaris-sparc, r-patched-solaris-x86, r-release-linux-x86_64, r-release-windows-ix86+x86_64, r-oldrel-windows-ix86+x86_64

Version: 0.3.1
Check: top-level files
Result: NOTE
    Non-standard file/directory found at top level:
     ‘javasrc’
Flavors: r-devel-linux-x86_64-debian-clang, r-devel-linux-x86_64-debian-gcc, r-devel-linux-x86_64-fedora-clang, r-devel-linux-x86_64-fedora-gcc, r-release-linux-x86_64

Version: 0.3.1
Check: dependencies in R code
Result: NOTE
    'library' or 'require' call to ‘ggplot2’ in package code.
     Please use :: or requireNamespace() instead.
     See section 'Suggested packages' in the 'Writing R Extensions' manual.
    Packages in Depends field not imported from:
     ‘methods’ ‘raster’ ‘rgdal’
     These packages need to be imported from (in the NAMESPACE file)
     for when this namespace is loaded but not attached.
Flavors: r-devel-linux-x86_64-debian-clang, r-devel-linux-x86_64-debian-gcc, r-devel-linux-x86_64-fedora-clang, r-devel-linux-x86_64-fedora-gcc, r-devel-osx-x86_64-clang, r-devel-windows-ix86+x86_64, r-patched-solaris-sparc, r-patched-solaris-x86, r-release-linux-x86_64, r-release-windows-ix86+x86_64, r-oldrel-windows-ix86+x86_64

Version: 0.3.1
Check: S3 generic/method consistency
Result: NOTE
    Found the following apparent S3 methods exported but not registered:
     plot.OpenStreetMap plot.osmtile print.OpenStreetMap
    See section ‘Registering S3 methods’ in the ‘Writing R Extensions’
    manual.
Flavors: r-devel-linux-x86_64-debian-clang, r-devel-linux-x86_64-debian-gcc, r-devel-linux-x86_64-fedora-clang, r-devel-linux-x86_64-fedora-gcc, r-devel-osx-x86_64-clang, r-patched-solaris-x86, r-release-linux-x86_64

Version: 0.3.1
Check: R code for possible problems
Result: NOTE
    .mergeTiles: no visible global function definition for ‘raster’
    .mergeTiles: no visible global function definition for ‘extent’
    .mergeTiles: no visible global function definition for ‘crop’
    .mergeTiles: no visible global function definition for ‘values’
    autoplot.OpenStreetMap: no visible global function definition for
     ‘ggplot’
    autoplot.OpenStreetMap: no visible global function definition for ‘aes’
    autoplot.OpenStreetMap: no visible global function definition for
     ‘expand_limits’
    autoplot.OpenStreetMap: no visible global function definition for
     ‘scale_x_continuous’
    autoplot.OpenStreetMap: no visible global function definition for
     ‘scale_y_continuous’
    autoplot.OpenStreetMap: no visible global function definition for
     ‘coord_equal’
    autoplot.osmtile: no visible global function definition for
     ‘annotation_raster’
    autoplot.osmtile: no visible global function definition for ‘ggplot’
    autoplot.osmtile: no visible global function definition for ‘aes’
    autoplot.osmtile: no visible global function definition for
     ‘expand_limits’
    longlat: no visible global function definition for ‘CRS’
    openproj: no visible global function definition for ‘raster’
    openproj: no visible global function definition for ‘projectRaster’
    openproj: no visible global function definition for ‘values’
    openproj: no visible global function definition for ‘extent’
    openproj: no visible global function definition for ‘CRS’
    osm: no visible global function definition for ‘CRS’
    projectMercator: no visible global function definition for
     ‘coordinates<-’
    projectMercator: no visible global function definition for
     ‘proj4string<-’
    projectMercator: no visible global function definition for ‘CRS’
    projectMercator: no visible global function definition for
     ‘spTransform’
    projectMercator: no visible global function definition for
     ‘coordinates’
    raster,OpenStreetMap: no visible global function definition for
     ‘raster’
    raster,OpenStreetMap: no visible global function definition for
     ‘extent’
    raster,OpenStreetMap: no visible global function definition for ‘crop’
    raster,osmtile: no visible global function definition for ‘raster’
    raster,osmtile: no visible global function definition for
     ‘projection<-’
Flavors: r-devel-linux-x86_64-debian-clang, r-devel-linux-x86_64-debian-gcc, r-devel-linux-x86_64-fedora-clang, r-devel-linux-x86_64-fedora-gcc, r-devel-osx-x86_64-clang, r-devel-windows-ix86+x86_64, r-patched-solaris-sparc, r-patched-solaris-x86, r-release-linux-x86_64, r-release-windows-ix86+x86_64, r-oldrel-windows-ix86+x86_64

Version: 0.3.1
Check: Rd line widths
Result: NOTE
    Rd file 'openmap.Rd':
     \usage lines wider than 90 characters:
     type = c("osm", "osm-bw", "maptoolkit-topo", "waze", "mapquest", "mapquest-aerial", "bing", "stamen-toner", "stamen-terrain", "stam ... [TRUNCATED]
    
    Rd file 'openproj.Rd':
     \examples lines wider than 100 characters:
     "+proj=robin +lon_0=0 +x_0=0 +y_0=0 +ellps=WGS84 +datum=WGS84 +units=m +no_defs")
    
    These lines will be truncated in the PDF manual.
Flavors: r-devel-linux-x86_64-debian-clang, r-devel-linux-x86_64-debian-gcc, r-devel-linux-x86_64-fedora-clang, r-devel-linux-x86_64-fedora-gcc, r-release-linux-x86_64

Version: 0.3.1
Check: package dependencies
Result: ERROR
    Package required but not available: ‘rgdal’
    
    See section ‘The DESCRIPTION file’ in the ‘Writing R Extensions’
    manual.
Flavor: r-release-osx-x86_64-mavericks

Version: 0.3.1
Check: package dependencies
Result: ERROR
    Package required but not available: ‘raster’
    
    Package suggested but not available for checking: ‘ggplot2’
    
    See section ‘The DESCRIPTION file’ in the ‘Writing R Extensions’
    manual.
Flavor: r-release-osx-x86_64-snowleopard