CRAN Package Check Results for Package OptCirClust

Last updated on 2023-02-08 07:54:37 CET.

Flavor Version Tinstall Tcheck Ttotal Status Flags
r-devel-linux-x86_64-debian-clang 0.0.4 22.84 60.82 83.66 OK
r-devel-linux-x86_64-debian-gcc 0.0.4 16.78 47.24 64.02 OK
r-devel-linux-x86_64-fedora-clang 0.0.4 110.59 NOTE
r-devel-linux-x86_64-fedora-gcc 0.0.4 114.18 NOTE
r-devel-windows-x86_64 0.0.4 49.00 118.00 167.00 OK
r-patched-linux-x86_64 0.0.4 19.48 59.83 79.31 OK
r-release-linux-x86_64 0.0.4 16.33 57.37 73.70 OK
r-release-macos-arm64 0.0.4 35.00 NOTE
r-release-macos-x86_64 0.0.4 45.00 NOTE
r-release-windows-x86_64 0.0.4 35.00 126.00 161.00 OK
r-oldrel-macos-arm64 0.0.4 42.00 NOTE
r-oldrel-macos-x86_64 0.0.4 47.00 NOTE
r-oldrel-windows-ix86+x86_64 0.0.4 53.00 120.00 173.00 OK

Check Details

Version: 0.0.4
Check: dependencies in R code
Result: NOTE
    Namespace in Imports field not imported from: ‘reshape2’
     All declared Imports should be used.
Flavors: r-devel-linux-x86_64-fedora-clang, r-devel-linux-x86_64-fedora-gcc, r-release-macos-arm64, r-release-macos-x86_64, r-oldrel-macos-arm64, r-oldrel-macos-x86_64