CRAN Package Check Results for Package OptGS

Last updated on 2019-06-27 08:49:20 CEST.

Flavor Version Tinstall Tcheck Ttotal Status Flags
r-devel-linux-x86_64-debian-clang 1.1.1 7.72 21.64 29.36 OK
r-devel-linux-x86_64-debian-gcc 1.1.1 6.26 16.96 23.22 OK
r-devel-linux-x86_64-fedora-clang 1.1.1 39.71 NOTE
r-devel-linux-x86_64-fedora-gcc 1.1.1 35.77 NOTE
r-devel-windows-ix86+x86_64 1.1.1 27.00 70.00 97.00 OK
r-patched-linux-x86_64 1.1.1 7.62 21.30 28.92 OK
r-patched-solaris-x86 1.1.1 60.10 OK
r-release-linux-x86_64 1.1.1 7.70 21.60 29.30 OK
r-release-windows-ix86+x86_64 1.1.1 18.00 71.00 89.00 OK
r-release-osx-x86_64 1.1.1 OK
r-oldrel-windows-ix86+x86_64 1.1.1 15.00 49.00 64.00 OK
r-oldrel-osx-x86_64 1.1.1 OK

Check Details

Version: 1.1.1
Check: compiled code
Result: NOTE
    File ‘OptGS/libs/OptGS.so’:
     Found no calls to: ‘R_registerRoutines’, ‘R_useDynamicSymbols’
    
    It is good practice to register native routines and to disable symbol
    search.
    
    See ‘Writing portable packages’ in the ‘Writing R Extensions’ manual.
Flavors: r-devel-linux-x86_64-fedora-clang, r-devel-linux-x86_64-fedora-gcc