CRAN Package Check Results for Package OptHedging

Last updated on 2020-09-18 18:47:32 CEST.

Flavor Version Tinstall Tcheck Ttotal Status Flags
r-devel-linux-x86_64-debian-clang 1.0 2.35 21.00 23.35 NOTE
r-devel-linux-x86_64-debian-gcc 1.0 1.89 18.11 20.00 NOTE
r-devel-linux-x86_64-fedora-clang 1.0 38.82 NOTE
r-devel-linux-x86_64-fedora-gcc 1.0 32.65 NOTE
r-devel-windows-ix86+x86_64 1.0 6.00 53.00 59.00 NOTE
r-patched-linux-x86_64 1.0 2.30 24.29 26.59 NOTE
r-patched-solaris-x86 1.0 56.30 NOTE
r-release-linux-x86_64 1.0 2.40 23.76 26.16 NOTE
r-release-macos-x86_64 1.0 NOTE
r-release-windows-ix86+x86_64 1.0 7.00 43.00 50.00 NOTE
r-oldrel-macos-x86_64 1.0 NOTE
r-oldrel-windows-ix86+x86_64 1.0 6.00 64.00 70.00 NOTE

Check Details

Version: 1.0
Check: DESCRIPTION meta-information
Result: NOTE
    Malformed Title field: should not end in a period.
Flavors: r-devel-linux-x86_64-debian-clang, r-devel-linux-x86_64-debian-gcc, r-devel-linux-x86_64-fedora-clang, r-devel-linux-x86_64-fedora-gcc, r-devel-windows-ix86+x86_64, r-patched-linux-x86_64, r-patched-solaris-x86, r-release-linux-x86_64, r-release-macos-x86_64, r-release-windows-ix86+x86_64, r-oldrel-macos-x86_64, r-oldrel-windows-ix86+x86_64

Version: 1.0
Check: compiled code
Result: NOTE
    File ‘OptHedging/libs/OptHedging.so’:
     Found no calls to: ‘R_registerRoutines’, ‘R_useDynamicSymbols’
    
    It is good practice to register native routines and to disable symbol
    search.
    
    See ‘Writing portable packages’ in the ‘Writing R Extensions’ manual.
Flavors: r-devel-linux-x86_64-fedora-clang, r-devel-linux-x86_64-fedora-gcc