CRAN Package Check Results for Package OptInterim

Last updated on 2015-03-27 21:47:55.

Flavor Version Tinstall Tcheck Ttotal Status Flags
r-devel-linux-x86_64-debian-clang 3.0.1 0.83 21.46 22.29 NOTE
r-devel-linux-x86_64-debian-gcc 3.0.1 0.78 21.04 21.82 NOTE
r-devel-linux-x86_64-fedora-clang 3.0.1 41.67 NOTE
r-devel-linux-x86_64-fedora-gcc 3.0.1 40.31 NOTE
r-devel-osx-x86_64-clang 3.0.1 48.14 NOTE
r-prerel-windows-ix86+x86_64 3.0.1 3.00 34.00 37.00 NOTE
r-prerel-linux-x86_64 3.0.1 0.80 21.10 21.90 NOTE
r-prerel-solaris-sparc 3.0.1 269.10 NOTE
r-prerel-solaris-x86 3.0.1 51.60 NOTE
r-release-linux-x86_64 3.0.1 0.90 23.58 24.48 NOTE
r-release-osx-x86_64-mavericks 3.0.1 OK
r-release-osx-x86_64-snowleopard 3.0.1 NOTE
r-release-windows-ix86+x86_64 3.0.1 5.00 41.00 46.00 OK
r-oldrel-windows-ix86+x86_64 3.0.1 5.00 42.00 47.00 OK

Check Details

Version: 3.0.1
Check: DESCRIPTION meta-information
Result: NOTE
    Malformed Description field: should contain one or more complete sentences.
Flavors: r-devel-linux-x86_64-debian-clang, r-devel-linux-x86_64-debian-gcc, r-devel-linux-x86_64-fedora-clang, r-devel-linux-x86_64-fedora-gcc, r-devel-osx-x86_64-clang, r-prerel-windows-ix86+x86_64, r-prerel-linux-x86_64, r-prerel-solaris-sparc, r-prerel-solaris-x86

Version: 3.0.1
Check: Rd line widths
Result: NOTE
    Rd file 'TestStage.Rd':
     \examples lines wider than 100 characters:
     object1 <- OptimDes(B.init,m.init,alpha,beta,param,x,target="EDA",sf="futility",num.arm=1,num.stage=2)
     mda <- ifelse(l>1,B.init[l-1]+(B.init[l]-B.init[l-1])*(n-sum(m.init[1:(l-1)]))/m.init[l],B.init[l]*(n/m.init[l]))
    
    Rd file 'np.OptimDes.Rd':
     \examples lines wider than 100 characters:
     object14 <- np.OptimDes(B.init,m.init,alpha,beta,param,x,pt=1.1,target="ETSL",sf="futility",num.arm=1,num.stage=2)
    
    These lines will be truncated in the PDF manual.
Flavors: r-devel-linux-x86_64-debian-clang, r-devel-linux-x86_64-debian-gcc, r-devel-linux-x86_64-fedora-clang, r-devel-linux-x86_64-fedora-gcc, r-prerel-linux-x86_64, r-release-linux-x86_64

Version: 3.0.1
Check: re-building of vignette outputs
Result: NOTE
    Error in re-building vignettes:
     ...
    Loading required package: mvtnorm
    Loading required package: clinfun
    Error in texi2dvi(file = file, pdf = TRUE, clean = clean, quiet = quiet, :
     Running 'texi2dvi' on 'OptInterim.tex' failed.
    LaTeX errors:
    ! LaTeX Error: File `lastpage.sty' not found.
    
    Type X to quit or <RETURN> to proceed,
    or enter new name. (Default extension: sty)
    Calls: buildVignettes -> texi2pdf -> texi2dvi
    Execution halted
Flavor: r-release-osx-x86_64-snowleopard