CRAN Package Check Results for Package OptInterim

Last updated on 2015-05-03 16:46:41.

Flavor Version Tinstall Tcheck Ttotal Status Flags
r-devel-linux-x86_64-debian-clang 3.0.1 0.82 21.68 22.50 NOTE
r-devel-linux-x86_64-debian-gcc 3.0.1 0.79 20.75 21.54 NOTE
r-devel-linux-x86_64-fedora-clang 3.0.1 42.91 NOTE
r-devel-linux-x86_64-fedora-gcc 3.0.1 40.29 NOTE
r-devel-osx-x86_64-clang 3.0.1 43.75 NOTE
r-devel-windows-ix86+x86_64 3.0.1 3.00 33.00 36.00 NOTE
r-patched-linux-x86_64 3.0.1 0.80 20.95 21.74 NOTE
r-patched-solaris-sparc 3.0.1 269.10 NOTE
r-patched-solaris-x86 3.0.1 51.70 NOTE
r-release-linux-x86_64 3.0.1 0.78 21.40 22.17 NOTE
r-release-osx-x86_64-mavericks 3.0.1 NOTE
r-release-osx-x86_64-snowleopard 3.0.1 NOTE
r-release-windows-ix86+x86_64 3.0.1 2.00 40.00 42.00 NOTE
r-oldrel-windows-ix86+x86_64 3.0.1 5.00 41.00 46.00 OK

Check Details

Version: 3.0.1
Check: DESCRIPTION meta-information
Result: NOTE
    Malformed Description field: should contain one or more complete sentences.
Flavors: r-devel-linux-x86_64-debian-clang, r-devel-linux-x86_64-debian-gcc, r-devel-linux-x86_64-fedora-clang, r-devel-linux-x86_64-fedora-gcc, r-devel-osx-x86_64-clang, r-devel-windows-ix86+x86_64, r-patched-linux-x86_64, r-patched-solaris-sparc, r-patched-solaris-x86, r-release-linux-x86_64, r-release-osx-x86_64-mavericks, r-release-osx-x86_64-snowleopard, r-release-windows-ix86+x86_64

Version: 3.0.1
Check: Rd line widths
Result: NOTE
    Rd file 'TestStage.Rd':
     \examples lines wider than 100 characters:
     object1 <- OptimDes(B.init,m.init,alpha,beta,param,x,target="EDA",sf="futility",num.arm=1,num.stage=2)
     mda <- ifelse(l>1,B.init[l-1]+(B.init[l]-B.init[l-1])*(n-sum(m.init[1:(l-1)]))/m.init[l],B.init[l]*(n/m.init[l]))
    
    Rd file 'np.OptimDes.Rd':
     \examples lines wider than 100 characters:
     object14 <- np.OptimDes(B.init,m.init,alpha,beta,param,x,pt=1.1,target="ETSL",sf="futility",num.arm=1,num.stage=2)
    
    These lines will be truncated in the PDF manual.
Flavors: r-devel-linux-x86_64-debian-clang, r-devel-linux-x86_64-debian-gcc, r-devel-linux-x86_64-fedora-clang, r-devel-linux-x86_64-fedora-gcc, r-patched-linux-x86_64, r-release-linux-x86_64