CRAN Package Check Results for Package OptInterim

Last updated on 2014-08-23 06:48:38.

Flavor Version Tinstall Tcheck Ttotal Status Flags
r-devel-linux-x86_64-debian-clang 3.0.1 0.86 21.76 22.62 OK
r-devel-linux-x86_64-debian-gcc 3.0.1 0.87 21.42 22.29 OK
r-devel-linux-x86_64-fedora-clang 3.0.1 51.28 NOTE
r-devel-linux-x86_64-fedora-gcc 3.0.1 47.79 NOTE
r-devel-osx-x86_64-clang 3.0.1 46.40 OK
r-devel-windows-ix86+x86_64 3.0.1 3.00 35.00 38.00 OK
r-patched-linux-x86_64 3.0.1 0.83 21.44 22.27 OK
r-patched-solaris-sparc 3.0.1 268.30 OK
r-patched-solaris-x86 3.0.1 62.20 OK
r-release-linux-ix86 3.0.1 1.21 30.59 31.80 OK
r-release-linux-x86_64 3.0.1 0.88 22.12 23.00 OK
r-release-osx-x86_64-mavericks 3.0.1 NOTE
r-release-osx-x86_64-snowleopard 3.0.1 NOTE
r-release-windows-ix86+x86_64 3.0.1 4.00 37.00 41.00 OK
r-oldrel-windows-ix86+x86_64 3.0.1 5.00 38.00 43.00 OK

Check Details

Version: 3.0.1
Check: Rd line widths
Result: NOTE
    Rd file 'TestStage.Rd':
     \examples lines wider than 100 characters:
     object1 <- OptimDes(B.init,m.init,alpha,beta,param,x,target="EDA",sf="futility",num.arm=1,num.stage=2)
     mda <- ifelse(l>1,B.init[l-1]+(B.init[l]-B.init[l-1])*(n-sum(m.init[1:(l-1)]))/m.init[l],B.init[l]*(n/m.init[l]))
    
    Rd file 'np.OptimDes.Rd':
     \examples lines wider than 100 characters:
     object14 <- np.OptimDes(B.init,m.init,alpha,beta,param,x,pt=1.1,target="ETSL",sf="futility",num.arm=1,num.stage=2)
    
    These lines will be truncated in the PDF manual.
Flavors: r-devel-linux-x86_64-fedora-clang, r-devel-linux-x86_64-fedora-gcc

Version: 3.0.1
Check: re-building of vignette outputs
Result: NOTE
    Error in re-building vignettes:
     ...
    Loading required package: mvtnorm
    Loading required package: clinfun
    Error in texi2dvi(file = file, pdf = TRUE, clean = clean, quiet = quiet, :
     Running 'texi2dvi' on 'OptInterim.tex' failed.
    LaTeX errors:
    ! LaTeX Error: File `lastpage.sty' not found.
    
    Type X to quit or <RETURN> to proceed,
    or enter new name. (Default extension: sty)
    
    ign_test/OptInterim/vignettes/OptInterim.tex:17: ==> Fatal error occurred, no
    output PDF file produced!
    Calls: buildVignettes -> texi2pdf -> texi2dvi
    Execution halted
Flavor: r-release-osx-x86_64-mavericks

Version: 3.0.1
Check: re-building of vignette outputs
Result: NOTE
    Error in re-building vignettes:
     ...
    Loading required package: mvtnorm
    Loading required package: clinfun
    Error in texi2dvi(file = file, pdf = TRUE, clean = clean, quiet = quiet, :
     Running 'texi2dvi' on 'OptInterim.tex' failed.
    LaTeX errors:
    ! LaTeX Error: File `lastpage.sty' not found.
    
    Type X to quit or <RETURN> to proceed,
    or enter new name. (Default extension: sty)
    Calls: buildVignettes -> texi2pdf -> texi2dvi
    Execution halted
Flavor: r-release-osx-x86_64-snowleopard