CRAN Package Check Results for Package OptimalDesign

Last updated on 2021-12-07 11:52:06 CET.

Flavor Version Tinstall Tcheck Ttotal Status Flags
r-devel-linux-x86_64-debian-clang 1.0.1 10.68 70.73 81.41 NOTE
r-devel-linux-x86_64-debian-gcc 1.0.1 9.65 53.47 63.12 NOTE
r-devel-linux-x86_64-fedora-clang 1.0.1 98.86 NOTE
r-devel-linux-x86_64-fedora-gcc 1.0.1 86.23 NOTE
r-devel-windows-x86_64-new-UL 1.0.1 21.00 90.00 111.00 NOTE
r-devel-windows-x86_64-new-TK 1.0.1 NOTE
r-devel-windows-x86_64-old 1.0.1 16.00 82.00 98.00 NOTE
r-patched-linux-x86_64 1.0.1 10.72 68.45 79.17 NOTE
r-release-linux-x86_64 1.0.1 10.80 68.91 79.71 NOTE
r-release-macos-arm64 1.0.1 NOTE
r-release-macos-x86_64 1.0.1 NOTE
r-release-windows-ix86+x86_64 1.0.1 12.00 77.00 89.00 NOTE
r-oldrel-macos-x86_64 1.0.1 NOTE
r-oldrel-windows-ix86+x86_64 1.0.1 18.00 78.00 96.00 NOTE

Check Details

Version: 1.0.1
Check: package dependencies
Result: NOTE
    Package which this enhances but not available for checking: 'gurobi'
Flavors: r-devel-linux-x86_64-debian-clang, r-devel-linux-x86_64-debian-gcc, r-devel-linux-x86_64-fedora-clang, r-devel-linux-x86_64-fedora-gcc, r-devel-windows-x86_64-new-UL, r-devel-windows-x86_64-new-TK, r-devel-windows-x86_64-old, r-patched-linux-x86_64, r-release-linux-x86_64, r-release-macos-arm64, r-release-macos-x86_64, r-release-windows-ix86+x86_64, r-oldrel-macos-x86_64, r-oldrel-windows-ix86+x86_64

Version: 1.0.1
Check: LazyData
Result: NOTE
     'LazyData' is specified without a 'data' directory
Flavors: r-devel-linux-x86_64-debian-clang, r-devel-linux-x86_64-debian-gcc, r-devel-linux-x86_64-fedora-clang, r-devel-linux-x86_64-fedora-gcc, r-devel-windows-x86_64-new-UL, r-devel-windows-x86_64-new-TK, r-devel-windows-x86_64-old, r-patched-linux-x86_64, r-release-linux-x86_64, r-release-macos-arm64, r-release-macos-x86_64, r-release-windows-ix86+x86_64