CRAN Package Check Results for Package Orcs

Last updated on 2020-02-28 16:48:22 CET.

Flavor Version Tinstall Tcheck Ttotal Status Flags
r-devel-linux-x86_64-debian-clang 1.2.0 35.11 121.40 156.51 ERROR
r-devel-linux-x86_64-debian-gcc 1.2.0 26.73 95.56 122.29 ERROR
r-devel-linux-x86_64-fedora-clang 1.2.0 199.68 OK
r-devel-linux-x86_64-fedora-gcc 1.2.0 192.17 OK
r-devel-windows-ix86+x86_64 1.2.0 63.00 171.00 234.00 OK
r-devel-windows-ix86+x86_64-gcc8 1.2.0 74.00 185.00 259.00 OK
r-patched-linux-x86_64 1.2.0 29.15 106.67 135.82 OK
r-patched-solaris-x86 1.2.0 261.40 OK
r-release-linux-x86_64 1.2.0 27.02 106.96 133.98 OK
r-release-windows-ix86+x86_64 1.2.0 63.00 260.00 323.00 OK
r-release-osx-x86_64 1.2.0 OK
r-oldrel-windows-ix86+x86_64 1.2.0 48.00 150.00 198.00 OK
r-oldrel-osx-x86_64 1.2.0 OK

Check Details

Version: 1.2.0
Check: tests
Result: ERROR
     Running 'testthat.R' [5s/5s]
    Running the tests in 'tests/testthat.R' failed.
    Complete output:
     > library(testthat)
     > library(Orcs)
     Loading required package: raster
     Loading required package: sp
     >
     > test_check("Orcs")
     -- 1. Failure: nonexisting text file is created (@test-ifMissing.R#35) --------
     `dat` not equal to `iris`.
     Component "Species": Modes: character, numeric
     Component "Species": Attributes: < target is NULL, current is list >
     Component "Species": target is character, current is factor
    
     -- 2. Failure: nonexisting text file is created (@test-ifMissing.R#45) --------
     `dat` not equal to `iris`.
     Component "Species": Modes: character, numeric
     Component "Species": Attributes: < target is NULL, current is list >
     Component "Species": target is character, current is factor
    
     == testthat results ===========================================================
     [ OK: 5 | SKIPPED: 0 | WARNINGS: 0 | FAILED: 2 ]
     1. Failure: nonexisting text file is created (@test-ifMissing.R#35)
     2. Failure: nonexisting text file is created (@test-ifMissing.R#45)
    
     Error: testthat unit tests failed
     Execution halted
Flavor: r-devel-linux-x86_64-debian-clang

Version: 1.2.0
Check: tests
Result: ERROR
     Running ‘testthat.R’ [4s/6s]
    Running the tests in ‘tests/testthat.R’ failed.
    Complete output:
     > library(testthat)
     > library(Orcs)
     Loading required package: raster
     Loading required package: sp
     >
     > test_check("Orcs")
     ── 1. Failure: nonexisting text file is created (@test-ifMissing.R#35) ────────
     `dat` not equal to `iris`.
     Component "Species": Modes: character, numeric
     Component "Species": Attributes: < target is NULL, current is list >
     Component "Species": target is character, current is factor
    
     ── 2. Failure: nonexisting text file is created (@test-ifMissing.R#45) ────────
     `dat` not equal to `iris`.
     Component "Species": Modes: character, numeric
     Component "Species": Attributes: < target is NULL, current is list >
     Component "Species": target is character, current is factor
    
     ══ testthat results ═══════════════════════════════════════════════════════════
     [ OK: 5 | SKIPPED: 0 | WARNINGS: 0 | FAILED: 2 ]
     1. Failure: nonexisting text file is created (@test-ifMissing.R#35)
     2. Failure: nonexisting text file is created (@test-ifMissing.R#45)
    
     Error: testthat unit tests failed
     Execution halted
Flavor: r-devel-linux-x86_64-debian-gcc